{"id":9394,"date":"2018-05-13T12:00:46","date_gmt":"2018-05-13T12:00:46","guid":{"rendered":"http:\/\/meijenfeldt.nl\/?page_id=9394"},"modified":"2025-03-11T16:45:00","modified_gmt":"2025-03-11T16:45:00","slug":"1-3-3-op-weg-naar-saksen","status":"publish","type":"page","link":"https:\/\/meijenfeldt.nl\/?page_id=9394","title":{"rendered":"1.4.8. Saksen bezet"},"content":{"rendered":"<p style=\"text-align: center;\"><img loading=\"lazy\" decoding=\"async\" class=\"alignnone wp-image-52008\" src=\"https:\/\/meijenfeldt.nl\/wp-content\/uploads\/2022\/11\/Karel-XII-1706-237x300.jpg\" alt=\"\" width=\"347\" height=\"439\" srcset=\"https:\/\/meijenfeldt.nl\/wp-content\/uploads\/2022\/11\/Karel-XII-1706-237x300.jpg 237w, https:\/\/meijenfeldt.nl\/wp-content\/uploads\/2022\/11\/Karel-XII-1706-810x1024.jpg 810w, https:\/\/meijenfeldt.nl\/wp-content\/uploads\/2022\/11\/Karel-XII-1706-768x970.jpg 768w, https:\/\/meijenfeldt.nl\/wp-content\/uploads\/2022\/11\/Karel-XII-1706-1216x1536.jpg 1216w, https:\/\/meijenfeldt.nl\/wp-content\/uploads\/2022\/11\/Karel-XII-1706.jpg 1583w\" sizes=\"auto, (max-width: 347px) 100vw, 347px\" \/><br \/>\n<em><span style=\"color: #000000; font-size: 10pt;\">Koning Karel XII van Zweden<br \/>\nArtiest: <\/span><\/em><span style=\"color: #000000; font-size: 10pt;\">Johan David Swartz (1678-1729)<br \/>\n<\/span><em><span style=\"color: #000000; font-size: 10pt;\">Plaats: <\/span><\/em><span style=\"color: #000000; font-size: 10pt;\">NationalMuseum NMGrh 4297<\/span><\/p>\n<p style=\"text-align: justify;\"><span style=\"color: #000000;\">Johann August von Meijerfeldt is in juni 1706 klaar met zijn missie in Brest aan de grens met Litouwen en wendt de steven terug naar de hoofdmacht van het Zweedse leger in Polen. Koning Karel XII denkt net als eerder in Narva dat door de vrijwel afwezige tegenstand van de Russen Peter de Grote zijn aandacht niet waard is. Voor de Saksische keurvorst August\u00a0 geldt dat daarentegen wel; hij is helemaal terug in Polen. De Zweedse koning neemt het heimelijke besluit het problem met wortel en tak uit te roeien en zijn Saksische rivaal in eigen land tot overgave te dwingen.<\/span><\/p>\n<p style=\"text-align: justify;\"><span style=\"color: #000000;\">Johann August gaat onderweg van Brest en neemt de weg naar Lukow in de provincie Lublin. Hij repareert de brug over de Weichsel en stekt de rivier met vier regimenten (4000 man) over. Onderweg is er een hevige tegenslag. Een kapitein gaat uit fourageren en wordt omsingeld door duizenden vijandige Polen. De kapitein en zijn 60 dragonders overleven het niet. <span style=\"color: #0000ff;\"><a style=\"color: #0000ff;\" href=\"#voetnoot\">(1)<\/a><\/span><\/span><\/p>\n<p style=\"text-align: justify;\"><span style=\"color: #000000;\">Net terug in het hoofdkwartier in Radom begeeft Johann August zich met de koning, prins Max en nog vijf man op weg om zich te verenigen met veldmaarschalk Rehnski\u00f6ld, 100 kilometer verderop in Pionteck. Op 25 juli 23:00 uur verlaat het groepje in stilte de stad. Nog maar net buiten Radom komen zij in een groep van 300 vijandelijke Polen terecht. De Polen krijgt te laat door dat het om een Zweeds gezelschap gaat en durft na een tijdje de achtervolging niet door te zetten. De koning valt in het donker van zijn paard en raakt zijn groepje kwijt. Alleen Johann August en prins Max slagen er in de weg naar Radom terug te vinden. Daar wordt groot alarm geslagen. Weldra rukt een grote troepenmacht uit op zoek naar de koning. Doodgemoederd arriveert Karel XII alleen in Radom, met de mededeling dat hij de weg is kwijtgeraakt. Hij gaat onmiddellijk achter de 200 man aan die hem zijn gaan zoeken en rijdt met hen alsnog naar Rehnski\u00f6ld, waar hij de troepen inspecteert. <span style=\"color: #0000ff;\"><a style=\"color: #0000ff;\" href=\"#voetnoot\">(2)<\/a><\/span><br \/>\n<\/span><\/p>\n<p style=\"text-align: justify;\"><span style=\"color: #000000;\">Op 2 september 1706 passeert generaal Von Meijerfeldt met een uitgedund regiment van 650 dragonders in het Zweedse leger de rivier de Oder. De 17de krijgt hij opdracht van de koning om zich van de hoofdmacht los te maken en met enige regimenten landinwaarts naar de hoofdstad Dresden te gaan. Hij is al voorbij de stad de rivier de Elbe overgestoken naar Pirna en het slot Sonnenstein, als hij op 11 september bevel krijgt alsnog Dresden in te sluiten. Intussen is de koning met de hoofdmacht naar Leipzig gegaan en richt Altranst\u00e4dt als hoofdkwartier in. De Saksische regering verhindert de inval niet en sluit een vredesakkoord, waarin ondermeer wordt overeengekomen dat Augustus definitief afstand doet van zijn Poolse kroon en met tsaar Peter breekt. <\/span><\/p>\n<p style=\"text-align: justify;\"><span style=\"color: #000000;\">Johann August krijgt op 26 november toestemming zijn regiment met 200 man uit te breiden. Het wordt ingekwartierd in Leipzig. In die stad woont hij zelf bij Frau Conradin aan de Thomas G\u00e4\u00dflein. Zoals eerder stelt hij een lijst van door Leip<span style=\"-webkit-tap-highlight-color: rgba(0, 0, 0, 0);\">zig op te brengen\u00a0<\/span>dagelijkse levensmiddelen voor zijn regiment op. <span style=\"color: #0000ff;\"><a style=\"color: #0000ff;\" href=\"#voetnoot\">(3)<\/a><\/span><\/span><\/p>\n<p style=\"text-align: center;\"><img loading=\"lazy\" decoding=\"async\" class=\" wp-image-560 aligncenter\" src=\"https:\/\/meijenfeldt.nl\/wp-content\/uploads\/2016\/10\/image-175x300.jpeg\" alt=\"\" width=\"329\" height=\"564\" srcset=\"https:\/\/meijenfeldt.nl\/wp-content\/uploads\/2016\/10\/image-175x300.jpeg 175w, https:\/\/meijenfeldt.nl\/wp-content\/uploads\/2016\/10\/image.jpeg 286w\" sizes=\"auto, (max-width: 329px) 100vw, 329px\" \/><em><span style=\"color: #000000; font-size: 10pt;\">Koning Augustus II de Sterke van Saksen<\/span><\/em><\/p>\n<p style=\"text-align: justify;\"><span style=\"color: #000000;\">Keurvorst August bevindt zich op dat moment met een Russisch leger onder generaal Mensjikov in Polen. Daar krijgt hij te horen van het vredesakkoord. Hij durft de Moskovieten niet op de hoogte te stellen, maar komt in een benarde positie als die op een slag met het Zweedse bezettingsleger in Polen aansturen. De keurvorst probeert in het geheim de Zweedse aanvoerder Mardefeldt (<span style=\"color: #0000ff;\"><a style=\"color: #0000ff;\" href=\"https:\/\/meijenfeldt.nl\/?page_id=3059\">niet Meijerfeldt<\/a><\/span>) tot een vlucht aan te sporen, maar deze denkt dat het een list is. Nota bene tegen de wens van het Saksische onderdeel in slaagt de Noordse alliantie er voor het eerst in een grote nederlaag aan Zweden toe te brengen.\u00a0<\/span><\/p>\n<p style=\"text-align: justify;\"><span style=\"color: #000000;\">De Saksische koning haast zich nu het vredesakkoord met Karel XII uit te voeren. Een van de Zweedse voorwaarden is alle geallieerde gevangenen vrij te laten. Ter uitvoering daarvan gaat Johann August Dresden binnen, om de ontvoerde Poolse troonpretendenten Sobieski in ontvangst te nemen. Voor die tijd is het ook heel belangrijk dat hij op 22 december 13 vlaggen en 2 pauken terugkrijgt. Een andere vredesvoorwaarde is de uitlevering van Zweedse overlopers, uiteraard in het bijzonder Patkul. August was zo onverstandig geweest hem in 1705 naar aanleiding van een onrechtvaardige aanklacht gevangen te zetten en had \u2013 ondanks sterke internationale protesten \u2013 steeds gedraald hem vrij te laten. Nu draalt August opnieuw, deze keer om hem uit te leveren, maar eindelijk <\/span><span style=\"color: #000000;\">wordt Patkul uit K\u00f6nigstein <\/span><span style=\"color: #000000;\">op 28 maart 1707 <\/span><span style=\"color: #000000;\">uitgeleverd. Johann August voert hem naar zijn regiment in Dippoldiswalde, ketent hem met dikke ijzeren kettingen liggend op een kanon of paal aan handen en voeten, maar past verder geen straffen toe. &#8220;<em>Man hat angemerket, dass der Generalfeldwachtmeister Johann August Meyerfeld, dieser vortreffliche und gepreisene nachherige Generalgouverneur in Pommern und R\u00fcgen, welche seine Untergebene nicht nur bey seinem Leben, sondern aug nach seinem Tode, als Ihren Vater mit Recht betrachtet haben.<\/em>&#8221; <span style=\"color: #0000ff;\"><a style=\"color: #0000ff;\" href=\"#voetnoot\">(4)<\/a><\/span><a id=\"voetnoot\"><\/a><br \/>\n<\/span><\/p>\n<p style=\"text-align: center;\"><span style=\"font-size: 10pt; color: #000000;\"><span style=\"color: #0000ff;\"><a style=\"color: #0000ff;\" href=\"https:\/\/meijenfeldt.nl\/?page_id=134\">Terug<\/a><\/span>\u00a0 \u00a0***\u00a0 \u00a0<span style=\"color: #0000ff;\"><a style=\"color: #0000ff;\" href=\"https:\/\/meijenfeldt.nl\/?page_id=137\">Verder<\/a><\/span><\/span><\/p>\n<p style=\"text-align: justify;\"><span style=\"color: #000000; font-size: 10pt;\">1. G. Adlerfeld,\u00a0<\/span><span style=\"color: #000000; font-size: 13.3333px;\">&#8220;Histoire Militaire de Charles XII, Roi de Su\u00e8de&#8221;, Amsterdam 1740, deel 2,<\/span><span style=\"color: #000000; font-size: 13.3333px;\">\u00a0<\/span><span style=\"font-size: 10pt;\"><span style=\"color: #0000ff;\"><a style=\"color: #0000ff;\" href=\"https:\/\/meijenfeldt.nl\/?page_id=21276\">pag. 619<\/a><\/span><span style=\"color: #000000;\">. J. Cederhielm, <\/span><span style=\"color: #000000;\">\u201cBref\u201d, Karolinska Krigares Dagb\u00f6cker j\u00e4mte andra samtidiga skrifter, deel 8, Lund 1913,<\/span><span style=\"color: #0000ff;\"> <a style=\"color: #0000ff;\" href=\"http:\/\/runeberg.org\/karolikrig\/8\/0272.html\">pag. 219<\/a><\/span><span style=\"color: #000000;\">.<br \/>\n<\/span><span style=\"color: #000000;\">2. P.K. S\u00f6rensson,<span style=\"color: #008000;\">\u00a0<\/span> \u201cUr General Meijerfelts dagboksanteckningar. Ett Karl XII:s \u00e4ventyr i Polen 1706\u2033, Stockholm 1919, <\/span><\/span><span style=\"font-size: 10pt;\"><span style=\"color: #000000;\"><span style=\"color: #008000;\"><span style=\"color: #0000ff;\"><a style=\"color: #0000ff;\" href=\"https:\/\/meijenfeldt.nl\/wp-content\/uploads\/2020\/09\/Sorensson.pdf\">pag. 8-11<\/a><\/span>.<br \/>\n<\/span><\/span><\/span><span style=\"font-size: 10pt;\"><span style=\"color: #000000;\">3. &#8220;Vom Herrn General Meyerfeld <\/span><span style=\"color: #000000;\">am Erb-Geb\u00fcrgischen Kreis&#8221;, Leipzig November 1706, in &#8220;Manifeste, Patente, und andere Verordnungen, So Wegen des K\u00f6niglichen Schwedischen Einfalls in das Churf\u00fcrstenthum Sachsen (&#8230;)&#8221;, Erfurt 1706, <\/span><span style=\"color: #0000ff;\"><a style=\"color: #0000ff;\" href=\"file:\/\/\/C:\/Users\/hugov\/Downloads\/Manifeste%20Patente%20und%20andere%20Verordnungen%20So%20Wegen%20des%20K%C3%B6niglichen%20Schwedischen.pdf\">pag. 54<\/a><\/span><span style=\"color: #000000;\">.<br \/>\n4. F.K. Gadebusch, <\/span><\/span><span style=\"font-size: 10pt;\"><span style=\"color: #000000;\">\u201cLivl\u00e4ndische Jahrb\u00fccher\u201d, Riga 1780-1783,<\/span><\/span><span style=\"font-size: 10pt;\"><span style=\"color: #000000;\"> <span style=\"color: #0000ff;\"><a style=\"color: #0000ff;\" href=\"https:\/\/meijenfeldt.nl\/?page_id=27359\">pag. 34-36<\/a>.<\/span><\/span><\/span><\/p>\n","protected":false},"excerpt":{"rendered":"<p>Koning Karel XII van Zweden Artiest: Johan David Swartz (1678-1729) Plaats: NationalMuseum NMGrh 4297 Johann August von Meijerfeldt is in juni 1706 klaar met zijn missie in Brest aan de grens met Litouwen en wendt de steven terug naar de hoofdmacht van het Zweedse leger in Polen. Koning Karel XII denkt net als eerder in &hellip; <a href=\"https:\/\/meijenfeldt.nl\/?page_id=9394\" class=\"more-link\">Verder lezen <span class=\"screen-reader-text\">1.4.8. Saksen bezet<\/span><\/a><\/p>\n","protected":false},"author":1,"featured_media":0,"parent":0,"menu_order":0,"comment_status":"closed","ping_status":"closed","template":"","meta":{"footnotes":""},"class_list":["post-9394","page","type-page","status-publish","hentry"],"_links":{"self":[{"href":"https:\/\/meijenfeldt.nl\/index.php?rest_route=\/wp\/v2\/pages\/9394","targetHints":{"allow":["GET"]}}],"collection":[{"href":"https:\/\/meijenfeldt.nl\/index.php?rest_route=\/wp\/v2\/pages"}],"about":[{"href":"https:\/\/meijenfeldt.nl\/index.php?rest_route=\/wp\/v2\/types\/page"}],"author":[{"embeddable":true,"href":"https:\/\/meijenfeldt.nl\/index.php?rest_route=\/wp\/v2\/users\/1"}],"replies":[{"embeddable":true,"href":"https:\/\/meijenfeldt.nl\/index.php?rest_route=%2Fwp%2Fv2%2Fcomments&post=9394"}],"version-history":[{"count":55,"href":"https:\/\/meijenfeldt.nl\/index.php?rest_route=\/wp\/v2\/pages\/9394\/revisions"}],"predecessor-version":[{"id":71551,"href":"https:\/\/meijenfeldt.nl\/index.php?rest_route=\/wp\/v2\/pages\/9394\/revisions\/71551"}],"wp:attachment":[{"href":"https:\/\/meijenfeldt.nl\/index.php?rest_route=%2Fwp%2Fv2%2Fmedia&parent=9394"}],"curies":[{"name":"wp","href":"https:\/\/api.w.org\/{rel}","templated":true}]}}

<p style="text-align: center;"><img loading="lazy" decoding="async" class="alignnone wp-image-52008" src="https://meijenfeldt.nl/wp-content/uploads/2022/11/Karel-XII-1706-237x300.jpg" alt="" width="347" height="439" srcset="https://meijenfeldt.nl/wp-content/uploads/2022/11/Karel-XII-1706-237x300.jpg 237w, https://meijenfeldt.nl/wp-content/uploads/2022/11/Karel-XII-1706-810x1024.jpg 810w, https://meijenfeldt.nl/wp-content/uploads/2022/11/Karel-XII-1706-768x970.jpg 768w, https://meijenfeldt.nl/wp-content/uploads/2022/11/Karel-XII-1706-1216x1536.jpg 1216w, https://meijenfeldt.nl/wp-content/uploads/2022/11/Karel-XII-1706.jpg 1583w" sizes="auto, (max-width: 347px) 100vw, 347px" /><br />
<em><span style="color: #000000; font-size: 10pt;">Koning Karel XII van Zweden<br />
Artiest: </span></em><span style="color: #000000; font-size: 10pt;">Johan David Swartz (1678-1729)<br />
</span><em><span style="color: #000000; font-size: 10pt;">Plaats: </span></em><span style="color: #000000; font-size: 10pt;">NationalMuseum NMGrh 4297</span></p>
<p style="text-align: justify;"><span style="color: #000000;">Johann August von Meijerfeldt is in juni 1706 klaar met zijn missie in Brest aan de grens met Litouwen en wendt de steven terug naar de hoofdmacht van het Zweedse leger in Polen. Koning Karel XII denkt net als eerder in Narva dat door de vrijwel afwezige tegenstand van de Russen Peter de Grote zijn aandacht niet waard is. Voor de Saksische keurvorst August  geldt dat daarentegen wel; hij is helemaal terug in Polen. De Zweedse koning neemt het heimelijke besluit het problem met wortel en tak uit te roeien en zijn Saksische rivaal in eigen land tot overgave te dwingen.</span></p>
<p style="text-align: justify;"><span style="color: #000000;">Johann August gaat onderweg van Brest en neemt de weg naar Lukow in de provincie Lublin. Hij repareert de brug over de Weichsel en stekt de rivier met vier regimenten (4000 man) over. Onderweg is er een hevige tegenslag. Een kapitein gaat uit fourageren en wordt omsingeld door duizenden vijandige Polen. De kapitein en zijn 60 dragonders overleven het niet. <span style="color: #0000ff;"><a style="color: #0000ff;" href="#voetnoot">(1)</a></span></span></p>
<p style="text-align: justify;"><span style="color: #000000;">Net terug in het hoofdkwartier in Radom begeeft Johann August zich met de koning, prins Max en nog vijf man op weg om zich te verenigen met veldmaarschalk Rehnskiöld, 100 kilometer verderop in Pionteck. Op 25 juli 23:00 uur verlaat het groepje in stilte de stad. Nog maar net buiten Radom komen zij in een groep van 300 vijandelijke Polen terecht. De Polen krijgt te laat door dat het om een Zweeds gezelschap gaat en durft na een tijdje de achtervolging niet door te zetten. De koning valt in het donker van zijn paard en raakt zijn groepje kwijt. Alleen Johann August en prins Max slagen er in de weg naar Radom terug te vinden. Daar wordt groot alarm geslagen. Weldra rukt een grote troepenmacht uit op zoek naar de koning. Doodgemoederd arriveert Karel XII alleen in Radom, met de mededeling dat hij de weg is kwijtgeraakt. Hij gaat onmiddellijk achter de 200 man aan die hem zijn gaan zoeken en rijdt met hen alsnog naar Rehnskiöld, waar hij de troepen inspecteert. <span style="color: #0000ff;"><a style="color: #0000ff;" href="#voetnoot">(2)</a></span><br />
</span></p>
<p style="text-align: justify;"><span style="color: #000000;">Op 2 september 1706 passeert generaal Von Meijerfeldt met een uitgedund regiment van 650 dragonders in het Zweedse leger de rivier de Oder. De 17de krijgt hij opdracht van de koning om zich van de hoofdmacht los te maken en met enige regimenten landinwaarts naar de hoofdstad Dresden te gaan. Hij is al voorbij de stad de rivier de Elbe overgestoken naar Pirna en het slot Sonnenstein, als hij op 11 september bevel krijgt alsnog Dresden in te sluiten. Intussen is de koning met de hoofdmacht naar Leipzig gegaan en richt Altranstädt als hoofdkwartier in. De Saksische regering verhindert de inval niet en sluit een vredesakkoord, waarin ondermeer wordt overeengekomen dat Augustus definitief afstand doet van zijn Poolse kroon en met tsaar Peter breekt. </span></p>
<p style="text-align: justify;"><span style="color: #000000;">Johann August krijgt op 26 november toestemming zijn regiment met 200 man uit te breiden. Het wordt ingekwartierd in Leipzig. In die stad woont hij zelf bij Frau Conradin aan de Thomas Gäßlein. Zoals eerder stelt hij een lijst van door Leip<span style="-webkit-tap-highlight-color: rgba(0, 0, 0, 0);">zig op te brengen </span>dagelijkse levensmiddelen voor zijn regiment op. <span style="color: #0000ff;"><a style="color: #0000ff;" href="#voetnoot">(3)</a></span></span></p>
<p style="text-align: center;"><img loading="lazy" decoding="async" class=" wp-image-560 aligncenter" src="https://meijenfeldt.nl/wp-content/uploads/2016/10/image-175x300.jpeg" alt="" width="329" height="564" srcset="https://meijenfeldt.nl/wp-content/uploads/2016/10/image-175x300.jpeg 175w, https://meijenfeldt.nl/wp-content/uploads/2016/10/image.jpeg 286w" sizes="auto, (max-width: 329px) 100vw, 329px" /><em><span style="color: #000000; font-size: 10pt;">Koning Augustus II de Sterke van Saksen</span></em></p>
<p style="text-align: justify;"><span style="color: #000000;">Keurvorst August bevindt zich op dat moment met een Russisch leger onder generaal Mensjikov in Polen. Daar krijgt hij te horen van het vredesakkoord. Hij durft de Moskovieten niet op de hoogte te stellen, maar komt in een benarde positie als die op een slag met het Zweedse bezettingsleger in Polen aansturen. De keurvorst probeert in het geheim de Zweedse aanvoerder Mardefeldt (<span style="color: #0000ff;"><a style="color: #0000ff;" href="https://meijenfeldt.nl/?page_id=3059">niet Meijerfeldt</a></span>) tot een vlucht aan te sporen, maar deze denkt dat het een list is. Nota bene tegen de wens van het Saksische onderdeel in slaagt de Noordse alliantie er voor het eerst in een grote nederlaag aan Zweden toe te brengen. </span></p>
<p style="text-align: justify;"><span style="color: #000000;">De Saksische koning haast zich nu het vredesakkoord met Karel XII uit te voeren. Een van de Zweedse voorwaarden is alle geallieerde gevangenen vrij te laten. Ter uitvoering daarvan gaat Johann August Dresden binnen, om de ontvoerde Poolse troonpretendenten Sobieski in ontvangst te nemen. Voor die tijd is het ook heel belangrijk dat hij op 22 december 13 vlaggen en 2 pauken terugkrijgt. Een andere vredesvoorwaarde is de uitlevering van Zweedse overlopers, uiteraard in het bijzonder Patkul. August was zo onverstandig geweest hem in 1705 naar aanleiding van een onrechtvaardige aanklacht gevangen te zetten en had – ondanks sterke internationale protesten – steeds gedraald hem vrij te laten. Nu draalt August opnieuw, deze keer om hem uit te leveren, maar eindelijk </span><span style="color: #000000;">wordt Patkul uit Königstein </span><span style="color: #000000;">op 28 maart 1707 </span><span style="color: #000000;">uitgeleverd. Johann August voert hem naar zijn regiment in Dippoldiswalde, ketent hem met dikke ijzeren kettingen liggend op een kanon of paal aan handen en voeten, maar past verder geen straffen toe. &#8220;<em>Man hat angemerket, dass der Generalfeldwachtmeister Johann August Meyerfeld, dieser vortreffliche und gepreisene nachherige Generalgouverneur in Pommern und Rügen, welche seine Untergebene nicht nur bey seinem Leben, sondern aug nach seinem Tode, als Ihren Vater mit Recht betrachtet haben.</em>&#8221; <span style="color: #0000ff;"><a style="color: #0000ff;" href="#voetnoot">(4)</a></span><a id="voetnoot"></a><br />
</span></p>
<p style="text-align: center;"><span style="font-size: 10pt; color: #000000;"><span style="color: #0000ff;"><a style="color: #0000ff;" href="https://meijenfeldt.nl/?page_id=134">Terug</a></span>   ***   <span style="color: #0000ff;"><a style="color: #0000ff;" href="https://meijenfeldt.nl/?page_id=137">Verder</a></span></span></p>
<p style="text-align: justify;"><span style="color: #000000; font-size: 10pt;">1. G. Adlerfeld, </span><span style="color: #000000; font-size: 13.3333px;">&#8220;Histoire Militaire de Charles XII, Roi de Suède&#8221;, Amsterdam 1740, deel 2,</span><span style="color: #000000; font-size: 13.3333px;"> </span><span style="font-size: 10pt;"><span style="color: #0000ff;"><a style="color: #0000ff;" href="https://meijenfeldt.nl/?page_id=21276">pag. 619</a></span><span style="color: #000000;">. J. Cederhielm, </span><span style="color: #000000;">“Bref”, Karolinska Krigares Dagböcker jämte andra samtidiga skrifter, deel 8, Lund 1913,</span><span style="color: #0000ff;"> <a style="color: #0000ff;" href="http://runeberg.org/karolikrig/8/0272.html">pag. 219</a></span><span style="color: #000000;">.<br />
</span><span style="color: #000000;">2. P.K. Sörensson,<span style="color: #008000;"> </span> “Ur General Meijerfelts dagboksanteckningar. Ett Karl XII:s äventyr i Polen 1706″, Stockholm 1919, </span></span><span style="font-size: 10pt;"><span style="color: #000000;"><span style="color: #008000;"><span style="color: #0000ff;"><a style="color: #0000ff;" href="https://meijenfeldt.nl/wp-content/uploads/2020/09/Sorensson.pdf">pag. 8-11</a></span>.<br />
</span></span></span><span style="font-size: 10pt;"><span style="color: #000000;">3. &#8220;Vom Herrn General Meyerfeld </span><span style="color: #000000;">am Erb-Gebürgischen Kreis&#8221;, Leipzig November 1706, in &#8220;Manifeste, Patente, und andere Verordnungen, So Wegen des Königlichen Schwedischen Einfalls in das Churfürstenthum Sachsen (&#8230;)&#8221;, Erfurt 1706, </span><span style="color: #0000ff;"><a style="color: #0000ff;" href="file:///C:/Users/hugov/Downloads/Manifeste%20Patente%20und%20andere%20Verordnungen%20So%20Wegen%20des%20K%C3%B6niglichen%20Schwedischen.pdf">pag. 54</a></span><span style="color: #000000;">.<br />
4. F.K. Gadebusch, </span></span><span style="font-size: 10pt;"><span style="color: #000000;">“Livländische Jahrbücher”, Riga 1780-1783,</span></span><span style="font-size: 10pt;"><span style="color: #000000;"> <span style="color: #0000ff;"><a style="color: #0000ff;" href="https://meijenfeldt.nl/?page_id=27359">pag. 34-36</a>.</span></span></span></p>
