{"id":80827,"date":"2026-05-05T13:25:29","date_gmt":"2026-05-05T13:25:29","guid":{"rendered":"https:\/\/meijenfeldt.nl\/?page_id=80827"},"modified":"2026-05-05T15:06:14","modified_gmt":"2026-05-05T15:06:14","slug":"2-7-5-zijtak-v-vlissingen","status":"publish","type":"page","link":"https:\/\/meijenfeldt.nl\/?page_id=80827","title":{"rendered":"Nh.42. Koopman"},"content":{"rendered":"<p style=\"text-align: center;\"><strong><span style=\"color: #000000;\"><span style=\"color: #0000ff;\"><a style=\"color: #0000ff;\" href=\"https:\/\/meijenfeldt.nl\/?page_id=48601\">Frederik Hendrik<\/a><\/span> (1922-2002)<\/span><\/strong><\/p>\n<p style=\"text-align: justify;\"><span style=\"color: #000000;\">De tweede zoon in het gezin Scholte is in Amsterdam geboren op\u00a0<\/span><span style=\"color: #000000;\">14 juli 1922<\/span><span style=\"color: #000000;\">\u00a0met dezelfde naam als zijn vader. Frits doet op 23 februari 1940<\/span><span style=\"color: #000000;\"> v<\/span><span style=\"color: #000000;\">lak v\u00f3\u00f3r de Duitse inval aangifte bij het politiebureau Leidseplein van de diefstal <\/span><span style=\"color: #000000;\">v\u00f3\u00f3r zijn ouderlijk huis aan het Bachplein <\/span><span style=\"color: #000000;\">van zijn Fongers fiets ter waarde van 20 gulden.<\/span> <span style=\"color: #0000ff;\"><a style=\"color: #0000ff;\" href=\"#voetnoot\">(1)<\/a><\/span><\/p>\n<p style=\"text-align: justify;\"><span style=\"color: #000000;\">Als koopman voor Borsumij vertrekt hij in 1945 naar Nederlands-Indi\u00eb. In 1952 werkt en woont hij in Hong-Kong als belegger. <\/span><span style=\"color: #000000;\">In Aarle-Rixtel huwt Frits op 25 juli 1953 Anna Pauline Louise (Anneke) Fentener van Vlissingen. Het Algemeen Dagblad meldt dat drie ruiters een schetterende fanfare blazen op hun verzilverde trompetten. Vanaf het familielandhuis in Aarle-Rixtel stappen zij in hun koets om in een stoet van ponywagens en landauers naar het raadshuis te trekken voor de huwelijksvoltrekking. De bruid is gekleed in een japon van Brusselse kant met tulen sluier. Broer Hermann Alexander is bruidsjonker.\u00a0<\/span><span style=\"color: #000000;\">Anneke is in Aarle-Rixtel geboren op 5 februari 1930 geboren als dochter van Henri Louis Fentener van Vlissingen (1892-1962) en Pauline Ankersmit (1901-1971). Zij komt uit de Helmondse tak van deze industri\u00eble familie, die onder de naam P.F. van Vlissingen &amp; Co (later Vlisco) imitatiebatik voor Nederlands-Indi\u00eb en West-Afrika produceert. Zij woont met haar ouders en oudere broers in het landhuis aan de Aarle-Rixtelseweg.<br \/>\n<\/span><\/p>\n<p><img loading=\"lazy\" decoding=\"async\" class=\"wp-image-8768 aligncenter\" src=\"https:\/\/meijenfeldt.nl\/wp-content\/uploads\/2018\/04\/Landhuis-Aarle-Rixtel.bmp\" alt=\"Landhuis Aarle-Rixtel\" width=\"433\" height=\"320\" \/><\/p>\n<p style=\"text-align: justify;\"><span style=\"color: #000000;\">Haar broer Hein geniet landelijke bekendheid vanwege\u00a0zijn geldverslindende conflicten\u00a0met zijn\u00a0familie in het bedrijf, zijn echtgenotes, de gemeente Helmond\u00a0en de Zwitserse staat over de hoogte van zijn huis. Haar andere broer Erry\u00a0is onderdirecteur bij Vlisco\u00a0en trouwt met jonkvrouw Tineke van Beresteijn.<\/span><\/p>\n<p style=\"text-align: justify;\"><span style=\"color: #000000;\">Het nieuwe echtpaar gaat eerst in Hong-Kong wonen en keert in 1956 naar Nederland terug. Het gezin vestigt zich in 1962 in Laren. Anneke zet een praktijk op als heilgymnaste en podotherapeute. <\/span><span style=\"color: #000000;\">Frits overlijdt in Naarderheem te Naarden op 2 mei 2002 en Anneke in Laren op 20 juli 2015.<\/span><\/p>\n<p style=\"text-align: center;\"><span style=\"font-size: 10pt; color: #000000;\"><span style=\"color: #0000ff;\"><a id=\"voetnoot\"><\/a><a style=\"color: #0000ff;\" href=\"https:\/\/meijenfeldt.nl\/?page_id=80188\">Terug<\/a><\/span>\u00a0 \u00a0***\u00a0 \u00a0<span style=\"color: #0000ff;\"><a style=\"color: #0000ff;\" href=\"https:\/\/meijenfeldt.nl\/?page_id=58551\">Zijtak v Vlissingen<\/a><\/span>\u00a0 \u00a0***\u00a0 <span style=\"color: #0000ff;\">\u00a0<a style=\"color: #0000ff;\" href=\"https:\/\/meijenfeldt.nl\/?page_id=80833\">Verder<\/a><\/span><\/span><\/p>\n<p style=\"text-align: justify;\"><span style=\"font-size: 10pt; font-family: georgia, palatino, serif;\"><span style=\"color: #000000; font-size: 10pt;\">1. Stadsarchief Amsterdam, 5225 Politierapporten &#8217;40-&#8217;45, Inv 6173, rapport 54, <a href=\"https:\/\/archief.amsterdam\/indexen\/deeds\/c131b2c8-a4b4-4996-ad6c-5a1e7dc18489?person=9959ade3-bdc5-6d52-e053-b784100adcce\"><span style=\"color: #0000ff;\">pag. 58<\/span><\/a>. Inv 6729, <span style=\"color: #0000ff;\"><a style=\"color: #0000ff;\" href=\"https:\/\/archief.amsterdam\/indexen\/deeds\/e69076a0-f1af-40ba-b2a0-9d09452f2a7c?person=9959ade4-0f56-6d52-e053-b784100adcce\">rapport 10<\/a><\/span>.<\/span><\/span><\/p>\n","protected":false},"excerpt":{"rendered":"<p>Frederik Hendrik (1922-2002) De tweede zoon in het gezin Scholte is in Amsterdam geboren op\u00a014 juli 1922\u00a0met dezelfde naam als zijn vader. Frits doet op 23 februari 1940 vlak v\u00f3\u00f3r de Duitse inval aangifte bij het politiebureau Leidseplein van de diefstal v\u00f3\u00f3r zijn ouderlijk huis aan het Bachplein van zijn Fongers fiets ter waarde van &hellip; <a href=\"https:\/\/meijenfeldt.nl\/?page_id=80827\" class=\"more-link\">Verder lezen <span class=\"screen-reader-text\">Nh.42. Koopman<\/span><\/a><\/p>\n","protected":false},"author":1,"featured_media":0,"parent":0,"menu_order":0,"comment_status":"closed","ping_status":"closed","template":"","meta":{"footnotes":""},"class_list":["post-80827","page","type-page","status-publish","hentry"],"_links":{"self":[{"href":"https:\/\/meijenfeldt.nl\/index.php?rest_route=\/wp\/v2\/pages\/80827","targetHints":{"allow":["GET"]}}],"collection":[{"href":"https:\/\/meijenfeldt.nl\/index.php?rest_route=\/wp\/v2\/pages"}],"about":[{"href":"https:\/\/meijenfeldt.nl\/index.php?rest_route=\/wp\/v2\/types\/page"}],"author":[{"embeddable":true,"href":"https:\/\/meijenfeldt.nl\/index.php?rest_route=\/wp\/v2\/users\/1"}],"replies":[{"embeddable":true,"href":"https:\/\/meijenfeldt.nl\/index.php?rest_route=%2Fwp%2Fv2%2Fcomments&post=80827"}],"version-history":[{"count":7,"href":"https:\/\/meijenfeldt.nl\/index.php?rest_route=\/wp\/v2\/pages\/80827\/revisions"}],"predecessor-version":[{"id":80893,"href":"https:\/\/meijenfeldt.nl\/index.php?rest_route=\/wp\/v2\/pages\/80827\/revisions\/80893"}],"wp:attachment":[{"href":"https:\/\/meijenfeldt.nl\/index.php?rest_route=%2Fwp%2Fv2%2Fmedia&parent=80827"}],"curies":[{"name":"wp","href":"https:\/\/api.w.org\/{rel}","templated":true}]}}