{"id":76225,"date":"2025-10-29T08:21:01","date_gmt":"2025-10-29T08:21:01","guid":{"rendered":"https:\/\/meijenfeldt.nl\/?page_id=76225"},"modified":"2025-11-16T09:37:41","modified_gmt":"2025-11-16T09:37:41","slug":"2-1-1-gereserveerd","status":"publish","type":"page","link":"https:\/\/meijenfeldt.nl\/?page_id=76225","title":{"rendered":"2.1.1. Scheepsrol"},"content":{"rendered":"<p style=\"text-align: justify;\"><span style=\"color: #000000;\">Het openbare document van de Admiraliteit van Amsterdam waarop de stamvader <\/span><span style=\"color: #000000;\">genoteerd staat is een betaalsrol. E\u00e9n van de bladzijden is helemaal gewijd aan <em>Johan A\u00fag\u00fast Meynfeld v Straalsond<\/em>.<\/span><\/p>\n<p style=\"text-align: center;\"><a href=\"https:\/\/www.nationaalarchief.nl\/onderzoeken\/archief\/1.01.46\/invnr\/2254\/file\/NL-HaNA_1.01.46_2254_0022\"><img loading=\"lazy\" decoding=\"async\" class=\"alignnone wp-image-76718\" src=\"https:\/\/meijenfeldt.nl\/wp-content\/uploads\/2025\/11\/1793-Meynfeld-fragment-300x46.jpg\" alt=\"\" width=\"614\" height=\"94\" srcset=\"https:\/\/meijenfeldt.nl\/wp-content\/uploads\/2025\/11\/1793-Meynfeld-fragment-300x46.jpg 300w, https:\/\/meijenfeldt.nl\/wp-content\/uploads\/2025\/11\/1793-Meynfeld-fragment-1024x157.jpg 1024w, https:\/\/meijenfeldt.nl\/wp-content\/uploads\/2025\/11\/1793-Meynfeld-fragment-768x118.jpg 768w, https:\/\/meijenfeldt.nl\/wp-content\/uploads\/2025\/11\/1793-Meynfeld-fragment-1536x235.jpg 1536w, https:\/\/meijenfeldt.nl\/wp-content\/uploads\/2025\/11\/1793-Meynfeld-fragment.jpg 1945w\" sizes=\"auto, (max-width: 614px) 100vw, 614px\" \/><\/a><br \/>\n<span style=\"color: #000000;\"><em><span style=\"font-family: georgia, palatino, serif; font-size: 10pt;\"><span style=\"color: #0000ff;\"><a style=\"color: #0000ff;\" href=\"https:\/\/www.nationaalarchief.nl\/onderzoeken\/archief\/1.01.46\/invnr\/2254\/file\/NL-HaNA_1.01.46_2254_0022\">folio 21<\/a><\/span>, bovenstuk<br \/>\n<\/span><\/em><span style=\"font-family: georgia, palatino, serif; font-size: 10pt;\"><span style=\"font-family: georgia, palatino, serif; font-size: 8pt;\"><span style=\"color: #000000; font-family: georgia, palatino, serif;\">Nationaal Archief, Admiraliteitscolleges, Toegang 1.01.46, Inventaris 2254\u00a0<\/span><\/span><\/span><\/span><\/p>\n<p style=\"text-align: justify;\"><span style=\"color: #000000;\">Het betreft de betaalsrol van de opvarenden van het oorlogsschip &#8220;De Erfprins van Brunswijk&#8221; onder kapitein Pieter Hartsinck. Een betaalsrol is een boekwerk van de Eerste Schrijver op een oorlogsschip, bestaande uit honderden bladen met gegevens van de bemanning.\u00a0<\/span><\/p>\n<p style=\"text-align: center;\"><img loading=\"lazy\" decoding=\"async\" class=\" wp-image-76730 aligncenter\" src=\"https:\/\/meijenfeldt.nl\/wp-content\/uploads\/2025\/11\/1793-Scheepsrol-zij-300x101.jpg\" alt=\"\" width=\"619\" height=\"208\" srcset=\"https:\/\/meijenfeldt.nl\/wp-content\/uploads\/2025\/11\/1793-Scheepsrol-zij-300x101.jpg 300w, https:\/\/meijenfeldt.nl\/wp-content\/uploads\/2025\/11\/1793-Scheepsrol-zij-1024x344.jpg 1024w, https:\/\/meijenfeldt.nl\/wp-content\/uploads\/2025\/11\/1793-Scheepsrol-zij-768x258.jpg 768w, https:\/\/meijenfeldt.nl\/wp-content\/uploads\/2025\/11\/1793-Scheepsrol-zij-1536x517.jpg 1536w, https:\/\/meijenfeldt.nl\/wp-content\/uploads\/2025\/11\/1793-Scheepsrol-zij-2048x689.jpg 2048w\" sizes=\"auto, (max-width: 619px) 100vw, 619px\" \/><span style=\"color: #000000;\"><em><span style=\"font-family: georgia, palatino, serif; font-size: 10pt;\">Betaalsrol &#8220;De Erfprins van Brunswijk, capitein Pieter Hartsinck, <\/span><\/em><\/span><em style=\"color: #000000;\"><span style=\"font-family: georgia, palatino, serif; font-size: 10pt;\">1793<\/span><\/em><em style=\"color: #000000;\"><span style=\"font-family: georgia, palatino, serif; font-size: 10pt;\">&#8220;<\/span><\/em><\/p>\n<p style=\"text-align: justify;\"><span style=\"color: #000000;\">Het schip is vernoemd naar Karel van Brunswijk-Wolfenb\u00fcttel (1766-1806), eind 1790 <\/span><span style=\"color: #000000;\">getrouwd met prinses Louise van Oranje, dochter van de stadhouder.<\/span><span style=\"color: #000000;\"> Hij is <\/span><span style=\"color: #000000;\">de oudste zoon van de regerend hertog van Brunswijk, die in 1787 aan het hoofd stond van de veldtocht in Holland en zich dertig jaar eerder in de Slag bij Hastenbeck ontfermde over de jonge Zweedse graaf Johann August von Meijerfeldt jr. Ondanks de titel Erfprins wordt hij vanwege zijn zwakke begaafdheid, toenemende slechtziendheid en kinderloze huwelijk\u00a0<\/span><span style=\"color: #000000;\">uiteindelijk geen hertog, maar <\/span><span style=\"color: #000000;\">zijn jongere broer. Zijn vrouw volgt haar vader als oudste kind evenmin op als stadhouder. V<\/span><span style=\"color: #000000;\">anwege de regel dat mannen voorrang krijgen is <\/span><span style=\"color: #000000;\">haar jongere broer Willem Frederik de Erfprins en later koning Willem I.<\/span><\/p>\n<p style=\"text-align: justify;\"><span style=\"color: #000000;\">Kapitein Pieter Hartsinck is <\/span><span style=\"color: #000000;\">de dertigjarige jongste zoon van de vijf jaar eerder overleden vice-admiraal Andries Hartsinck. Zijn eerste wapenfeit was in de Vierde Nederlands-Engelse Oorlog, toen hij\u00a0<\/span><span style=\"color: #000000;\">in 1781 <\/span><span style=\"color: #000000;\">op net achttienjarige leeftijd <\/span><span style=\"color: #000000;\">dapper\u00a0<\/span><span style=\"color: #000000;\">als luitenant <\/span><span style=\"color: #000000;\">deelnam aan de beroemde Slag bij de Doggersbank<\/span><span style=\"color: #000000;\">. Daarna was hij vijf jaar lang kapitein tweede<\/span><span style=\"color: #000000;\">\u00a0klasse van de schoener <em>De Vliegende Visch<\/em> op de Middellandse Zee. Toen Frankrijk op 1 februari 1793 de oorlog verklaarde aan het op land en ter zee nauwelijks voorbereide Nederland, was hij o<\/span><span style=\"color: #000000;\">p 15 maart <\/span><span style=\"color: #000000;\">commandant geweest op een Scheveningse pink met 12 man en twee 12-ponders op de Merwede voor Hardinxveld. Zo hielp hij <\/span><span style=\"color: #000000;\">de Frans-Bataafse invasie onder Dumouriez een halt toeroepen.<\/span><\/p>\n<p style=\"text-align: justify;\"><span style=\"color: #000000;\">Het College van de Admiraliteit <\/span><span style=\"color: #000000;\">geeft Hartsinck op 21 mei 1793 opdracht om <\/span><span style=\"color: #000000;\">u<\/span><span style=\"color: #000000;\">ltimo oktober 230 koppen (matrozen en soldaten) aan boord te hebben. De dag daarop opent het College <\/span><span style=\"color: #000000;\">de monsterrol<\/span><span style=\"color: #000000;\">. Hij begint meteen met de bemanning die nodig is voor <\/span><span style=\"color: #000000;\">het bevaren van het <\/span><span style=\"color: #000000;\">fregat (schippers, stuurmannen, timmermannen, zeilmakers en een smit), voor het voeren van oorlog (luitenants, konstabels) en voor het verzorgen van <\/span><span style=\"color: #000000;\">de bemanning (chirurgijns, koks, bakkers en botteliers). <span style=\"color: #0000ff;\"><a style=\"color: #0000ff;\" href=\"#voetnoot\">(1)<\/a><\/span><\/span><\/p>\n<p style=\"text-align: justify;\"><span style=\"color: #000000;\">Al een week later monstert <\/span><span style=\"color: #000000;\">Johan August aan op het Prinsenhof. <\/span><span style=\"color: #000000;\">Z<\/span><span style=\"color: #000000;\">ijn dienst begint terstond dezelfde dag: 29 mei 1793. <\/span><span style=\"color: #000000;\">Hij hoeft zich niet van een ander schip los te maken, want hij gaat voor het eerst in dienst, althans op een <\/span><span style=\"color: #000000;\">Nederlands<\/span><span style=\"color: #000000;\">\u00a0<\/span><span style=\"color: #000000;\">oorlogsschip. De aanstelling is alleen voor de komende vaart. Vaste dienst is voorbehouden aan de hoogste officieren<\/span><span style=\"color: #000000;\">.\u00a0<\/span><span style=\"color: #000000;\">Zijn soldij bedraagt 26 gulden per maand. <\/span><span style=\"color: #000000;\">D<\/span><span style=\"color: #000000;\">e marine van de Republiek behoort op dat moment tot de best betalende in Europa, vanwege veel officieren maar weinig manschappen. Johan August kan in het gebouwencomplex meteen doorlopen naar <\/span><span style=\"color: #000000;\">het Comptoir Hoofdelijke Betaling om e<\/span><span style=\"color: #000000;\">en voorschot van \u00e9\u00e9n maand soldij in klinkende munt uitbetaald te krijgen.<\/span><\/p>\n<p style=\"text-align: justify;\"><span style=\"color: #000000;\">Met zijn geld en spullen <\/span><span style=\"color: #000000;\">loopt\u00a0 Johan August <\/span><span style=\"color: #000000;\">in een half uurtje van het Prinsenhof\u00a0<\/span><span style=\"color: #000000;\">naar <\/span><span style=\"color: #000000;\">de Admiraliteitswerf. Die ligt <\/span><span style=\"color: #000000;\">op <\/span><span style=\"color: #000000;\">Kattenburg, het voorste van de Oostelijke Eilanden. Rond de <\/span><span style=\"color: #000000;\">brug naar het eiland speelde zich op de dag nauwkeurig <\/span><span style=\"color: #000000;\">zes jaar eerder &#8216;Bijltjesdag&#8217; af<\/span><span style=\"color: #000000;\">.<\/span><\/p>\n<p style=\"text-align: center;\"><img loading=\"lazy\" decoding=\"async\" class=\"wp-image-75638 aligncenter\" src=\"https:\/\/meijenfeldt.nl\/wp-content\/uploads\/2025\/10\/1787-Bijltjesdag-6-300x180.jpg\" alt=\"\" width=\"465\" height=\"279\" srcset=\"https:\/\/meijenfeldt.nl\/wp-content\/uploads\/2025\/10\/1787-Bijltjesdag-6-300x180.jpg 300w, https:\/\/meijenfeldt.nl\/wp-content\/uploads\/2025\/10\/1787-Bijltjesdag-6-768x462.jpg 768w, https:\/\/meijenfeldt.nl\/wp-content\/uploads\/2025\/10\/1787-Bijltjesdag-6.jpg 1024w\" sizes=\"auto, (max-width: 465px) 100vw, 465px\" \/><span style=\"font-size: 10pt;\"><em><span style=\"color: #000000;\"><span style=\"font-family: georgia, palatino, serif;\">Kattenburgerbrug 29 mei 1787<br \/>\n<\/span><\/span><\/em><\/span><span style=\"font-size: 10pt; font-family: georgia, palatino, serif;\"><span style=\"color: #000000;\">Patriottische vrijkorpsen voor de brug, opgehaald d<\/span><span style=\"color: #000000;\">oor <\/span><span style=\"color: #000000;\">Prinsgezinde scheepstimmerlieden (Bijltjes). Na kappen van de brugtouwen bestormen zij een dag later Kattenburg en nemen bloedig wraak. De aanhouding van prinses Wilhelmina bij Goejanverwellesluis <\/span><span style=\"color: #000000;\">een maand later <\/span><span style=\"color: #000000;\">leidt alsnog tot de Pruisische inval en de vlucht van Patriotten naar Frankrijk.\u00a0<\/span><\/span><\/p>\n<p style=\"text-align: justify;\"><span style=\"color: #000000;\">Op het eiland ligt links vooraan het enorme <\/span><span style=\"color: #000000;\">Zeem<\/span><span style=\"color: #000000;\">agazijn. Het is net helemaal <\/span><span style=\"color: #000000;\">hersteld en wit bepleisterd, nadat het t<\/span><span style=\"color: #000000;\">wee jaar eerder\u00a0<\/span><span style=\"color: #000000;\">totaal was uitgebrand, <\/span><span style=\"color: #000000;\">tot\u00a0<\/span><span style=\"color: #000000;\">op d<\/span><span style=\"color: #000000;\">e zwart geblakerde buitenmuren<\/span><span style=\"color: #000000;\">, al dan niet door sabotage van de Patriotten<\/span><span style=\"color: #000000;\">. De <\/span><span style=\"color: #000000;\">voorraden tuigage, <\/span><span style=\"color: #000000;\">zeilen, vlaggen, scheepsuitrusting, artillerie, voedsel en opgevangen regenwater in het tonnengewelf onder de binnenplaats.<\/span><\/p>\n<p style=\"text-align: justify;\"><span style=\"color: #000000;\">Rechts liggen smalle straatjes en woningen met verdiepingen en links de langgerekte scheepswerf, waar de werklieden wonen en werken. B<\/span><span style=\"color: #000000;\">ijna zestig jaar later komt <\/span><span style=\"color: #000000;\">zoon Carl hier als Scheepstimmerman der Eerste Klasse werken en <\/span><span style=\"color: #000000;\">met zijn gezin <\/span><span style=\"color: #000000;\">wonen.<\/span><\/p>\n<p style=\"text-align: center;\"><span style=\"color: #000000;\"><img loading=\"lazy\" decoding=\"async\" class=\" wp-image-66052 aligncenter\" src=\"https:\/\/meijenfeldt.nl\/wp-content\/uploads\/2024\/08\/1730-Zeemagazijn-300x189.jpg\" alt=\"\" width=\"524\" height=\"330\" srcset=\"https:\/\/meijenfeldt.nl\/wp-content\/uploads\/2024\/08\/1730-Zeemagazijn-300x189.jpg 300w, https:\/\/meijenfeldt.nl\/wp-content\/uploads\/2024\/08\/1730-Zeemagazijn.jpg 768w\" sizes=\"auto, (max-width: 524px) 100vw, 524px\" \/><span style=\"font-size: 10pt;\"><em><span style=\"font-family: georgia, palatino, serif;\">&#8217;s Lands Dok, Werf en Zeemagazijn op Kattenburg<br \/>\n<\/span><\/em><span style=\"font-family: georgia, palatino, serif; font-size: 8pt;\">Johann Wilhelm Winther 1730<\/span><\/span><\/span><\/p>\n<p style=\"text-align: justify;\"><span style=\"color: #000000;\">Op &#8217;s Lands Werf vond de kiellegging van zijn schip <\/span><span style=\"color: #000000;\">in 1790 plaats en de naamgeving na het huwelijk van het prinselijk paar eind dat jaar. De tewaterlating was in 1791, kort voor de grote brand in het Zeemagazijn. Nu ligt <\/span><span style=\"color: #000000;\">&#8217;s Lands Schip van Oorlog De Erfprins van Brunswijk duidelijk zichtbaar afgemeerd i<\/span><span style=\"color: #000000;\">n &#8217;s Lands Dok<\/span><span style=\"color: #000000;\">. Het is <\/span><span style=\"color: #000000;\">een <\/span><span style=\"color: #000000;\">fregat van de zesde klasse of charter met twee dekken. In die tijd krijgt dat de voorkeur boven een linieschip<\/span><span style=\"color: #000000;\">, omdat het kleiner, lichter en daardoor sneller en wendbaarder is in een zeeslag en beter konvooi\u00a0<\/span><span style=\"color: #000000;\">kan verlenen <\/span><span style=\"color: #000000;\">aan handelsschepen.\u00a0<\/span><\/p>\n<p style=\"text-align: justify;\"><span style=\"color: #000000;\">Eenmaal aan boord maakt Johan August kennis met Eerste Schrijver Verhulsdonk, die hem zijn slaapplaats in de achtersteven wijst en e<\/span><span style=\"color: #000000;\">en psalmboekje en hangmat overhandigt. E<\/span><span style=\"color: #000000;\">en deken, kussen en bultzak (matras) moet hij zelf meenemen of <\/span><span style=\"color: #000000;\">van zijn voorschot in het Zeemagazijn kopen.\u00a0<\/span><\/p>\n<p style=\"text-align: center;\"><span style=\"color: #000000; font-family: georgia, palatino, serif; font-size: 10pt;\"><a id=\"voetnoot\"><\/a><span style=\"color: #0000ff;\"><a style=\"color: #0000ff;\" href=\"https:\/\/meijenfeldt.nl\/?page_id=67769\">Terug<\/a>\u00a0<\/span>\u00a0\u00a0***\u00a0 <span style=\"color: #0000ff;\">\u00a0<a style=\"color: #0000ff;\" href=\"https:\/\/meijenfeldt.nl\/?page_id=66840\">Verder<\/a><\/span><\/span><\/p>\n<p><span style=\"color: #000000; font-family: georgia, palatino, serif; font-size: 10pt;\"><span style=\"font-family: georgia, palatino, serif; font-size: 10pt;\"><span style=\"color: #0000ff;\"><span style=\"color: #000000;\">1. Resoluti\u00ebn Admiraliteit van Amsterdam, Nationaal Archief 1.01.46<span class=\"title\">, Inv 1506, <a style=\"color: #0000ff;\" href=\"https:\/\/www.nationaalarchief.nl\/onderzoeken\/archief\/1.01.46\/invnr\/1506\/file\/NL-HaNA_1.01.46_1506_0501?eadID=1.01.46&amp;unitID=1506&amp;query=\">22 en 28 mei 1793<\/a>.<\/span><br \/>\n<\/span><\/span><\/span><\/span><\/p>\n","protected":false},"excerpt":{"rendered":"<p>Het openbare document van de Admiraliteit van Amsterdam waarop de stamvader genoteerd staat is een betaalsrol. E\u00e9n van de bladzijden is helemaal gewijd aan Johan A\u00fag\u00fast Meynfeld v Straalsond. folio 21, bovenstuk Nationaal Archief, Admiraliteitscolleges, Toegang 1.01.46, Inventaris 2254\u00a0 Het betreft de betaalsrol van de opvarenden van het oorlogsschip &#8220;De Erfprins van Brunswijk&#8221; onder kapitein &hellip; <a href=\"https:\/\/meijenfeldt.nl\/?page_id=76225\" class=\"more-link\">Verder lezen <span class=\"screen-reader-text\">2.1.1. Scheepsrol<\/span><\/a><\/p>\n","protected":false},"author":1,"featured_media":0,"parent":0,"menu_order":0,"comment_status":"closed","ping_status":"closed","template":"","meta":{"footnotes":""},"class_list":["post-76225","page","type-page","status-publish","hentry"],"_links":{"self":[{"href":"https:\/\/meijenfeldt.nl\/index.php?rest_route=\/wp\/v2\/pages\/76225","targetHints":{"allow":["GET"]}}],"collection":[{"href":"https:\/\/meijenfeldt.nl\/index.php?rest_route=\/wp\/v2\/pages"}],"about":[{"href":"https:\/\/meijenfeldt.nl\/index.php?rest_route=\/wp\/v2\/types\/page"}],"author":[{"embeddable":true,"href":"https:\/\/meijenfeldt.nl\/index.php?rest_route=\/wp\/v2\/users\/1"}],"replies":[{"embeddable":true,"href":"https:\/\/meijenfeldt.nl\/index.php?rest_route=%2Fwp%2Fv2%2Fcomments&post=76225"}],"version-history":[{"count":21,"href":"https:\/\/meijenfeldt.nl\/index.php?rest_route=\/wp\/v2\/pages\/76225\/revisions"}],"predecessor-version":[{"id":76748,"href":"https:\/\/meijenfeldt.nl\/index.php?rest_route=\/wp\/v2\/pages\/76225\/revisions\/76748"}],"wp:attachment":[{"href":"https:\/\/meijenfeldt.nl\/index.php?rest_route=%2Fwp%2Fv2%2Fmedia&parent=76225"}],"curies":[{"name":"wp","href":"https:\/\/api.w.org\/{rel}","templated":true}]}}