{"id":64369,"date":"2024-05-20T15:19:20","date_gmt":"2024-05-20T15:19:20","guid":{"rendered":"https:\/\/meijenfeldt.nl\/?page_id=64369"},"modified":"2024-08-13T11:56:53","modified_gmt":"2024-08-13T11:56:53","slug":"3-2-2-andreas-of-heinrich","status":"publish","type":"page","link":"https:\/\/meijenfeldt.nl\/?page_id=64369","title":{"rendered":"1.2.8. Hendrich?"},"content":{"rendered":"<p style=\"text-align: justify;\"><span style=\"color: #000000;\">In de schildbrief van 1674 staat geen voornaam bij Meijer. Brieven v\u00f3\u00f3r en na de verheffing in de adelstand ondertekent hij zelf met de voornaam Andreas. Anderen schrijven hem ook met die naam aan. In Zweedse publicaties staat de naam Anders. <\/span><\/p>\n<p style=\"text-align: justify;\"><span style=\"color: #000000;\">In het midden van de volgende eeuw wordt in enkele Zweedse boeken opeens de voornaam <em>Hendrich<\/em> gebezigd. I<\/span><span style=\"color: #000000;\">n het Matrikelboek van het Ridderhuis in Stockholm van 1731 onder Nr. 864 staat de voornaam <em>Hindr. <\/em>en in Zweedse wapenboeken uit 1734 en 1746 met zwart-wit afbeeldingen van het wapen <em>Hendrich.<\/em>\u00a0<span style=\"color: #0000ff;\"><a style=\"color: #0000ff;\" href=\"#voetnoot\">(1)<\/a><\/span> <\/span><\/p>\n<p style=\"text-align: justify;\"><span style=\"color: #000000;\">Een onjuiste lezing van de schildbrief lijkt te vergezocht:<\/span><\/p>\n<p style=\"text-align: justify;\"><span style=\"color: #000000;\"><img loading=\"lazy\" decoding=\"async\" class=\"alignnone size-medium wp-image-46400 aligncenter\" src=\"https:\/\/meijenfeldt.nl\/wp-content\/uploads\/2022\/03\/Wapenbrief-Elkalig-Meijer-300x73.png\" alt=\"\" width=\"300\" height=\"73\" srcset=\"https:\/\/meijenfeldt.nl\/wp-content\/uploads\/2022\/03\/Wapenbrief-Elkalig-Meijer-300x73.png 300w, https:\/\/meijenfeldt.nl\/wp-content\/uploads\/2022\/03\/Wapenbrief-Elkalig-Meijer-768x188.png 768w, https:\/\/meijenfeldt.nl\/wp-content\/uploads\/2022\/03\/Wapenbrief-Elkalig-Meijer.png 891w\" sizes=\"auto, (max-width: 300px) 100vw, 300px\" \/><\/span><\/p>\n<p style=\"text-align: justify;\"><span style=\"color: #000000;\">Met een hoop fantasie kan hier &#8220;<em>Henderig<\/em>&#8221; zijn gelezen, maar er staat &#8220;<em>elsk\u00e4lig<\/em>&#8220;. Dat is de oude spelling voor &#8220;<em>\u00e4lskalig<\/em>&#8220;. Dat betekent\u00a0 &#8220;geliefde&#8221; of &#8220;getrouwe&#8221;. W<\/span><span style=\"color: #000000;\">aarschijnlijker lijkt e<\/span><span style=\"color: #000000;\">en verkeerd gebruik van bronnen. De overgrootvader van Andreas heet Heinrich (Hinrik, Henric) Meijer. Hij is de eerste Meijer die in 1562 in dienst van de Zweedse koning treedt. Bij gebreke van een voornaam in de schildbrief zou de genealoog op deze voornaam kunnen zijn uitgekomen.<\/span><\/p>\n<p style=\"text-align: justify;\"><span style=\"color: #000000;\">In elk geval zijn Andreas en Hendrich Meijer \u00e9\u00e9n en dezelfde persoon:<br \/>\n&#8211; In het volgende Matrikelboek uit 1754 staat weliswaar opnieuw\u00a0<em>Henric <\/em>en bovendien <em><i>war<\/i> barnf\u00f6dd i Lifland (<\/em>geboren in Lijfland), maar de auteur heeft een aantal jaren geleefd en onderzoek gedaan in Riga en uit zijn nagelaten papieren blijkt dat hij naast <em>Hinric<\/em> ook <em>Anders<\/em> schrijft en tenslotte alleen <em>Anders<\/em>.<span style=\"color: #0000ff;\"><a style=\"color: #0000ff;\" href=\"#voetnoot\"> (2)<\/a><\/span><br \/>\n&#8211; In 1769 komen handgeschreven genealogie\u00ebn, tekeningen en verhalen uit van een Duitse leraar in Riga. Hij heeft de Duitse spelling, die beter bij het gebied past dan de Zweedse. Bij het geslacht\u00a0<em>Meyer<\/em> meldt hij als voornaam: <em>Andreas (nach anderen Nachrichten Hinrich). <\/em><span style=\"color: #0000ff;\"><a style=\"color: #0000ff;\" href=\"#voetnoot\">(3)<\/a><\/span><br \/>\n&#8211; Na zijn verheffing in de Zweedse adelstand voert hoofdinspecteur Von Meijerfeldt correspondentie en rechtszaken. In alle originele documenten ondertekent hij met de voornaam Andreas. <span style=\"color: #0000ff;\"><a style=\"color: #0000ff;\" href=\"#voetnoot\">(4)<\/a><\/span><\/span><\/p>\n<p style=\"text-align: justify;\"><span style=\"color: #000000;\">Na de uitbreiding van de achternaam in 1674 wordt hij soms nog Andreas Meijer genoemd. Meestal is het <\/span><span style=\"color: #000000;\">een nalatigheid, maar twee keer is het een andere persoon: de <\/span><span style=\"color: #000000;\">appelrechter die op 13 augustus 1678 benoemd wordt <\/span><a href=\"#voetnoot\"><span style=\"color: #0000ff;\">(5)<\/span><\/a> en <span style=\"color: #000000;\">de secretaris van de General-kirchenkommission in Riga, verantwoordelijk voor bijbelzorg en onderwijsmateriaal, in 1681 opgevolgd door Emanuel Reger. <\/span><span style=\"color: #0000ff;\"><a style=\"color: #0000ff;\" href=\"#voetnoot\">(6)<\/a>\u00a0<\/span><\/p>\n<p style=\"text-align: center;\"><span style=\"color: #000000; font-size: 10pt;\"><span style=\"color: #0000ff;\"><a id=\"voetnoot\"><\/a><a style=\"color: #0000ff;\" href=\"https:\/\/meijenfeldt.nl\/?page_id=9977\">Terug<\/a><\/span>\u00a0 \u00a0***\u00a0 <span style=\"color: #0000ff;\"><a style=\"color: #0000ff;\" href=\"https:\/\/meijenfeldt.nl\/?page_id=64266\">Verder<\/a><\/span><\/span><\/p>\n<p style=\"text-align: justify;\"><span style=\"color: #000000; font-size: 10pt;\">1. J.H. Werner, \u201cMatrikel \u00f6fwer Swerikes Ridderskap och Adel\u201d, Stockholm 1731, <span style=\"color: #0000ff;\"><a style=\"color: #0000ff;\" href=\"https:\/\/books.google.se\/books?id=GfpFi31DQA4C&amp;printsec=frontcover&amp;hl=nl&amp;source=gbs_ge_summary_r&amp;cad=0#v=onepage&amp;q&amp;f=false\">pag. 70<\/a><\/span>: <em>Ridders- och Adelsm\u00e4n, Meyerfeldt, Hindr., Nov. 1674 intr. 1675. <\/em>E. Kiellberg, \u201cSweriges Ridderskaps och Adels Wapnebok\u201d, Stockholm 1734. D.G. Cedercrona, \u201cSweriges Ridderskaps och Adels Wapen-Bok\u201d, Stockholm 1746. <span style=\"color: #0000ff;\"><a style=\"color: #0000ff;\" href=\"https:\/\/books.google.nl\/books?id=AIhPAAAAcAAJ&amp;printsec=frontcover&amp;hl=nl&amp;source=gbs_ge_summary_r&amp;cad=0#v=onepage&amp;q&amp;f=false\">voorblad<\/a><\/span>, Wapenplaten pag. 10 en 94, Register pag. 2 en 18.<br \/>\n2. A.A. von <span style=\"color: #0000ff;\"><a style=\"color: #0000ff;\" href=\"https:\/\/meijenfeldt.nl\/?page_id=12369\">Stiernman<\/a><\/span>, \u201cMatrikel \u00f6fver Swea Rikes Ridderskaps och Adel\u201d, Stockholm 1754-1755. &#x2663; A.A. von Stiernman, \u201cSveacia Illustris. Sl\u00e4gttaflor \u00f6fver de p\u00e5 Svenska Riddarhuset until \u00e5r \u2026. introducerade \u00e4tter i alfabetisk ordning\u201d, del M-O, <span style=\"color: #0000ff;\"><a style=\"color: #0000ff;\" href=\"https:\/\/meijenfeldt.nl\/?page_id=12369\">Mejerfelt<\/a><\/span>.<br \/>\n3. J.C. Brotze, \u201cSammlung verschiedner Liefl\u00e4ndischer Monumente\u201d, Riga 1671, deel 1:2, <span style=\"color: #0000ff;\"><a style=\"color: #0000ff;\" href=\"https:\/\/www.acadlib.lu.lv\/broce\/lielbildes\/sejums_nr1\/bm01163bm.htm\">pag. 163v<\/a><\/span>\u00a0en<span style=\"color: #0000ff;\">\u00a0<a style=\"color: #0000ff;\" href=\"https:\/\/www.acadlib.lu.lv\/broce\/lielbildes\/sejums_nr1\/bm01164am.htm\">pag. 174<\/a><\/span>\u00a0en deel 3:2,\u00a0<a href=\"https:\/\/drive.google.com\/file\/d\/1r9ctZkSteMYqvLmU9Jzhcv2g2Mwgpk3K\/view\"><span style=\"color: #0000ff;\">pag. 237v-238<\/span>.<\/a><br \/>\n4. Rahvusarhiiv Eesti, <span style=\"font-family: georgia, palatino, serif;\">1, <\/span><span style=\"font-family: georgia, palatino, serif;\">2.<\/span><span style=\"font-family: georgia, palatino, serif;\">411, <\/span><span style=\"font-family: georgia, palatino, serif;\"><span style=\"font-size: 10pt;\">Nr. 29<\/span>,\u00a0 <\/span><span style=\"color: #0000ff;\"><a style=\"color: #0000ff;\" href=\"https:\/\/meijenfeldt.nl\/wp-content\/uploads\/2021\/01\/EAA.1.2.411.pdf\">folio 111-112v<\/a><\/span> en 419 Nr. 58, <span style=\"color: #0000ff;\"><a style=\"color: #0000ff;\" href=\"https:\/\/meijenfeldt.nl\/wp-content\/uploads\/2021\/01\/EAA.1.2.419.pdf\">folio 161-163<\/a><\/span>.<br \/>\n5. A.C. Meurling, \u201cSvensk domstolsf\u00f6rvaltning i Livland 1634-1700\u201d, Lund 1967, pag. 132-133. Zij maakt bovendien de fout Anna Christina von Hastfer als diens moeder in plaats van schoondochter te presenteren. Zie ook Gillingstam.<br \/>\n6. A. P\u014dldvee en K. Taifenau, &#8220;Emanuel Reger \u00fcber den Aufbau des livl\u00e4ndischen Schulwesens&#8221;. Forschungen zur baltischen Geschichte 2018, <span style=\"color: #0000ff;\"><a style=\"color: #0000ff;\" href=\"https:\/\/sisu.ut.ee\/sites\/default\/files\/fzbg\/files\/fzbg-13-2018.pdf\">pag. 124<\/a><\/span>.<br \/>\n<\/span><\/p>\n","protected":false},"excerpt":{"rendered":"<p>In de schildbrief van 1674 staat geen voornaam bij Meijer. Brieven v\u00f3\u00f3r en na de verheffing in de adelstand ondertekent hij zelf met de voornaam Andreas. Anderen schrijven hem ook met die naam aan. In Zweedse publicaties staat de naam Anders. In het midden van de volgende eeuw wordt in enkele Zweedse boeken opeens de &hellip; <a href=\"https:\/\/meijenfeldt.nl\/?page_id=64369\" class=\"more-link\">Verder lezen <span class=\"screen-reader-text\">1.2.8. Hendrich?<\/span><\/a><\/p>\n","protected":false},"author":1,"featured_media":0,"parent":0,"menu_order":0,"comment_status":"closed","ping_status":"closed","template":"","meta":{"footnotes":""},"class_list":["post-64369","page","type-page","status-publish","hentry"],"_links":{"self":[{"href":"https:\/\/meijenfeldt.nl\/index.php?rest_route=\/wp\/v2\/pages\/64369","targetHints":{"allow":["GET"]}}],"collection":[{"href":"https:\/\/meijenfeldt.nl\/index.php?rest_route=\/wp\/v2\/pages"}],"about":[{"href":"https:\/\/meijenfeldt.nl\/index.php?rest_route=\/wp\/v2\/types\/page"}],"author":[{"embeddable":true,"href":"https:\/\/meijenfeldt.nl\/index.php?rest_route=\/wp\/v2\/users\/1"}],"replies":[{"embeddable":true,"href":"https:\/\/meijenfeldt.nl\/index.php?rest_route=%2Fwp%2Fv2%2Fcomments&post=64369"}],"version-history":[{"count":13,"href":"https:\/\/meijenfeldt.nl\/index.php?rest_route=\/wp\/v2\/pages\/64369\/revisions"}],"predecessor-version":[{"id":65873,"href":"https:\/\/meijenfeldt.nl\/index.php?rest_route=\/wp\/v2\/pages\/64369\/revisions\/65873"}],"wp:attachment":[{"href":"https:\/\/meijenfeldt.nl\/index.php?rest_route=%2Fwp%2Fv2%2Fmedia&parent=64369"}],"curies":[{"name":"wp","href":"https:\/\/api.w.org\/{rel}","templated":true}]}}

<p style="text-align: justify;"><span style="color: #000000;">In de schildbrief van 1674 staat geen voornaam bij Meijer. Brieven vóór en na de verheffing in de adelstand ondertekent hij zelf met de voornaam Andreas. Anderen schrijven hem ook met die naam aan. In Zweedse publicaties staat de naam Anders. </span></p>
<p style="text-align: justify;"><span style="color: #000000;">In het midden van de volgende eeuw wordt in enkele Zweedse boeken opeens de voornaam <em>Hendrich</em> gebezigd. I</span><span style="color: #000000;">n het Matrikelboek van het Ridderhuis in Stockholm van 1731 onder Nr. 864 staat de voornaam <em>Hindr. </em>en in Zweedse wapenboeken uit 1734 en 1746 met zwart-wit afbeeldingen van het wapen <em>Hendrich.</em> <span style="color: #0000ff;"><a style="color: #0000ff;" href="#voetnoot">(1)</a></span> </span></p>
<p style="text-align: justify;"><span style="color: #000000;">Een onjuiste lezing van de schildbrief lijkt te vergezocht:</span></p>
<p style="text-align: justify;"><span style="color: #000000;"><img loading="lazy" decoding="async" class="alignnone size-medium wp-image-46400 aligncenter" src="https://meijenfeldt.nl/wp-content/uploads/2022/03/Wapenbrief-Elkalig-Meijer-300x73.png" alt="" width="300" height="73" srcset="https://meijenfeldt.nl/wp-content/uploads/2022/03/Wapenbrief-Elkalig-Meijer-300x73.png 300w, https://meijenfeldt.nl/wp-content/uploads/2022/03/Wapenbrief-Elkalig-Meijer-768x188.png 768w, https://meijenfeldt.nl/wp-content/uploads/2022/03/Wapenbrief-Elkalig-Meijer.png 891w" sizes="auto, (max-width: 300px) 100vw, 300px" /></span></p>
<p style="text-align: justify;"><span style="color: #000000;">Met een hoop fantasie kan hier &#8220;<em>Henderig</em>&#8221; zijn gelezen, maar er staat &#8220;<em>elskälig</em>&#8220;. Dat is de oude spelling voor &#8220;<em>älskalig</em>&#8220;. Dat betekent  &#8220;geliefde&#8221; of &#8220;getrouwe&#8221;. W</span><span style="color: #000000;">aarschijnlijker lijkt e</span><span style="color: #000000;">en verkeerd gebruik van bronnen. De overgrootvader van Andreas heet Heinrich (Hinrik, Henric) Meijer. Hij is de eerste Meijer die in 1562 in dienst van de Zweedse koning treedt. Bij gebreke van een voornaam in de schildbrief zou de genealoog op deze voornaam kunnen zijn uitgekomen.</span></p>
<p style="text-align: justify;"><span style="color: #000000;">In elk geval zijn Andreas en Hendrich Meijer één en dezelfde persoon:<br />
&#8211; In het volgende Matrikelboek uit 1754 staat weliswaar opnieuw <em>Henric </em>en bovendien <em><i>war</i> barnfödd i Lifland (</em>geboren in Lijfland), maar de auteur heeft een aantal jaren geleefd en onderzoek gedaan in Riga en uit zijn nagelaten papieren blijkt dat hij naast <em>Hinric</em> ook <em>Anders</em> schrijft en tenslotte alleen <em>Anders</em>.<span style="color: #0000ff;"><a style="color: #0000ff;" href="#voetnoot"> (2)</a></span><br />
&#8211; In 1769 komen handgeschreven genealogieën, tekeningen en verhalen uit van een Duitse leraar in Riga. Hij heeft de Duitse spelling, die beter bij het gebied past dan de Zweedse. Bij het geslacht <em>Meyer</em> meldt hij als voornaam: <em>Andreas (nach anderen Nachrichten Hinrich). </em><span style="color: #0000ff;"><a style="color: #0000ff;" href="#voetnoot">(3)</a></span><br />
&#8211; Na zijn verheffing in de Zweedse adelstand voert hoofdinspecteur Von Meijerfeldt correspondentie en rechtszaken. In alle originele documenten ondertekent hij met de voornaam Andreas. <span style="color: #0000ff;"><a style="color: #0000ff;" href="#voetnoot">(4)</a></span></span></p>
<p style="text-align: justify;"><span style="color: #000000;">Na de uitbreiding van de achternaam in 1674 wordt hij soms nog Andreas Meijer genoemd. Meestal is het </span><span style="color: #000000;">een nalatigheid, maar twee keer is het een andere persoon: de </span><span style="color: #000000;">appelrechter die op 13 augustus 1678 benoemd wordt </span><a href="#voetnoot"><span style="color: #0000ff;">(5)</span></a> en <span style="color: #000000;">de secretaris van de General-kirchenkommission in Riga, verantwoordelijk voor bijbelzorg en onderwijsmateriaal, in 1681 opgevolgd door Emanuel Reger. </span><span style="color: #0000ff;"><a style="color: #0000ff;" href="#voetnoot">(6)</a> </span></p>
<p style="text-align: center;"><span style="color: #000000; font-size: 10pt;"><span style="color: #0000ff;"><a id="voetnoot"></a><a style="color: #0000ff;" href="https://meijenfeldt.nl/?page_id=9977">Terug</a></span>   ***  <span style="color: #0000ff;"><a style="color: #0000ff;" href="https://meijenfeldt.nl/?page_id=64266">Verder</a></span></span></p>
<p style="text-align: justify;"><span style="color: #000000; font-size: 10pt;">1. J.H. Werner, “Matrikel öfwer Swerikes Ridderskap och Adel”, Stockholm 1731, <span style="color: #0000ff;"><a style="color: #0000ff;" href="https://books.google.se/books?id=GfpFi31DQA4C&amp;printsec=frontcover&amp;hl=nl&amp;source=gbs_ge_summary_r&amp;cad=0#v=onepage&amp;q&amp;f=false">pag. 70</a></span>: <em>Ridders- och Adelsmän, Meyerfeldt, Hindr., Nov. 1674 intr. 1675. </em>E. Kiellberg, “Sweriges Ridderskaps och Adels Wapnebok”, Stockholm 1734. D.G. Cedercrona, “Sweriges Ridderskaps och Adels Wapen-Bok”, Stockholm 1746. <span style="color: #0000ff;"><a style="color: #0000ff;" href="https://books.google.nl/books?id=AIhPAAAAcAAJ&amp;printsec=frontcover&amp;hl=nl&amp;source=gbs_ge_summary_r&amp;cad=0#v=onepage&amp;q&amp;f=false">voorblad</a></span>, Wapenplaten pag. 10 en 94, Register pag. 2 en 18.<br />
2. A.A. von <span style="color: #0000ff;"><a style="color: #0000ff;" href="https://meijenfeldt.nl/?page_id=12369">Stiernman</a></span>, “Matrikel öfver Swea Rikes Ridderskaps och Adel”, Stockholm 1754-1755. &#x2663; A.A. von Stiernman, “Sveacia Illustris. Slägttaflor öfver de på Svenska Riddarhuset until år …. introducerade ätter i alfabetisk ordning”, del M-O, <span style="color: #0000ff;"><a style="color: #0000ff;" href="https://meijenfeldt.nl/?page_id=12369">Mejerfelt</a></span>.<br />
3. J.C. Brotze, “Sammlung verschiedner Liefländischer Monumente”, Riga 1671, deel 1:2, <span style="color: #0000ff;"><a style="color: #0000ff;" href="https://www.acadlib.lu.lv/broce/lielbildes/sejums_nr1/bm01163bm.htm">pag. 163v</a></span> en<span style="color: #0000ff;"> <a style="color: #0000ff;" href="https://www.acadlib.lu.lv/broce/lielbildes/sejums_nr1/bm01164am.htm">pag. 174</a></span> en deel 3:2, <a href="https://drive.google.com/file/d/1r9ctZkSteMYqvLmU9Jzhcv2g2Mwgpk3K/view"><span style="color: #0000ff;">pag. 237v-238</span>.</a><br />
4. Rahvusarhiiv Eesti, <span style="font-family: georgia, palatino, serif;">1, </span><span style="font-family: georgia, palatino, serif;">2.</span><span style="font-family: georgia, palatino, serif;">411, </span><span style="font-family: georgia, palatino, serif;"><span style="font-size: 10pt;">Nr. 29</span>,  </span><span style="color: #0000ff;"><a style="color: #0000ff;" href="https://meijenfeldt.nl/wp-content/uploads/2021/01/EAA.1.2.411.pdf">folio 111-112v</a></span> en 419 Nr. 58, <span style="color: #0000ff;"><a style="color: #0000ff;" href="https://meijenfeldt.nl/wp-content/uploads/2021/01/EAA.1.2.419.pdf">folio 161-163</a></span>.<br />
5. A.C. Meurling, “Svensk domstolsförvaltning i Livland 1634-1700”, Lund 1967, pag. 132-133. Zij maakt bovendien de fout Anna Christina von Hastfer als diens moeder in plaats van schoondochter te presenteren. Zie ook Gillingstam.<br />
6. A. Pōldvee en K. Taifenau, &#8220;Emanuel Reger über den Aufbau des livländischen Schulwesens&#8221;. Forschungen zur baltischen Geschichte 2018, <span style="color: #0000ff;"><a style="color: #0000ff;" href="https://sisu.ut.ee/sites/default/files/fzbg/files/fzbg-13-2018.pdf">pag. 124</a></span>.<br />
</span></p>

<p>In de schildbrief van 1674 staat geen voornaam bij Meijer. Brieven vóór en na de verheffing in de adelstand ondertekent hij zelf met de voornaam Andreas. Anderen schrijven hem ook met die naam aan. In Zweedse publicaties staat de naam Anders. In het midden van de volgende eeuw wordt in enkele Zweedse boeken opeens de &hellip; <a href="https://meijenfeldt.nl/?page_id=64369" class="more-link">Verder lezen <span class="screen-reader-text">1.2.8. Hendrich?</span></a></p>
