{"id":64291,"date":"2024-05-19T09:24:43","date_gmt":"2024-05-19T09:24:43","guid":{"rendered":"https:\/\/meijenfeldt.nl\/?page_id=64291"},"modified":"2024-08-13T12:58:18","modified_gmt":"2024-08-13T12:58:18","slug":"3-3-5-meyer-uit-belgard","status":"publish","type":"page","link":"https:\/\/meijenfeldt.nl\/?page_id=64291","title":{"rendered":"1.2.6. Andere Meijers"},"content":{"rendered":"<p style=\"text-align: justify;\"><span style=\"color: #000000;\">De Dorpatse raadsheer Johann Meyer <\/span><span style=\"color: #000000;\">en zijn vrouw Friedrichs krijgen\u00a0<\/span><span style=\"color: #000000;\">op latere leeftijd <\/span><span style=\"color: #000000;\">in 1591 het landgoed Moisek\u00fcll, naar hem vernoemd Meyerhof. D<\/span><span style=\"color: #000000;\">e Dorpatse burgemeester Dettmar Meyer<\/span><span style=\"color: #000000;\"> en z<\/span><span style=\"color: #000000;\">ijn vrouw Sophie dochter van Martin Unferfehrt <\/span><span style=\"color: #000000;\">bezitten het i<\/span><span style=\"color: #000000;\">n 1625.\u00a0 Oorsprong en wapen zijn onbekend. <\/span><span style=\"color: #0000ff;\"><a style=\"color: #0000ff;\" href=\"#voetnoot\">(1)<\/a><\/span><\/p>\n<p style=\"text-align: justify;\"><span style=\"color: #000000;\">In Koerland wordt Christoph Meyer in de adelstand verheven met de naam von Rautenfels en zijn zoon Barthold (Bartholom\u00e4us) valt de eer te beurt <\/span><span style=\"color: #000000;\">het adeldiploma <\/span><span style=\"color: #000000;\">op 16 augustus 1645 in ontvangst te nemen, maar omdat hij twee dochters heeft sterft met hem dit adellijke geslacht meteen uit.<\/span><\/p>\n<p style=\"text-align: justify;\"><span style=\"color: #000000;\">De bronsgieters <\/span><span style=\"color: #000000;\">Meijer zijn weliswaar niet van adel, maar leveren kanonnen, kerkklokken en standbeelden aan alle koningen van Europa. Komend vanuit L\u00fcbeck starten Johann (Hans) en Gerhardt hun bedrijf in een werkplaats in Riga. De eerste overlijdt daar in 1610 en de laatste is dan via Stockholm naar Florence vertrokken voor een opdracht. <\/span><span style=\"color: #000000;\">Deze twee voornamen keren in vele generaties terug. <span style=\"color: #0000ff;\"><a style=\"color: #0000ff;\" href=\"#voetnoot\">(2)<\/a><\/span><\/span><\/p>\n<p style=\"text-align: justify;\"><span style=\"color: #000000;\">Vermeldenswaard is nog dat in de erfboeken van Riga in 1377 de zin voorkomt <em>\u201ca Johanne Meyen filio Henrici Meyen\u201d. <\/em><span style=\"color: #0000ff;\"><a style=\"color: #0000ff;\" href=\"https:\/\/meijenfeldt.nl\/?page_id=71#voetnoot\">(3)<\/a><\/span><\/span><\/p>\n<p style=\"text-align: justify;\"><span style=\"color: #000000;\">Een ander geslacht Meyer wordt aan het Zweedse geslacht Von Meijerfeldt gekoppeld, afkomstig uit Belgard in Achter-Pommeren.<\/span> <span style=\"color: #0000ff;\"><a style=\"color: #0000ff;\" href=\"#voetnoot\">(4)<\/a><\/span><\/p>\n<p style=\"padding-left: 40px; text-align: justify;\"><em><span style=\"font-family: georgia, palatino, serif; font-size: 12pt; color: #000000;\"><strong>Friedrich Meyer<\/strong> 1642 \u2013 1686, ein Belgarder. Sein Vater war der Senator und K\u00e4mmerer Andreas Meyer, sein Gro\u00dfvater der unter 4. genannte Jakob Meyer. Er starb im Alter von 84 Jahren. Sein Bruder war in Schweden geadelt worden und von ihm stammen die Grafen von Meyerfeld ab.<\/span><br \/>\n<\/em><\/p>\n<p style=\"text-align: justify;\"><span style=\"font-family: georgia, palatino, serif; font-size: 12pt;\">Uit deze bron ontstaat de volgende reeks:<\/span><br \/>\n<span style=\"font-family: georgia, palatino, serif; font-size: 12pt;\"><strong>Jakob<\/strong> <em>Meyer<\/em>, 1556-1606 diaken en 1606-1608 pastor Marien Kirche Belgard, zoon:<\/span><br \/>\n<span style=\"font-family: georgia, palatino, serif; font-size: 12pt;\"><strong>1. Andreas<\/strong>, 1570 Stadtk\u00e4mmerer (wethouder) Belgard, 1597 Senator Belgard, overleden v\u00f3\u00f3r 1645 als weduwe \u00a0in tweede kwartier Belgard woont, zoons:<\/span><br \/>\n<span style=\"font-family: georgia, palatino, serif; font-size: 12pt;\"><strong>11? Jakob<\/strong>, 1627-1631 diaken buurgemeente Schivelbein.<\/span><br \/>\n<span style=\"font-family: georgia, palatino, serif; font-size: 12pt;\"><strong>12. Friedrich<\/strong>, \u2020 84 jaar oud, 1642\u20131686 pastor Marien Kirche van Belgard, tijdens zijn pastorschap grote kerkbrand in 1667.<\/span><br \/>\n<span style=\"font-family: georgia, palatino, serif; font-size: 12pt;\"><strong>13. (Andreas)<\/strong>, eerste van het Zweedse geslacht.<\/span><\/p>\n<p style=\"text-align: center;\"><img loading=\"lazy\" decoding=\"async\" class=\"wp-image-451 aligncenter\" src=\"https:\/\/meijenfeldt.nl\/wp-content\/uploads\/2016\/09\/image003-1-300x225.jpg\" alt=\"\" width=\"520\" height=\"390\" srcset=\"https:\/\/meijenfeldt.nl\/wp-content\/uploads\/2016\/09\/image003-1-300x225.jpg 300w, https:\/\/meijenfeldt.nl\/wp-content\/uploads\/2016\/09\/image003-1-768x576.jpg 768w, https:\/\/meijenfeldt.nl\/wp-content\/uploads\/2016\/09\/image003-1.jpg 800w\" sizes=\"auto, (max-width: 520px) 100vw, 520px\" \/><span style=\"font-size: 10pt; font-family: georgia, palatino, serif; color: #000000;\"><em>Marienkerk, Belgard<\/em><\/span><\/p>\n<p style=\"text-align: justify;\"><span style=\"color: #000000;\">Belgard (Bia\u0142ogard) ligt dicht bij de Oostzee. De stad ligt ten oosten van Stettin in Achter-Pommeren. Van 1181 tot 1637 vormen Voor- en Achter-Pommeren \u00e9\u00e9n hertogdom, dat een rode griffioen in een wit veld als wapen voert. Het hertogdom Lijfland voert ook een griffioen, maar dan een witte in een rood veld. In de stadswapens van Belgard en Stralsund is deze terug te vinden. <\/span><\/p>\n<p style=\"text-align: justify;\"><span style=\"color: #000000;\">Hoewel Bogislaw XIV vijf jaar eerder hertog was geworden, moest hij het militaire commando in 1630 aan Gustaaf II Adolf van Zweden overdragen om de invallende keizerlijke troepen onder Wallenstein tegen te houden. In de 18 jaar tot de Vrede van Westfalen wordt Belgard enkele malen belegerd, bezet en verwoest door afwisselend Zweedse en keizerlijke troepen. Het kan niet worden uitgesloten dat Andreas Meijer op die manier in dienst treedt van Carl Gustav von Wrangel, sinds 1646 de Zweedse gouverneur-generaal over Pommeren, en in de laatste jaren aan de Dertigjarige Oorlog meedeed. Na de vrede kwam Achter-Pommeren bij Brandenburg en Voor-Pommeren bij Zweden.<\/span><\/p>\n<p style=\"text-align: justify;\"><span style=\"color: #000000;\">De Pommerse rode griffioen komt in het gravenwapen nadat Johann August von Meijerfeldt gouverneur-generaal van Zweeds-Pommeren\u00a0 is benoemd. De Zweedse Von Meijerfeldts zouden zelf Brandenburg als gebied van oorsprong van de familie hebben genoemd.<\/span> <a href=\"#voetnoot\"><span style=\"color: #0000ff;\">(5)<\/span><\/a><\/p>\n<p style=\"text-align: center;\"><span style=\"color: #000000; font-size: 10pt;\"><span style=\"color: #0000ff;\"><a id=\"voetnoot\"><\/a><a style=\"color: #0000ff;\" href=\"https:\/\/meijenfeldt.nl\/?page_id=57431\">Terug<\/a><\/span>\u00a0 \u00a0***\u00a0 \u00a0<span style=\"color: #0000ff;\"><a style=\"color: #0000ff;\" href=\"https:\/\/meijenfeldt.nl\/?page_id=9977\">Verder<\/a><\/span><\/span><\/p>\n<p style=\"text-align: justify;\"><span style=\"color: #000000; font-size: 10pt;\">1. <span style=\"color: #000000;\"><span style=\"font-size: 10pt;\">M. Gritzner, &#8220;J. <\/span><span style=\"font-size: 13.3333px;\">Siebmacher&#8217;s <\/span><\/span>Grosses und Algemeines Wappenbuch, <span style=\"color: #0000ff;\"><a style=\"color: #0000ff;\" href=\"file:\/\/\/C:\/Users\/hugov\/Downloads\/wappenbuch_siebmacher%20(1).pdf\">Band 3, Abt 11, deel 2<\/a><\/span>, Der Adel der Russ. Ostseeprovinzen; Der Nichtimmatrikulirte Adel&#8221;, N\u00fcrnberg 1902, pag, 124.<br \/>\n2. <span style=\"color: #0000ff;\"><a style=\"color: #0000ff;\" href=\"https:\/\/en.wikipedia.org\/wiki\/Meyer_(family_of_bronze_casters)\">Meyer, family of bronze casters<\/a><\/span>.<br \/>\n3. L. Feyerabend, \u201cDie Rigaer und Revaler Familienamen im 14. und 15. Jahrhun\u00addert\u201d, K\u00f6ln\/Wien 1985, Quellen und Studien zur baltische Geschichte, deel 7, pag. 164 en 258.1.<br \/>\n4. E. M\u00fcller, &#8220;<\/span><span style=\"font-family: georgia, palatino, serif; font-size: 10pt;\">Die Evangelischen Geistlichen Pommerns von der Reformation bis der Gegenwart, auf Grond des Steinbr\u00fcck&#8217;schen Manuskriptes&#8221;, Stettin 1912, deel 2, <span style=\"color: #0000ff;\"><a style=\"color: #0000ff;\" href=\"https:\/\/zbc.ksiaznica.szczecin.pl\/dlibra\/publication\/316\/edition\/286\/content?ref=%2Fpublication%2F321%2Fedition%2F289\">pag. 2<\/a><\/span><span style=\"color: #000000;\">, helaas zonder bronvermelding en naamverklaring. <\/span><\/span><span style=\"color: #000000; font-size: 13.3333px;\">\u201cAus dem Lande Belgard\u201d, 9.1924<span style=\"font-size: 10pt;\">,\u00a0<\/span><\/span><span style=\"color: #0000ff; font-size: 10pt;\"><a style=\"color: #0000ff;\" href=\"https:\/\/www.digitale-bibliothek-mv.de\/viewer\/image\/PPNUAG-HGW_obj_5477718\/38\/LOG_0003\/\">pag. 46<\/a>.\u00a0<\/span><span style=\"color: #000000; font-size: 10pt;\">D. Schimmelpfennig, \u201cDie Pastoren Belgards seit der Reformation\u201d.<br \/>\n5. W. Buchholz, lemma \u201cMeyerfeldt (Meyerfeld, Meijerfeldt), Johann August\u201d, in Neue Deutsche Biopraphie, deel 17, Berlijn 1994, <span style=\"color: #0000ff;\"><a style=\"color: #0000ff;\" href=\"https:\/\/www.deutsche-biographie.de\/sfz62920.html#ndbcontent\">pag. 390<\/a><\/span>, noemt ook Brandenburg, zonder bronvermelding.<\/span><\/p>\n","protected":false},"excerpt":{"rendered":"<p>De Dorpatse raadsheer Johann Meyer en zijn vrouw Friedrichs krijgen\u00a0op latere leeftijd in 1591 het landgoed Moisek\u00fcll, naar hem vernoemd Meyerhof. De Dorpatse burgemeester Dettmar Meyer en zijn vrouw Sophie dochter van Martin Unferfehrt bezitten het in 1625.\u00a0 Oorsprong en wapen zijn onbekend. (1) In Koerland wordt Christoph Meyer in de adelstand verheven met de &hellip; <a href=\"https:\/\/meijenfeldt.nl\/?page_id=64291\" class=\"more-link\">Verder lezen <span class=\"screen-reader-text\">1.2.6. Andere Meijers<\/span><\/a><\/p>\n","protected":false},"author":1,"featured_media":0,"parent":0,"menu_order":0,"comment_status":"closed","ping_status":"closed","template":"","meta":{"footnotes":""},"class_list":["post-64291","page","type-page","status-publish","hentry"],"_links":{"self":[{"href":"https:\/\/meijenfeldt.nl\/index.php?rest_route=\/wp\/v2\/pages\/64291","targetHints":{"allow":["GET"]}}],"collection":[{"href":"https:\/\/meijenfeldt.nl\/index.php?rest_route=\/wp\/v2\/pages"}],"about":[{"href":"https:\/\/meijenfeldt.nl\/index.php?rest_route=\/wp\/v2\/types\/page"}],"author":[{"embeddable":true,"href":"https:\/\/meijenfeldt.nl\/index.php?rest_route=\/wp\/v2\/users\/1"}],"replies":[{"embeddable":true,"href":"https:\/\/meijenfeldt.nl\/index.php?rest_route=%2Fwp%2Fv2%2Fcomments&post=64291"}],"version-history":[{"count":14,"href":"https:\/\/meijenfeldt.nl\/index.php?rest_route=\/wp\/v2\/pages\/64291\/revisions"}],"predecessor-version":[{"id":64407,"href":"https:\/\/meijenfeldt.nl\/index.php?rest_route=\/wp\/v2\/pages\/64291\/revisions\/64407"}],"wp:attachment":[{"href":"https:\/\/meijenfeldt.nl\/index.php?rest_route=%2Fwp%2Fv2%2Fmedia&parent=64291"}],"curies":[{"name":"wp","href":"https:\/\/api.w.org\/{rel}","templated":true}]}}