{"id":62959,"date":"2024-04-02T09:46:52","date_gmt":"2024-04-02T09:46:52","guid":{"rendered":"https:\/\/meijenfeldt.nl\/?page_id=62959"},"modified":"2024-12-30T14:56:13","modified_gmt":"2024-12-30T14:56:13","slug":"1-8-3-axels-werdegang","status":"publish","type":"page","link":"https:\/\/meijenfeldt.nl\/?page_id=62959","title":{"rendered":"1.8.4. Axels belevenissen"},"content":{"rendered":"<p style=\"text-align: justify;\"><span style=\"color: #000000;\">Graaf Axel Friedrich von Meijerfeldt is kapitein in het regiment N\u00e4rke en V\u00e4rmland. Hij heeft nog <\/span><span style=\"color: #000000;\">steeds een nauwe band met baron Armfelt, die hij <\/span><span style=\"color: #000000;\">van Russische gevangenschap en misschien wel de dood redde. Armfelt was <\/span><span style=\"color: #000000;\">de vredesonderhandelaar van V\u00e4rel\u00e4, de opvolger van <\/span><span style=\"color: #000000;\">zijn vader als chef van zijn regiment<\/span><span style=\"color: #000000;\">, burgemeester van Stockholm en op aanwijzen van Gustaaf III\u00a0<\/span><span style=\"color: #000000;\">persoonlijk regent van <\/span><span style=\"color: #000000;\">de nieuwe Zweedse koning Gustaaf IV Adolf. <\/span><span style=\"color: #000000;\">De <\/span><span style=\"color: #000000;\">met het landsbestuur belaste hertog Karel en <\/span><span style=\"color: #000000;\">de uit verbanning teruggehaalde baron Reuterholm zien Armfelt als concurrent, omdat hij over vijf jaar de gunsteling van de nieuwe koning zal zijn.\u00a0<\/span><\/p>\n<p style=\"text-align: justify;\"><span style=\"color: #000000;\">Vanwege opruiend gedrag en het niet dragen van zijn uniform bij het Stenborg Theater op het Gamla Stan in Stockholm wordt Axel Friedrich op 8 september 1792 in zijn kamer gearresteerd, samen met graaf L\u00f6wenhjelm en baron H\u00f6pken. Liljensparre is uit op verdere promotie en blaast de kwestie op tot hij zijn bevordering krijgt. Op 7 oktober is Axel weer op vrije voeten met het bevel binnen 24 uur naar zijn woonplaats te vertrekken. <\/span><span style=\"color: #000000;\">Zijn loopbaan lijdt er niet onder. <\/span><span style=\"color: #000000;\"><span style=\"color: #0000ff;\"><a style=\"color: #0000ff;\" href=\"#voetnoot\">(1)<\/a><\/span><\/span><span style=\"color: #000000;\">\u00a0<\/span><\/p>\n<p style=\"text-align: justify;\"><span style=\"color: #000000;\">Begin 1793 regelt Armfelt dat de koning<\/span><span style=\"color: #000000;\"> zijn oude speelmakker Axel Friedrich terugkrijgt, nu als adjudant-kolonel. <\/span><span style=\"color: #000000;\">Op 15 februari maakt Axel in zijn regiment N\u00e4rke en V\u00e4rmland promotie tot majoor. Hij mag in die functie leiding geven aan de traditie van een kerkparade. O<\/span><span style=\"color: #000000;\">p 8 juni 1793 wordt een <\/span><span class=\"Y2IQFc\" lang=\"nl\" style=\"color: #000000;\">unieke in zijn soort werd uitgevoerd. Soldaat <\/span><span style=\"color: #000000;\">Lobbman van de N\u00e4s Company No. 162 ontsnapt aan straf door de krijgsraad met spitsroeden lopen. De \u201cexecutieparade\u201d bestaat uit 2 kapiteins, 2 luitenants, 2 vaandrigs, 6 onderofficieren, 4 trommelaars, 4 klarinettisten, 6 korporaals en 300 manschappen. <\/span><span style=\"color: #0000ff;\"><a style=\"color: #0000ff;\" href=\"#voetnoot\">(2)<\/a><\/span><\/p>\n<p style=\"text-align: justify;\"><span style=\"color: #000000;\">In de avond van 18 november 1794 gaat Axel Friedrich vanuit zijn officierswoning Tostebol in het plaatsje Ny samen met de officieren \u00d6rnsk\u00f6ld en Eneschi\u00f6ld naar de Clubzaal in zijn garnizoensstad \u00d6rebro om te vieren dat hij die week 25 jaar oud is geworden. \u00d6rnsk\u00f6ld begint problemen te maken over de aanwezigheid van ene Roos, die daar volgens hem niet hoort te zijn. Hij sommeert hem het pand te verlaten. Roos protesteert en spant op 21 november voor de stadsrechter een kort geding aan tegen de drie officieren. Partijen en getuigen brengen verklaringen in. Op 2 december laat Roos zijn klacht tegen Axel vallen waardoor deze <\/span><span style=\"color: #000000;\">aan een rechterlijke veroordeling ontsnapt. Roos zegt te hebben onderschat welke betekenis van deze rechtsgang voor een heer van zoveel eer heeft, somt de gevallen op waarin de graaf hem voorkomend behandeld heeft en verwijst naar de grote naam die hij en zijn voorvaderen voor het vaderland hebben opgebouwd. <\/span><span style=\"color: #000000;\">Of Roos is omgekocht, onder druk gezet of werkelijk van zijn daad geschrokken is kan moeilijk tussen de regels worden gelezen. Roos gaat alleen door tegen de aanstichter \u00d6rnsk\u00f6ld en wordt in het gelijk gesteld. Vanwege zijn gedrag moet \u00d6rnsk\u00f6ld een boete van 5 daalder in zilvermunten betalen. <span style=\"color: #0000ff;\"><a style=\"color: #0000ff;\" href=\"#voetnoot\">(3)<\/a><\/span> <\/span><\/p>\n<p style=\"text-align: justify;\"><span style=\"color: #000000;\">Uiteindelijk ontsnapt Axel Friedrich von Meijerfeldt niet aan alles: hij krijgt koorts. Deze loopt snel omhoog en het slaat om in nekkramp (meningitis). Deze besmettelijke ziekte komt veel voor onder jongeren onder de 30 jaar. Er moet onmiddellijk worden ingegrepen, anders is het te laat. Helaas is dat bij Axel Friedrich niet het geval. Hij overlijdt in \u00d6rebro op 13 januari 1795 om 16:45 uur, slechts 6 weken na de rechtszaak. Hij laat \u2013 net als zijn broer &#8211; geen echtgenote of echte kinderen achter. <span style=\"color: #0000ff;\"><a style=\"color: #0000ff;\" href=\"#voetnoot\">(4)<\/a><a id=\"voetnoot\"><\/a><\/span><\/span><\/p>\n<p style=\"text-align: center;\"><span style=\"color: #0000ff;\"><a style=\"color: #0000ff;\" href=\"https:\/\/meijenfeldt.nl\/?page_id=187\"><span style=\"font-family: georgia, palatino, serif; font-size: 10pt;\">Terug<\/span><\/a><\/span><span style=\"font-family: georgia, palatino, serif; font-size: 10pt;\">\u00a0 \u00a0***\u00a0 \u00a0<span style=\"color: #0000ff;\"><a style=\"color: #0000ff;\" href=\"https:\/\/meijenfeldt.nl\/?page_id=63786\">Verder<\/a><\/span><\/span><\/p>\n<p><span style=\"color: #000000; font-size: 10pt;\">1. R.F. Hochschild, deel 3, <span style=\"color: #0000ff;\"><a style=\"color: #0000ff;\" href=\"https:\/\/meijenfeldt.nl\/?page_id=20808\">pag. 15 en 19<\/a><\/span>.<br \/>\n<\/span><span style=\"color: #000000; font-size: 10pt;\">2. Krigsarkivet Sverige, 023 Generalm\u00f6nsterrullor, 0\/194,<\/span> <span style=\"font-size: 10pt;\"><a style=\"color: #0000ff;\" href=\"https:\/\/sok.riksarkivet.se\/bildvisning\/A0028169_00008#?c=&amp;m=&amp;s=&amp;cv=7&amp;xywh=-144%2C138%2C4998%2C3305\">fol. 8<\/a><\/span><span style=\"color: #000000; font-size: 13.3333px;\"><span style=\"font-size: 10pt;\">\u00a0e<\/span>n<\/span><span style=\"font-size: 10pt;\"><span style=\"color: #000000;\">\u00a0<\/span><a style=\"color: #0000ff;\" href=\"https:\/\/sok.riksarkivet.se\/bildvisning\/A0028169_00204#?c=&amp;m=&amp;s=&amp;cv=203&amp;xywh=453%2C1340%2C2676%2C1770\">fol. 204<\/a>. C.O. Nordensvan, \u201cV\u00e4rmlands Regementes (N\u00e4rke och V\u00e4rmlands Reg:tes) Historia, under medverkan af officerare vid regementet\u201d, Stockholm 1904, <span style=\"color: #0000ff;\"><a style=\"color: #0000ff;\" href=\"https:\/\/www.familysearch.org\/library\/books\/viewer\/783778\/?offset=0#page=152&amp;viewer=picture&amp;o=search&amp;n=0&amp;q=meijerfelt\">pag. 189<\/a>.<\/span><\/span><span style=\"color: #000000; font-size: 10pt;\"><br \/>\n<\/span><span style=\"color: #000000; font-size: 10pt;\">3. Kungliga Biblioteket Sverige, <span style=\"color: #0000ff;\"><a style=\"color: #0000ff;\" href=\"https:\/\/meijenfeldt.nl\/wp-content\/uploads\/2021\/01\/Orebro-Ratts-Protocol.pdf\">\u00d6rebro Stads K\u00e4mn\u00e4rs=Ratts Protocoller<\/a><\/span>.<\/span><br \/>\n<span style=\"color: #000000; font-size: 10pt;\">4. Stadsarkiv <\/span><span style=\"color: #000000; font-size: 13.3333px;\">\u00d6rebro<\/span><span style=\"color: #000000; font-size: 10pt;\">, D\u00f6d- och begravningsb\u00f6cker F:1.<\/span><\/p>\n","protected":false},"excerpt":{"rendered":"<p>Graaf Axel Friedrich von Meijerfeldt is kapitein in het regiment N\u00e4rke en V\u00e4rmland. Hij heeft nog steeds een nauwe band met baron Armfelt, die hij van Russische gevangenschap en misschien wel de dood redde. Armfelt was de vredesonderhandelaar van V\u00e4rel\u00e4, de opvolger van zijn vader als chef van zijn regiment, burgemeester van Stockholm en op &hellip; <a href=\"https:\/\/meijenfeldt.nl\/?page_id=62959\" class=\"more-link\">Verder lezen <span class=\"screen-reader-text\">1.8.4. Axels belevenissen<\/span><\/a><\/p>\n","protected":false},"author":1,"featured_media":0,"parent":0,"menu_order":0,"comment_status":"closed","ping_status":"closed","template":"","meta":{"footnotes":""},"class_list":["post-62959","page","type-page","status-publish","hentry"],"_links":{"self":[{"href":"https:\/\/meijenfeldt.nl\/index.php?rest_route=\/wp\/v2\/pages\/62959","targetHints":{"allow":["GET"]}}],"collection":[{"href":"https:\/\/meijenfeldt.nl\/index.php?rest_route=\/wp\/v2\/pages"}],"about":[{"href":"https:\/\/meijenfeldt.nl\/index.php?rest_route=\/wp\/v2\/types\/page"}],"author":[{"embeddable":true,"href":"https:\/\/meijenfeldt.nl\/index.php?rest_route=\/wp\/v2\/users\/1"}],"replies":[{"embeddable":true,"href":"https:\/\/meijenfeldt.nl\/index.php?rest_route=%2Fwp%2Fv2%2Fcomments&post=62959"}],"version-history":[{"count":7,"href":"https:\/\/meijenfeldt.nl\/index.php?rest_route=\/wp\/v2\/pages\/62959\/revisions"}],"predecessor-version":[{"id":69384,"href":"https:\/\/meijenfeldt.nl\/index.php?rest_route=\/wp\/v2\/pages\/62959\/revisions\/69384"}],"wp:attachment":[{"href":"https:\/\/meijenfeldt.nl\/index.php?rest_route=%2Fwp%2Fv2%2Fmedia&parent=62959"}],"curies":[{"name":"wp","href":"https:\/\/api.w.org\/{rel}","templated":true}]}}