{"id":62105,"date":"2024-02-15T14:45:24","date_gmt":"2024-02-15T14:45:24","guid":{"rendered":"https:\/\/meijenfeldt.nl\/?page_id=62105"},"modified":"2025-06-15T12:23:16","modified_gmt":"2025-06-15T12:23:16","slug":"z-352-kinderen","status":"publish","type":"page","link":"https:\/\/meijenfeldt.nl\/?page_id=62105","title":{"rendered":"M. Kinderen"},"content":{"rendered":"<p><span style=\"color: #0000ff; font-family: georgia, palatino, serif; font-size: 10pt;\"><a style=\"color: #0000ff;\" href=\"https:\/\/meijenfeldt.nl\/?page_id=41563\">\u2190 Persoondossier Augusta Juliana<\/a><\/span><\/p>\n<p><span style=\"color: #000000; font-family: georgia, palatino, serif; font-size: 10pt;\">Bronnen: + = aangetroffen; &#8211; = niet aangetroffen; o = niet onderzocht<br \/>\nkb = Kirchenbuch; vz = Volksz\u00e4hling Mecklenburg<br \/>\n<\/span><\/p>\n<hr \/>\n<p><span style=\"color: #000000; font-family: georgia, palatino, serif; font-size: 12pt;\">M.1.<strong> Char\u00adlotta <em>Fride\u00adrica<\/em> Carolina Augusta <\/strong>Thilo<strong><br \/>\n<\/strong><\/span><span style=\"color: #000000; font-family: georgia, palatino, serif; font-size: 12pt;\">* Medrow 23-11-1785 (+kb Medrow) 24-11-1786 (+vz Marlow), \u2248 Medrow 28-11-1785, getuigen <em>die Frau Pastorin Schr\u00f6dern von Nehring, die Oberf\u00f6rsterin aus den Preussischen Meijern, f\u00fcrde, die Frau Inspectorin Kreihssen, die Stellvertreter und H. Hoff-Meister aus Loitz Hoffman: f\u00fcr dssn Steinmann<\/em><br \/>\n\u2020 Marlow 21-02-1870 (85 jr), \u25a1 Marlow 01-03-1870 (+kb Marlow 817)<br \/>\n\u221e Marlow 12-11-1805 <em>Johann Christian Ludwig Prillwitz <\/em><em>(+kb Marlow 362),<\/em> * en\u2248 1773, \u2020 Freienholz 30-06-1811 (38 jr), \u25a1 Sanitz 02-07-1811 (+kb Sanitz 475), F\u00f6rster Freienholz (\u221e1 Maria Dorothea Wolterwirdt, \u221e2 Johanna Maria Christiana B\u00fchring, kind Maria * Freienholz 03-02-1804)<br \/>\n# weduwe met (stief)kinderen Marlow 1812 in 1\u00bc huis Tiburtius (vz 1819 Marlow 65-66)<br \/>\nKinderen:<\/span><br \/>\n<span style=\"color: #000000; font-family: georgia, palatino, serif; font-size: 12pt;\">M.11. <strong><em>Augusta<\/em> Maria Louisa, <\/strong>* Freienholz 22-09-1806, \u2248 Sanitz 28-09-1806, getuige <em>3) Augusta Juliana Thilow, gebohren Meyer, zu Marlow<\/em> (+kb Sanitz 291), # Marlow 1812 (vz 1819 Marlow 65-66).<\/span><br \/>\n<span style=\"color: #000000; font-family: georgia, palatino, serif; font-size: 12pt;\">M.12. <strong><em>Adolph<\/em> Hans Friederich Bernhard<\/strong>, * Freienholz 04\/09-12-1807, \u2248 Sanitz 10-12-1807, getuige <em>2) demoiselle Lisetta Mie, f\u00fcr den Herrn Bernhard Thilow, zu Marlow<\/em> (+kb Sanitz 307), # Marlow 1812 (vz 1819 Marlow 65-66).<\/span><br \/>\n<span style=\"color: #000000; font-family: georgia, palatino, serif; font-size: 12pt;\">M.13. <strong><em>Christiana<\/em> Helena Louisa<\/strong>, * Freienholz 28\/29-07-1809, \u2248 Sanitz 04-08-1809, lokale getuigen (+kb Sanitz 323), # Marlow 1812 (vz 1819 Marlow 65-66).<\/span><\/p>\n<hr \/>\n<p><span style=\"color: #000000; font-family: georgia, palatino, serif; font-size: 12pt;\">M.2. <strong>August Fried\u00adrich Julius\u00a0<\/strong>Thilo<br \/>\n* Medrow 10-03-1788, \u2248 Medrow 14-03-1788 getuigen <em>(\u2026) Hoffman<\/em> (+kb Medrow) 1790 (+vz Alt S\u00fchrkow 1819)<br \/>\n\u2020 en \u25a1 ? (-kb Sanitz), Konfirm. Marlow 1803<br \/>\nonderwijs op Marlow tot Pasen 1805, in dienst koopman Teterow, Gutsp\u00e4chter Alt S\u00fchrkow 05-1817<br \/>\n\u221e Hohen Mistorf 26-08-1817 <em>Friederike Dorethea Br\u00f6ckmann,<\/em> * Bauhoff beij Loitz 14-02-1803 (+vz 1819 Alt S\u00fchrkow), \u2020 en \u25a1 ? (-kb Sanitz), dochter van pachter Dani\u00ebl Johann Br\u00f6ckmann (1765-1827) en Magdalena Catharina Helene Wilhelmine Pauly (1779-1847)<br \/>\n# Alt S\u00fchtkow, # Wehnendorf<br \/>\nKinderen:<\/span><br \/>\n<span style=\"color: #000000; font-family: georgia, palatino, serif; font-size: 12pt;\">M.21. <strong>Dorothea Maria Johanna<\/strong>, * Alt S\u00fchrkow 26-09-1818, \u2248 Hohen Mistorf 05-10-1818, lokale getuigen (+kb Hohen Mistorf 183)<\/span><br \/>\n<span style=\"color: #000000; font-family: georgia, palatino, serif; font-size: 12pt;\">M.22. <strong>Julius August<\/strong>, * Alt S\u00fchrkow 04-09-1819, \u2248 Hohen Mistorf 04-09-1819, gedoopt zonder getuigen bij de begrafenis 18-09-1819 (+kb Hohen Mistorf 188)<\/span><br \/>\n<span style=\"color: #000000; font-family: georgia, palatino, serif; font-size: 12pt;\">M.23.<strong> Carl Johann August<\/strong>, * Alt S\u00fchrkow 15-06-1821, \u2248 Hohen Mistorf 26-06-1821, lokale getuigen (+kb Hohen Mistorf 200)<\/span><br \/>\n<span style=\"color: #000000; font-family: georgia, palatino, serif; font-size: 12pt;\">M.24. <strong>Christian Ferdinand<\/strong>, * Alt S\u00fchrkow 06-07-1822, \u2248 Hohen Mistorf 14-07-1822, lokale getuigen (+KB Hohen Mistorf 206), \u2020 1865 (Heritage), \u221e Dorade Bauerfeld (1821-), vijf kinderen.<\/span><br \/>\n<span style=\"color: #000000; font-family: georgia, palatino, serif; font-size: 12pt;\">M.25. <strong>Otto Friedrich Heinrich<\/strong>, * Alt S\u00fchrkow 04-07-1823, \u2248 Hohen Mistorf 07-09-1823, getuigen <em>H. Haus Marschall Otto Joch. Ulrich v. Levetzow auf Teschow,<\/em> <em>H. Baron Joh. Friedr. Gottlieb von Schmidt auf S\u00fcrkow<\/em> (+kb Hohen Mistorf 213)<\/span><br \/>\n<span style=\"color: #000000; font-family: georgia, palatino, serif; font-size: 12pt;\">M.26. <strong>Theodor Heinrich Friederich<\/strong>, * Wehnendorf 19-07-1825, \u2248 Sanitz 24-07-1825, lokale getuigen (+kb Sanitz 607)<\/span><\/p>\n<hr \/>\n<p><span style=\"color: #000000; font-family: georgia, palatino, serif; font-size: 12pt;\">M.3. <strong>Ernst August Wilhelm <\/strong>Thilo<strong><br \/>\n<\/strong>* Wolfsdorf 06-12-1791, \u2248 Wolfsdorf 13-12-1791 (+kb pastor Joh: Conrad Erichson)<\/span><span style=\"color: #000000; font-family: georgia, palatino, serif; font-size: 12pt;\"><br \/>\n<\/span><span style=\"color: #000000; font-family: georgia, palatino, serif; font-size: 12pt;\">\u2020 Schabow 18-11-1795 (<\/span><span style=\"color: #000000; font-family: georgia, palatino, serif; font-size: 12pt;\">4 jr), \u2261 Behren-L\u00fcbchin 22-11-1795 (+kb Behren-L\u00fcbchin 923)<\/span><\/p>\n<hr \/>\n<p><span style=\"color: #000000; font-family: georgia, palatino, serif; font-size: 12pt;\">M.4. <strong>Johan Carl Ulrich <\/strong>Thilo<strong><br \/>\n<\/strong>* Wolfsdorf 09-12-1791, \u2248 Wolfsdorf 13-12-1791 (kb pastor Joh: Conrad Erichson)<br \/>\n# Greifswald (+vz 1819 Marlow 95-96)<\/span><\/p>\n<hr \/>\n<p><span style=\"color: #000000; font-family: georgia, palatino, serif; font-size: 12pt;\">M.5. <\/span><strong style=\"color: #000000; font-family: georgia, palatino, serif; font-size: 12pt;\">Friedrich <strong style=\"color: #000000; font-family: georgia, palatino, serif; font-size: 16px;\">Christoph <\/strong>Ludwig <\/strong><span style=\"color: #000000; font-family: georgia, palatino, serif; font-size: 12pt;\">Thilo<br \/>\n<\/span><span style=\"color: #000000; font-family: georgia, palatino, serif; font-size: 12pt;\">* Wolfsdorf 05-12-1792, \u2248 Wolfsdorf 11-12-1792 (kb pastor Joh: Conrad Erichson)<br \/>\n<\/span><span style=\"color: #000000; font-family: georgia, palatino, serif; font-size: 12pt;\"># unbekannt (+vz 1819 Marlow 95-96)<br \/>\n\u2020 Woltow 28-03-1835 (+kb Basse 414), Landmann, Gutsinspector Woltow (Gutsherr 1820-1840 Peter Friedrich Ludwig von Witzendorff, von Mutter Luise Sophie Albertine von Oertzen)<br \/>\n<\/span><\/p>\n<hr \/>\n<p><span style=\"color: #000000; font-family: georgia, palatino, serif; font-size: 12pt;\">M.6.<strong> Albrecht Christian Helmuth <\/strong>Thilo<strong><br \/>\n<\/strong>* Schabow 28-07-1794, \u2248 Behren-L\u00fcbchin 01-08-1794\u00a0(+kb Behren-L\u00fcbchin 117)<\/span><span style=\"color: #000000; font-family: georgia, palatino, serif; font-size: 13.3333px;\"><br \/>\n<span style=\"color: #000000; font-family: georgia, palatino, serif; font-size: 12pt;\">\u2020 Rostock 18-11-1859 (65 jr), \u25a1 St. Jacobi 23-11-1859<br \/>\n<\/span><\/span><span style=\"color: #000000; font-family: georgia, palatino, serif; font-size: 12pt;\">Burger u. Schuster (o <\/span><span style=\"color: #000000; font-family: georgia, palatino, serif; font-size: 16px;\">Geheimes Staatsarchiv Preu\u00dfischer Kulturbesitz VI. HA, FA Waldow Familie, 1841, Nr. 2. <span style=\"color: #000000; font-family: georgia, palatino, serif; font-size: 13.3333px;\"><span style=\"font-size: 12pt;\">Beglaubigte Abschrift aus dem Kirchenbuch L\u00fcbchin \u00fcber die Geburt des Albrecht Christian Helmuth Thilo am 28. Juli 1794 und dessen Taufe am 1.8.1794, Sohn des P\u00e4chters Theodor Bernhard Thilo zu Schabow. Nr. 3. <\/span><\/span><\/span><span style=\"color: #000000; font-family: georgia, palatino, serif; font-size: 12pt;\">Erteilung des B\u00fcrger-Receptionsscheines als Schuster f\u00fcr Albrecht Hellmuth Thilo aus Schabow. <\/span><span style=\"color: #000000; font-family: georgia, palatino, serif;\">Nr. 5.\u00a0<\/span><span style=\"color: #000000; font-family: georgia, palatino, serif; font-size: 10pt;\"><span style=\"font-size: 12pt;\">B\u00fcrgereid des Schusters Albrecht Christian Hellmuth Thilo auf den Gro\u00dfherzog zu Mecklenburg und die Stadt Rostock)<br \/>\n<\/span><\/span><span style=\"color: #000000; font-family: georgia, palatino, serif; font-size: 12pt;\">Schipper, kapitein<br \/>\n\u221e Rostock <em>Louise Sophie Christiane Prillwitz<\/em> (1794-1859), # unbekannt (+vz 1819 Marlow 95-96)<br \/>\n# Hinrichsdorf<br \/>\nKinderen:<\/span><br \/>\n<span style=\"color: #000000; font-family: georgia, palatino, serif; font-size: 12pt;\">M.61. <strong>N.N.<\/strong> (jongen), * Rostock 29-06-1842, \u25a1 St Jacobi 29-06-1842, geen getuigen (kb Rostock St Jacobi 383).<\/span><br \/>\n<span style=\"color: #000000; font-family: georgia, palatino, serif; font-size: 12pt;\">M.62. <strong>Dorothea Friederica Wilhelmine Louise<\/strong>, * Rostock 03-09-1843, \u2248 St Jacobi 29-09-1843, lokale getuigen (kb Rostock St Jacobi 443-444), \u221e <em>Carl Alexander Friedrich Wilhelm Heinrich Waldow, <\/em>* 20-08-1840, zoon van Adolph August Otto Waldow.<\/span><\/p>\n<hr \/>\n<p><span style=\"color: #000000; font-family: georgia, palatino, serif; font-size: 12pt;\">M.7.<strong> Ida Elisabeth Wilhelmina <\/strong>Thilo<strong><br \/>\n<\/strong>* Schabow 28-07-1794, \u2248 Behren-L\u00fcbchin 01-08-1794\u00a0(+kb Behren-L\u00fcbchin 117)<br \/>\n\u2020 Schabow 06-01-1796 (1 jr), \u2261 Behren-L\u00fcbchin 09-01-1796 (kb Behren-L\u00fcbchin 523)<\/span><\/p>\n<hr \/>\n<p><span style=\"color: #000000; font-family: georgia, palatino, serif; font-size: 12pt;\">M.8. <strong>Jacob Peter Theodosius (<em>Theodor<\/em>) <\/strong>Thilo<br \/>\n* Schabow 16-10-1796, \u2248 Behren-L\u00fcbchin 21-10-1796\u00a0(+kb Behren-L\u00fcbchin 122)<br \/>\n\u2020 en \u25a1 ?<br \/>\napothekersgezel<br \/>\n# 1813 S\u00fclze<br \/>\nOngehuwd (vz 1819 S\u00fclze 347)<\/span><\/p>\n<hr \/>\n<p><span style=\"color: #000000; font-family: georgia, palatino, serif; font-size: 12pt;\">M.9.<strong> Carl <em>Heinrich <\/em><\/strong>Thilo<br \/>\n* Schabow 10-05-1798, \u2248 Behren-L\u00fcbchin 13-05-1798 (+kb Behren-L\u00fcbchin 127)<br \/>\n\u2020 \u25a1 ?<br \/>\nG\u00e4rtner<br \/>\n# unbekannt (+vz 1819 Marlow 95-96), # Gutshaus Von Plessen, Dolgen am See, (+vz 1867 Dolgen)<br \/>\n\u221e <em>Charlotte Dorothea Louisa Tepp, <\/em>* Schwerin 25-08-1799, \u2020\u00a0 Dolgen 25-01-1875, \u2261 Hohen Sprenz 30-01-1875, dochter van Friedrich Tepp en Johanna Walther<br \/>\nKinderen:<\/span><br \/>\n<span style=\"color: #000000; font-family: georgia, palatino, serif; font-size: 12pt;\">M.91. <strong><em>Sophie<\/em> Louise<\/strong>, * Hohen Sprenz 01-05-1832, \u2248 Hohen Sprenz 09-05-1832, doopgetuigen Von Plessen (+kb Hohen Sprenz 272, 273), + Rostock 05-02-1911,\u00a0 Gesellschafterin (+vz 1867 Karow Herrenhaus no. 1)<\/span><br \/>\n<span style=\"color: #000000; font-family: georgia, palatino, serif; font-size: 12pt;\">M.92. <strong>Auguste Friederique <em>Johanna<\/em><\/strong>, * Hohen Sprenz 25-12-1833, \u2248 Hohen Sprenz 29-12-1833, getuigen <em>Auguste Thilo aus Marlow, Friederice Prilwitz geb. Thilo <\/em>(+kb Hohen Sprenz 281), Erzieherin (+vz 1867 Reppelin)<em><br \/>\n<\/em>M.93. <strong><em>Albertine<\/em> Marie Caroline<\/strong>, * Hohen Sprenz 25-04-1835, \u2248 Hohen Sprenz 01-05-1835, getuige oom schipper Albrecht (+kb Hohen Sprenz 288, 289) (+vz 1867 Dolgen).<\/span><br \/>\n<span style=\"color: #000000; font-family: georgia, palatino, serif; font-size: 12pt;\">M.94. <strong><em>Leopold<\/em> Friedrich Albert<\/strong>, * Hohen Sprenz 23-08-1841, \u2248 Hohen Sprenz 28-08-1841, getuigen Von Plessen \u00a0(+kb Hohen Sprenz 334, 335), Landmann Wirtschaftschreiber (+vz 1867 Neuheinde u. Klein B\u00fctzin).<\/span><\/p>\n<hr \/>\n<p><span style=\"color: #000000; font-family: georgia, palatino, serif; font-size: 12pt;\">M.0.<strong><em> August<\/em> Friedrich Dani\u00ebl <\/strong>Thilo<br \/>\n* S\u00fclze 18-11-1801, \u2248 S\u00fclze 23-11-1801\u00a0(kb Marlow 112)<br \/>\n\u2020 en \u25a1 ?<br \/>\nConf 1817 (+kb Marlow 550), Kaufmann, # Greifswald (+vz 1819 Marlow 95-96)<br \/>\n\u221e Rostock St Jakobi 13-06-1831 <em>Wilhelmina Anna Catharina Kracht<\/em>, * Rostock 06-01-1800, <strong>\u2248 <\/strong>St Marien 11-01-1800, dochter van Johan Christopher Kracht en Juliana Sophia Dieckman (+kb Rostock St Jakobi)<br \/>\nKinderen:<\/span><br \/>\n<span style=\"color: #000000; font-family: georgia, palatino, serif; font-size: 12pt;\">M.01. <strong>Carl August Theodor<\/strong>, * Rostock 23-04-1832, \u2248 St Marien 28-04-1832, getuigen Kracht.<strong><br \/>\n<\/strong>M.02. <strong>Julius Wilhelm<\/strong>, * Rostock 20-12-1833, \u2248 St Marien 29-12-1833, lokale getuigen, \u221e Dargun 15-05-1874 <em>Maria Sophie Elisabeth<\/em> <em>Voss,\u00a0<\/em>* 12-09-1838, dochter van Carl Friedrich Jacob Voss en Catharine Sophie Christiane Baetcke.<strong><br \/>\n<\/strong>M.03. <strong>Albrecht Ludwig,<\/strong> * Rostock 31-01-1840, \u2248 St Marien 11-02-1840, doopgetuigen P.6. Albrecht Thilo en koopman Ludwig Thilo te Hamburg, \u2020 Rostock 20-04-1840, \u2261 St Jakobi 28-04-1840.<\/span><\/p>\n","protected":false},"excerpt":{"rendered":"<p>\u2190 Persoondossier Augusta Juliana Bronnen: + = aangetroffen; &#8211; = niet aangetroffen; o = niet onderzocht kb = Kirchenbuch; vz = Volksz\u00e4hling Mecklenburg M.1. Char\u00adlotta Fride\u00adrica Carolina Augusta Thilo * Medrow 23-11-1785 (+kb Medrow) 24-11-1786 (+vz Marlow), \u2248 Medrow 28-11-1785, getuigen die Frau Pastorin Schr\u00f6dern von Nehring, die Oberf\u00f6rsterin aus den Preussischen Meijern, f\u00fcrde, die &hellip; <a href=\"https:\/\/meijenfeldt.nl\/?page_id=62105\" class=\"more-link\">Verder lezen <span class=\"screen-reader-text\">M. Kinderen<\/span><\/a><\/p>\n","protected":false},"author":1,"featured_media":0,"parent":0,"menu_order":0,"comment_status":"closed","ping_status":"closed","template":"","meta":{"footnotes":""},"class_list":["post-62105","page","type-page","status-publish","hentry"],"_links":{"self":[{"href":"https:\/\/meijenfeldt.nl\/index.php?rest_route=\/wp\/v2\/pages\/62105","targetHints":{"allow":["GET"]}}],"collection":[{"href":"https:\/\/meijenfeldt.nl\/index.php?rest_route=\/wp\/v2\/pages"}],"about":[{"href":"https:\/\/meijenfeldt.nl\/index.php?rest_route=\/wp\/v2\/types\/page"}],"author":[{"embeddable":true,"href":"https:\/\/meijenfeldt.nl\/index.php?rest_route=\/wp\/v2\/users\/1"}],"replies":[{"embeddable":true,"href":"https:\/\/meijenfeldt.nl\/index.php?rest_route=%2Fwp%2Fv2%2Fcomments&post=62105"}],"version-history":[{"count":22,"href":"https:\/\/meijenfeldt.nl\/index.php?rest_route=\/wp\/v2\/pages\/62105\/revisions"}],"predecessor-version":[{"id":73434,"href":"https:\/\/meijenfeldt.nl\/index.php?rest_route=\/wp\/v2\/pages\/62105\/revisions\/73434"}],"wp:attachment":[{"href":"https:\/\/meijenfeldt.nl\/index.php?rest_route=%2Fwp%2Fv2%2Fmedia&parent=62105"}],"curies":[{"name":"wp","href":"https:\/\/api.w.org\/{rel}","templated":true}]}}