{"id":57613,"date":"2023-08-09T07:52:18","date_gmt":"2023-08-09T07:52:18","guid":{"rendered":"https:\/\/meijenfeldt.nl\/?page_id=57613"},"modified":"2024-07-22T20:20:28","modified_gmt":"2024-07-22T20:20:28","slug":"s","status":"publish","type":"page","link":"https:\/\/meijenfeldt.nl\/?page_id=57613","title":{"rendered":"S"},"content":{"rendered":"<p><span style=\"color: #000000; font-size: 10pt;\"><span style=\"color: #0000ff;\"><a style=\"color: #0000ff;\" href=\"https:\/\/meijenfeldt.nl\/\">FAMILIE<\/a><\/span>\u00a0\/\u00a0<span style=\"color: #0000ff;\"><a style=\"color: #0000ff;\" href=\"https:\/\/meijenfeldt.nl\/?page_id=51152\">BIBLIOTHEEK<\/a>\u00a0<\/span>\/\u00a0<a style=\"color: #000000;\" href=\"https:\/\/meijenfeldt.nl\/?page_id=217\"><span style=\"color: #0000ff;\">LITERATUUR<\/span><\/a> \/ AUTEURS S<\/span><\/p>\n<p><span style=\"color: #000000; font-size: 12pt;\">H. <span style=\"color: #0000ff;\"><strong><a style=\"color: #0000ff;\" href=\"https:\/\/meijenfeldt.nl\/?page_id=17324\">Saarinen<\/a><\/strong><\/span>, \u201cDanzig und Karl XII. im Nordischen \u201d, Helsinki 1996.<\/span><br \/>\n<span style=\"color: #000000; font-size: 12pt;\">B.<strong> <span style=\"color: #0000ff;\"><a style=\"color: #0000ff;\" href=\"https:\/\/books.google.nl\/books?redir_esc=y&amp;hl=nl&amp;id=saBMAAAAMAAJ&amp;focus=searchwithinvolume&amp;q=meijerfeldt\">Salln\u00e4s<\/a><\/span><\/strong>, \u201cSamuel \u00c5kerhielm d.y., en statsmannabiogra\u00adfi\u201d, Lund 1947.<\/span><br \/>\n<span style=\"font-size: 12pt;\"><span style=\"color: #000000;\">C.F.K. von<span style=\"color: #0000ff;\"> <a style=\"color: #0000ff;\" href=\"https:\/\/meijenfeldt.nl\/?page_id=22866\"><strong>Sarauw<\/strong><\/a><\/span>, \u201cDie Feldz\u00fcge Karls XII. Ein quellenm\u00e4ssiger Beitrag zur Kriegsgeschichte und Kabinetspolitik Europa&#8217;s im XVIII. Jahrhundert\u201d, Leipzig 1881.<br \/>\nS.<strong> Schama<\/strong>, \u201cPatriotten en Bevrijders. Revolutie in de Noordelijke Nederlanden 1780-1813\u201d, vertaling, Amsterdam 1989. &#x2663;<br \/>\nC.L. von <strong>Schantz<\/strong> (utgv. J.H. Werner)<strong>,<\/strong> \u201cMatrikel \u00f6fwer Swerikes Ridderskap och Adel\u201d, Stockholm 1731, <span style=\"color: #0000ff;\"><a style=\"color: #0000ff;\" href=\"https:\/\/babel.hathitrust.org\/cgi\/pt?id=mdp.39015059435514&amp;view=1up&amp;seq=25\">pag. 5<\/a><\/span> en <span style=\"color: #0000ff;\"><a style=\"color: #0000ff;\" href=\"https:\/\/babel.hathitrust.org\/cgi\/pt?id=mdp.39015059435514&amp;view=1up&amp;seq=98\">pag. 70<\/a><\/span>.<br \/>\n<\/span><span style=\"color: #000000;\">W. graf zu <strong>Schaumberg-Lippe<\/strong>, \u201cSchrifte und Briefe\u201d, deel 3, 1983.<\/span><\/span><br \/>\n<span style=\"font-size: 12pt;\"><span style=\"color: #000000;\">D. <b>Schimmelpfennig<\/b>, \u201cDie Pastoren Belgards seit der Reformation\u201d, uit tijdschrift\u00a0\u201cAus dem Lande Belgard\u201d, 9.1924, <span style=\"color: #0000ff;\"><a style=\"color: #0000ff;\" href=\"https:\/\/belgard.org\/orte\/belgard\/pastoren\/\">pag. 46<\/a><\/span>.<br \/>\n<\/span><span style=\"color: #000000;\">B. von<\/span> <span style=\"color: #0000ff;\"><a style=\"color: #0000ff;\" href=\"https:\/\/meijenfeldt.nl\/?page_id=22823\"><b>Schinkel<\/b><\/a><\/span>, <span style=\"color: #000000;\">\u201cMinnen ur Sveriges nyare historia\u201d, Stockholm 1852, deel 2.<\/span><\/span><br \/>\n<span style=\"font-size: 12pt;\"><span style=\"color: #000000;\">C.\u00a0<strong>Schirren<\/strong>,<br \/>\n&#8211; \u201cDie <span style=\"color: #0000ff;\"><a style=\"color: #0000ff;\" href=\"https:\/\/meijenfeldt.nl\/?page_id=21148\">Recesse<\/a><\/span>\u00a0der livl\u00e4ndische Landtage 1681-1711\u201d, Dorpat 1865.<br \/>\n<\/span>&#8211; <span style=\"color: #000000;\">&#8220;Die <span style=\"color: #0000ff;\"><a style=\"color: #0000ff;\" href=\"https:\/\/kpbc.umk.pl\/dlibra\/publication\/31507\/edition\/40728\/content\">Capitulationen<\/a><\/span> der livl\u00e4ndischen Ritter- und Landschaft und der Stadt Riga vom 4. Juni 1710 nebst deren Confirmationen&#8221;, Dorpat 1865.<\/span><\/span><br \/>\n<span style=\"font-size: 12pt;\"><span style=\"color: #000000;\">B. <b>Schlegel<\/b>\u00a0en C.A. <b>Klingspor<\/b>, \u201cDen med Sk\u00f6ldebref f\u00f6rl\u00e4nade men ej\u00a0\u00e5 Riddarhuset introducerade Svenska Adels \u00c4ttar-Tavlor\u201d, Stockholm 1875, <span style=\"color: #0000ff;\"><a style=\"color: #0000ff;\" href=\"https:\/\/play.google.com\/books\/reader?id=qIouAAAAYAAJ&amp;pg=GBS.PA146&amp;hl=sv&amp;printsec=frontcover\">pag. 146<\/a><\/span> (Kirstein) en <span style=\"color: #0000ff;\"><a style=\"color: #0000ff;\" href=\"https:\/\/play.google.com\/books\/reader?id=qIouAAAAYAAJ&amp;pg=GBS.PA186&amp;hl=nl\">pag. 186-187<\/a><\/span>\u00a0(Meijerfelt).<br \/>\nA.L. <strong>Schl\u00f6tzer<\/strong>, &#8220;Stats-Anzeigen&#8221;, G\u00f6ttingen 1790, H\u00e4steko, <span style=\"color: #0000ff;\"><a style=\"color: #0000ff;\" href=\"https:\/\/babel.hathitrust.org\/cgi\/pt?id=mdp.39015064566220&amp;view=1up&amp;seq=120&amp;q1=meyerfeldt\">pag. 116<\/a><\/span>, en Finnische Insurrection, <span style=\"color: #0000ff;\"><a style=\"color: #0000ff;\" href=\"https:\/\/babel.hathitrust.org\/cgi\/pt?id=mdp.39015064566220&amp;view=1up&amp;seq=137&amp;q1=meyerfeldt\">pag. 129 e.v.<\/a><\/span><br \/>\nJ.J. <span style=\"color: #0000ff;\"><a style=\"color: #0000ff;\" href=\"https:\/\/meijenfeldt.nl\/?page_id=65359\"><strong>Schmau\u03b2<\/strong><\/a><\/span>, &#8220;Das Glorw\u00fcrdigste Leben und die grossen Helden=Thaten Sr. letztverstorbenen Majest. Caroli XII. K\u00f6nigs in Schweden&#8221;, Halle 1719-1720.<br \/>\nU. <b>Schmelz<\/b>, \u201eDas Holl\u00e4ndische Viertel in Potsdam, Potsdam 1992<\/span>. <span class=\"s4\">&#x2663;<br \/>\n<\/span><span style=\"color: #000000;\"><span class=\"s2\">C.<\/span><span class=\"s2\">W. <b>Schmidt<\/b><\/span><span class=\"s2\">, \u201cWunderbare Reisen zu Wasser und zu Lande <\/span><span class=\"s2\">und lustige <\/span><span class=\"s2\">Abenteur<\/span><span class=\"s2\"> des Freiherrn von M\u00fcnchhausen\u201c, Wiesbaden-Berlin .<\/span> <span class=\"s4\">&#x2663;<br \/>\n<\/span>I. <b>Schnell<\/b>, \u201c\u00d6ja Kyrka\u201d, S\u00f6dermanlands hembygs- ochmuseif\u00f6rbund, Nyk\u00f6ping 1969. &#x2663;<br \/>\nC. von <strong>Sch\u00f6nfelt<\/strong>, &#8220;Matrickel ofver Svea rikes ridderskap och adel&#8221;, Stockholm 1770,<\/span> <span style=\"color: #0000ff;\"><a style=\"color: #0000ff;\" href=\"https:\/\/archive.org\/details\/matrickelofversv00scho\/page\/12\/mode\/2up?q=Meijerfelt%2C\">pag. 12<\/a> <span style=\"color: #000000;\">en <\/span><\/span><span style=\"color: #0000ff;\"><a style=\"color: #0000ff;\" href=\"https:\/\/archive.org\/details\/matrickelofversv00scho\/page\/220\/mode\/2up?q=Meijerfelt%2C\">pag. 220<\/a><\/span>.<\/span><br \/>\n<span style=\"font-size: 12pt;\"><span style=\"color: #000000;\">E. <strong>Schr\u00f6derheim<\/strong>, &#8220;Anteckningar till Konung Gustaf III:s historia : jemte brefvexling emellan konungen oh honom&#8221;, Orebro 1851<\/span>,<span style=\"color: #0000ff;\"><a style=\"color: #0000ff;\" href=\"https:\/\/babel.hathitrust.org\/cgi\/pt?id=hvd.hnngra&amp;view=1up&amp;seq=231\"> pag. 225<\/a> <\/span>en <span style=\"color: #0000ff;\"><a style=\"color: #0000ff;\" href=\"https:\/\/babel.hathitrust.org\/cgi\/pt?id=hvd.hnngra&amp;view=1up&amp;seq=243\">pag. 237<\/a><\/span>.<\/span><br \/>\n<span style=\"font-size: 12pt;\"><span style=\"color: #000000;\">H. <strong>Sch\u00fcck<\/strong><strong>, <\/strong><\/span><span style=\"color: #000000;\">met K. Warburg, \u201cHuvuddragen av Sverigeslitteratur\u201c, Stockholm 1918. <span class=\"s4\">&#x2663;<br \/>\nM. <strong>Sch\u00fcrer von Waldheim<\/strong>, &#8220;Prins Maximilian Emanuel av W\u00fcrttemberg. En tapper dragon\u00f6fverste i Karl XII:s arm\u00e9&#8221;, Stockholm 1913,\u00a0<\/span><\/span><span style=\"color: #0000ff;\"><a style=\"color: #0000ff;\" href=\"https:\/\/archive.org\/details\/schurer-von-waldheim-prins-maximilian-emanuel-af-wurttemberg\/page\/42\/mode\/2up?q=meijerfeldt\">pag. 42<\/a><\/span> en\u00a0<span style=\"color: #0000ff;\"><a style=\"color: #0000ff;\" href=\"https:\/\/archive.org\/details\/schurer-von-waldheim-prins-maximilian-emanuel-af-wurttemberg\/page\/66\/mode\/2up?q=meijerfeldt\">pag. 66<\/a>.<br \/>\n<\/span><span style=\"color: #000000;\"><span class=\"s4\">M.S. <span style=\"color: #0000ff;\"><a style=\"color: #0000ff;\" href=\"https:\/\/meijenfeldt.nl\/?page_id=39578\"><strong>Schwartz<\/strong><\/a><\/span>, &#8220;Dr\u00f6mmelskan p\u00e5 Johan Henrik Kellgrens graf. Drag ur Svenska skalders lif&#8221;, Stockholm 1866.<br \/>\nH.N.\u00a0\u00a0<span style=\"color: #0000ff;\"><strong><a style=\"color: #0000ff;\" href=\"https:\/\/dspace.ut.ee\/handle\/10062\/34446\">Scott gen. Pistolekors<\/a><\/strong><\/span>, \u201cNachrichten \u00fcber die Adelsgeschlechter Scott of Craighall, Pistolekors\u201d, Pommern 1984, nrs. 45, 90-91 en 180-181.<\/span><\/span><span style=\"color: #0000ff;\"><br \/>\n<\/span><span style=\"color: #000000;\">I. <strong>Seth<\/strong>, \u201cDie Universit\u00e6t Greifswald und ihre Stellung in der schwedischen Kulturpolitik 1637-1815\u201d, Berlijn 1956. &#x2663;<br \/>\n<\/span><span style=\"color: #000000;\">H.M. von <b>Seulenberg<\/b>, \u201cL\u00f6jtnanten HMvS:s ber\u00e4ttelse om sin f\u00f6rsta Ryska f\u00e5ngenskap 1708-1714\u201d, KKD deel 8, Lund 1913, <span style=\"color: #0000ff;\"><a style=\"color: #0000ff;\" href=\"http:\/\/runeberg.org\/karolikrig\/8\/0272.html\">pag. 219<\/a>, <a style=\"color: #0000ff;\" href=\"http:\/\/runeberg.org\/karolikrig\/8\/0276.html\">pag. 223<\/a> en <a style=\"color: #0000ff;\" href=\"http:\/\/runeberg.org\/karolikrig\/8\/0282.html\">pag 229<\/a><\/span>.<br \/>\n<\/span><span style=\"color: #000000;\"><span class=\"s2\">D. <b>Seward<\/b>, \u201eThe monks of War. <\/span><span class=\"s2\">The Military Religious Orders\u201d, London 1995.<\/span> <span class=\"s4\">&#x2663;<br \/>\nJ.\u00a0<span style=\"color: #0000ff;\"><a style=\"color: #0000ff;\" href=\"https:\/\/meijenfeldt.nl\/?page_id=20691\"><strong>Siebmacher<\/strong><\/a><\/span>, \u201cGrosses und algemeines Wappenbuch\u201d, N\u00fcrnburg.<br \/>\n<\/span><\/span><span style=\"color: #000000;\">F.F. M***, \u201cNiveau Dictionnaire Historique des <strong>Si\u00e8ges et Batailles\u00a0<\/strong>M\u00e9morables, et des Combats Maritimes les plus fameux\u201d, deel 5, Parijs 1808.<br \/>\n<\/span><span style=\"color: #000000;\">D.N. von <span style=\"color: #0000ff;\"><strong>S<a style=\"color: #0000ff;\" href=\"https:\/\/meijenfeldt.nl\/?page_id=20267\">iltmann<\/a><\/strong><\/span>, \u201c&lt;Volont\u00e4ren&gt; vid Svenska Arm\u00e9n Preussiske \u00f6fverstl\u00f6jtnanten baron &#8230;s Dagbok 1708-1709\u201d, KKD deel 3, Lund 1907.<\/span><\/span><br \/>\n<span style=\"font-size: 12pt;\"><span style=\"color: #000000;\">D.B. <b>Silver<\/b>, \u201cRefuge in hell. How Berlin\u2019s Jewish hospital outlasted the nazi\u2019s\u201d, Boston-New York 2003. &#x2663;<br \/>\n<\/span><span style=\"color: #000000;\">A.E. <b>Sj\u00f6ding<\/b>, &#8220;Johan Henrik Kellgren, skald och upplysningsman\u201d, Stockholm 1948. &#x2663;<br \/>\nO. <strong>Sj\u00f6str\u00f6m<\/strong>, \u201c<span class=\"displayFields\"><span class=\"subTitle\">N\u00e4r Karl XII tog tillbaka en g\u00e5va\u201c, i<\/span><\/span><span class=\"displayFields\"><span class=\"italicLabel\">n:\u00a0<\/span>Arm\u00e9museum: om krig och m\u00e4nniskor, [ed] Anna Maria Forssberg, Stockholm 2009, pag. 48-49.<\/span><br \/>\n<\/span><span style=\"color: #000000;\"><i>Skand. S\u00e4llsk. Handl., VII.<\/i><\/span><\/span><br \/>\n<span style=\"font-size: 12pt;\"><span style=\"color: #000000;\">L. <b>Smids<\/b>, \u201cOorlogend Europa of een korte chronyk van het voorgevallene in Staat en Oorlog\u201d, Amsteldam 1715, <a style=\"color: #000000;\" href=\"https:\/\/www.delpher.nl\/nl\/boeken1\/gview?query=meyerfeld&amp;coll=boeken1&amp;page=2&amp;identifier=_PdaAAAAcAAJ\"><span style=\"color: #000080;\"><span style=\"color: #0000ff;\">pag. 142<\/span><\/span><\/a>.<br \/>\nP.K. <strong>S\u00f6rensson<\/strong>, <\/span><span style=\"color: #000000;\">&#8220;<\/span>Ur General Meijerfelts dagboksanteckningar. Ett Karl XII:s \u00e4ventyr i Polen 1706&#8243;, Stockholm 1919,<span style=\"color: #0000ff;\"> <a style=\"color: #0000ff;\" href=\"https:\/\/meijenfeldt.nl\/wp-content\/uploads\/2020\/09\/Sorensson.pdf\">pag. 8-11<\/a>.<\/span><\/span><br \/>\n<span style=\"color: #000000; font-size: 12pt;\">F. <b>Sparre<\/b>, \u201cEgenh\u00e4ndiga Anteckningar\u201d, in\u00a0\u201cPortefeuille\u201d, Stockholm 1837, deel 1,\u00a0<a style=\"color: #000000;\" href=\"https:\/\/books.google.nl\/books?id=nEFaAAAAcAAJ&amp;pg=PA93&amp;lpg=PA93&amp;dq=wrede-sparre&amp;source=bl&amp;ots=kVQySwpvLt&amp;sig=0r5_5F4LdQTxtF1BsDY7ZqzJLj0&amp;hl=nl&amp;sa=X&amp;ved=2ahUKEwix1rOGxPvaAhWHJVAKHTqRCFk4FBDoATABegQIABA2#v=onepage&amp;q=meyerfelt&amp;f=false\"><span style=\"color: #0000ff;\"><b><\/b>pag. 93 e.v.<\/span><\/a><\/span><br \/>\n<span style=\"color: #000000; font-size: 12pt;\">C.P.H. <strong>Sperling<\/strong>, \u201cL\u00f6jtnanten Grefwe Sperlings Dagbok\u201d, KKD deel 3, Lund 1907, <span style=\"color: #0000ff;\"><a style=\"color: #0000ff;\" href=\"http:\/\/runeberg.org\/karolikrig\/3\/0072.html\">pag. 26<\/a><\/span>, <span style=\"color: #0000ff;\"><a style=\"color: #0000ff;\" href=\"http:\/\/runeberg.org\/karolikrig\/3\/0077.html\">pag. 31<\/a><\/span> en <span style=\"color: #0000ff;\"><a style=\"color: #0000ff;\" href=\"http:\/\/runeberg.org\/karolikrig\/3\/0078.html\">pag. 32<\/a><\/span>.<br \/>\n&#8220;Archiv der Familie von <span style=\"color: #0000ff;\"><a style=\"color: #0000ff;\" href=\"https:\/\/meijenfeldt.nl\/?page_id=27352\"><strong>Stackelberg<\/strong><\/a><\/span>&#8220;, tweede delen, St. Petersburg 1900.<\/span><br \/>\n<span style=\"color: #000000; font-size: 12pt;\">O.M. von <b>Stackelberg<\/b>, \u201cGenealogisches Handbuch der esthl\u00e4ndischen Ritterschaft\u201d, G\u00f6rlitz 1931, <span style=\"color: #0000ff;\"><a style=\"color: #0000ff;\" href=\"https:\/\/daten.digitale-sammlungen.de\/bsb00000600\/images\/index.html?id=00000600&amp;groesser=&amp;fip=193.174.98.30&amp;no=&amp;seite=118\">pag. 101<\/a><\/span> en <a style=\"color: #000000;\" href=\"http:\/\/daten.digitale-sammlungen.de\/~db\/bsb00000600\/images\/index.html?id=00000600&amp;fip=193.174.98.30&amp;no=&amp;seite=498\"><span style=\"color: #0000ff;\"><b><\/b>pag. 489<\/span><\/a>.<br \/>\nC.G. <span style=\"color: #0000ff;\"><a style=\"color: #0000ff;\" href=\"https:\/\/meijenfeldt.nl\/?page_id=49259\"><strong>Starb\u00e4ck<\/strong><\/a><\/span> en P. O. <span style=\"color: #0000ff;\"><a style=\"color: #0000ff;\" href=\"https:\/\/meijenfeldt.nl\/?page_id=49259\"><strong>B\u00e4ckstr\u00f6m<\/strong><\/a><\/span>, \u201cBer\u00e4ttelser ur svenska historien\u201d, deel 7 \u201cCarl XII\u201d, Stockholm 1886.<\/span><br \/>\n<span style=\"font-size: 12pt;\"><span style=\"color: #000000;\">B. <span style=\"color: #0000ff;\"><strong><a style=\"color: #0000ff;\" href=\"https:\/\/meijenfeldt.nl\/wp-content\/uploads\/2022\/08\/Steckzen.pdf\">Steckz\u00e9n<\/a><\/strong><\/span>, \u201cV\u00e4sterbottens Regementes Officerare till 1841. <\/span><span class=\"fn\"><span dir=\"ltr\"><span style=\"color: #000000;\">Biografiska Uppgifter \u00d6ver Officerare Och Likst\u00e4llda Vid V\u00e4sterbottensf\u00e4nnikan Och V\u00e4sterbottens Regemente&#8221;, Ume\u00e5 1955.<\/span><br \/>\n<\/span><\/span><span style=\"color: #000000;\">M<strong>. <span style=\"color: #0000ff;\"><a style=\"color: #0000ff;\" href=\"https:\/\/meijenfeldt.nl\/?page_id=20601\">Stenbock<\/a><\/span><\/strong>, \u201cBref till Carl XII\u201d &amp; \u201cBilagor till M.s journal\u201d, KKD deel 12, Lund 1918.<br \/>\n<\/span><span style=\"color: #000000;\">A.A. von <span style=\"color: #0000ff;\"><a style=\"color: #0000ff;\" href=\"https:\/\/meijenfeldt.nl\/?page_id=12369\"><strong>Stiernman<\/strong><\/a><\/span>,<br \/>\n&#8211; \u201cMatrikel \u00f6fver Swea Rikes Ridderskap och Adel\u201d, Stockholm 1754-1755.\u00a0 &#x2663;<br \/>\n&#8211; &#8220;Samling utaf Kongl. bref, stadgar och f\u00f6rordningar &amp;c. ang\u00e5ende Sweriges rikes commerce, politie och oeconomie uti gemen: ifr\u00e5n \u00e5hr 1523 in til gemen n\u00e5rwarande tid : upp\u00e5 Hans Kongl. Maj:ts n\u00e5digesta befallning&#8221;, deel 7, Stockholm 1775, pag. 256.<\/span><\/span><br \/>\n<span style=\"color: #000000; font-size: 12pt;\">P. <b>Stierncrantz<\/b>, \u201cDagbok under f\u00e4ltt\u00e5get i Sk\u00e5ne 1709-1710 af generaladjudanten Per S.\u201c, KKD deel 10, <span style=\"color: #0000ff;\"><a style=\"color: #0000ff;\" href=\"http:\/\/runeberg.org\/karolikrig\/10\/0221.html\">pag. 172.<\/a><br \/>\n<\/span>B. <strong>Stjernsv\u00e4rd<\/strong> en A. <strong>Geijer<\/strong>, &#8220;Den Sergellska M\u00e4sshaken i S\u00f6vde Kyrka&#8221;, Nordiskas Museet och Skansens \u00c5rsbok 1948, <span style=\"color: #0000ff;\"><a style=\"color: #0000ff;\" href=\"https:\/\/www.diva-portal.org\/smash\/get\/diva2:1269612\/FULLTEXT01.pdf\">pag. 115-130<\/a><\/span>.<\/span><br \/>\n<span style=\"color: #000000; font-size: 12pt;\">A. <span style=\"color: #0000ff;\"><strong><a style=\"color: #0000ff;\" href=\"https:\/\/meijenfeldt.nl\/?page_id=17538\">Stille<\/a><\/strong><\/span>, \u201cKriget i Sk\u00e5ne 1710-1711\u201d, Milit\u00e4rlitteratur-f\u00f6reningens f\u00f6rlag, Stockholm 1903.<\/span><br \/>\n<span style=\"font-size: 12pt;\"><span style=\"color: #000000;\">A. <span style=\"color: #0000ff;\"><a style=\"color: #0000ff;\" href=\"http:\/\/runeberg.org\/strindbg\/engelbr\/\"><strong>Strindberg<\/strong><\/a><\/span>, \u201cCarl XII. Sk\u00e5despel i fem tabl\u00e5er\u201d, Stockholm 1918. &#x2663;<br \/>\n<\/span>S. <strong><span style=\"color: #0000ff;\"><a style=\"color: #0000ff;\" href=\"https:\/\/meijenfeldt.nl\/wp-content\/uploads\/2022\/09\/Strombom.pdf\">Str\u00f6mbom<\/a><\/span><\/strong>, &#8220;Index \u00f6ver Svenska portr\u00e4t 1500-1850&#8221;, Stockholm 1939.<\/span><br \/>\n<span style=\"color: #000000; font-size: 12pt;\">K.M. von <span style=\"color: #0000ff;\"><a style=\"color: #0000ff;\" href=\"https:\/\/meijenfeldt.nl\/?page_id=21206\"><strong>Sulicki<\/strong><\/a><\/span>, \u201cDer Siebenj\u00e4rige Krieg in Pommern\u201d, Berlin 1867.<br \/>\nU. <strong>Sundberg<\/strong>, \u201cSwedish defensive fortress warfare in the Great Northern War 1702-1710\u201d, \u00c5bo 2014, <span style=\"color: #0000ff;\"><a style=\"color: #0000ff;\" href=\"https:\/\/www.doria.fi\/bitstream\/handle\/10024\/156474\/sundberg_ulf.pdf?sequence=1&amp;isAllowed=y\">pag. 252-256<\/a><\/span>.<\/span><br \/>\n<span style=\"font-size: 12pt;\"><span style=\"color: #000000;\">O.Th. <a style=\"color: #000000;\" href=\"https:\/\/books.google.se\/books?id=3UwMAQAAMAAJ&amp;pg=PA200&amp;dq=meijerfelt+biografiskt&amp;hl=sv&amp;sa=X&amp;ved=0ahUKEwiN6MnS_-7dAhUnPewKHY57BcYQ6AEIOzAD#v=onepage&amp;q&amp;f=false\"><strong><span style=\"color: #0000ff;\">Sundholm<\/span><\/strong><\/a>, \u201cSveriges F\u00e4ltmarskalkar\u201d, Upsala 1873, pag. 200.<br \/>\nW.E. <strong>Svedelius<\/strong>, &#8220;Minnen av kongl. r\u00e5det och \u00f6fverste marskalken grefve Karl Piper&#8221;, SAH 1796, Stockholm 1869,\u00a0 <span style=\"color: #0000ff;\"><a style=\"color: #0000ff;\" href=\"https:\/\/babel.hathitrust.org\/cgi\/pt?id=hvd.32044019618669&amp;view=1up&amp;seq=122\">pag. 112<\/a><\/span> en <span style=\"color: #0000ff;\"><a style=\"color: #0000ff;\" href=\"https:\/\/babel.hathitrust.org\/cgi\/pt?id=hvd.32044019618669&amp;view=1up&amp;seq=147\">pag. 137-140<\/a><\/span>.<br \/>\n<a href=\"https:\/\/meijenfeldt.nl\/wp-content\/uploads\/2022\/10\/Svensksund-1790-1940.pdf\"><span style=\"color: #0000ff;\"><strong>Svensksund<\/strong><\/span><\/a><\/span><span class=\"fn\"><span dir=\"ltr\">\u00a01790-1940<\/span><\/span>:\u00a0<span class=\"subtitle\"><span dir=\"ltr\">en minnesbok,\u00a0<\/span><\/span><span dir=\"ltr\">Sweden F\u00f6rsvarsstaben, Krigshistoriska avdelningen,\u00a0<\/span><span dir=\"ltr\">F\u00f6reningen Sveriges Flotta<\/span>, 1940.<\/span><br \/>\n<span style=\"color: #000000; font-size: 12pt;\">O. <strong>Sylwan<\/strong>, &#8220;Johan Henrik Kellgren, en \u00f6fversikt af hans lefnad och f\u00f6rfattarskap&#8221;,\u00a0 Stockholm 1912, <span style=\"color: #0000ff;\"><a style=\"color: #0000ff;\" href=\"https:\/\/archive.org\/details\/JohanHenrikKellgren\/page\/n37\/mode\/2up?q=meijerfelt\">pag. 21<\/a><\/span>, <span style=\"color: #0000ff;\"><a style=\"color: #0000ff;\" href=\"https:\/\/archive.org\/details\/JohanHenrikKellgren\/page\/n45\/mode\/2up?q=meijerfelt\">pag. 28-29<\/a> <\/span>en <span style=\"color: #0000ff;\"><a style=\"color: #0000ff;\" href=\"https:\/\/archive.org\/details\/JohanHenrikKellgren\/page\/n233\/mode\/2up?q=meijerfelt\">pag. 217 noot 48<\/a><\/span>.<\/span><\/p>\n","protected":false},"excerpt":{"rendered":"<p>FAMILIE\u00a0\/\u00a0BIBLIOTHEEK\u00a0\/\u00a0LITERATUUR \/ AUTEURS S H. Saarinen, \u201cDanzig und Karl XII. im Nordischen \u201d, Helsinki 1996. B. Salln\u00e4s, \u201cSamuel \u00c5kerhielm d.y., en statsmannabiogra\u00adfi\u201d, Lund 1947. C.F.K. von Sarauw, \u201cDie Feldz\u00fcge Karls XII. Ein quellenm\u00e4ssiger Beitrag zur Kriegsgeschichte und Kabinetspolitik Europa&#8217;s im XVIII. Jahrhundert\u201d, Leipzig 1881. S. Schama, \u201cPatriotten en Bevrijders. Revolutie in de Noordelijke Nederlanden 1780-1813\u201d, &hellip; <a href=\"https:\/\/meijenfeldt.nl\/?page_id=57613\" class=\"more-link\">Verder lezen <span class=\"screen-reader-text\">S<\/span><\/a><\/p>\n","protected":false},"author":1,"featured_media":0,"parent":0,"menu_order":0,"comment_status":"closed","ping_status":"closed","template":"","meta":{"footnotes":""},"class_list":["post-57613","page","type-page","status-publish","hentry"],"_links":{"self":[{"href":"https:\/\/meijenfeldt.nl\/index.php?rest_route=\/wp\/v2\/pages\/57613","targetHints":{"allow":["GET"]}}],"collection":[{"href":"https:\/\/meijenfeldt.nl\/index.php?rest_route=\/wp\/v2\/pages"}],"about":[{"href":"https:\/\/meijenfeldt.nl\/index.php?rest_route=\/wp\/v2\/types\/page"}],"author":[{"embeddable":true,"href":"https:\/\/meijenfeldt.nl\/index.php?rest_route=\/wp\/v2\/users\/1"}],"replies":[{"embeddable":true,"href":"https:\/\/meijenfeldt.nl\/index.php?rest_route=%2Fwp%2Fv2%2Fcomments&post=57613"}],"version-history":[{"count":3,"href":"https:\/\/meijenfeldt.nl\/index.php?rest_route=\/wp\/v2\/pages\/57613\/revisions"}],"predecessor-version":[{"id":65363,"href":"https:\/\/meijenfeldt.nl\/index.php?rest_route=\/wp\/v2\/pages\/57613\/revisions\/65363"}],"wp:attachment":[{"href":"https:\/\/meijenfeldt.nl\/index.php?rest_route=%2Fwp%2Fv2%2Fmedia&parent=57613"}],"curies":[{"name":"wp","href":"https:\/\/api.w.org\/{rel}","templated":true}]}}