{"id":57593,"date":"2023-08-09T07:37:22","date_gmt":"2023-08-09T07:37:22","guid":{"rendered":"https:\/\/meijenfeldt.nl\/?page_id=57593"},"modified":"2024-06-16T15:25:39","modified_gmt":"2024-06-16T15:25:39","slug":"k","status":"publish","type":"page","link":"https:\/\/meijenfeldt.nl\/?page_id=57593","title":{"rendered":"K"},"content":{"rendered":"<p><span style=\"font-size: 10pt;\"><span style=\"color: #0000ff;\"><a style=\"color: #0000ff;\" href=\"https:\/\/meijenfeldt.nl\/\">FAMILIE<\/a><\/span>\u00a0\/\u00a0<span style=\"color: #0000ff;\"><a style=\"color: #0000ff;\" href=\"https:\/\/meijenfeldt.nl\/?page_id=51152\">BIBLIOTHEEK<\/a><\/span>\u00a0\/\u00a0<span style=\"color: #0000ff;\"><a style=\"color: #0000ff;\" href=\"https:\/\/meijenfeldt.nl\/?page_id=217\">LITERATUUR<\/a><\/span> \/ <span style=\"color: #000000;\">AUTEURS K<\/span><\/span><\/p>\n<p><span style=\"font-size: 12pt;\"><span style=\"color: #000000;\"><span style=\"font-family: georgia, palatino, serif;\"><span style=\"color: #008000;\">L. <span style=\"color: #0000ff;\"><a style=\"color: #0000ff;\" href=\"https:\/\/meijenfeldt.nl\/?page_id=33764\"><strong>Kagg<\/strong><\/a><\/span><span style=\"color: #000000;\">, &#8220;Dagbok 1698-1722\u201d, Historiska Handlingar, deel 24, Stockholm 1912.<\/span><br \/>\n<a style=\"color: #008000;\" href=\"https:\/\/meijenfeldt.nl\/?page_id=21157\"><strong><span style=\"color: #0000ff;\">Karel XII<\/span><\/strong><\/a><\/span>, Koning van Zweden, <\/span><\/span><span style=\"color: #000000; font-family: georgia, palatino, serif;\">M.A.\u00a0<\/span><span style=\"color: #000000;\">Geffroy,\u00a0<\/span><span style=\"color: #000000; font-family: georgia, palatino, serif;\">\u201cT<\/span><span style=\"color: #000000; font-family: georgia, palatino, serif;\">extes Su\u00e9dois,<\/span><span style=\"color: #000000; font-family: georgia, palatino, serif;\">\u00a0<\/span><span style=\"color: #000000; font-family: georgia, palatino, serif;\">Lettres in\u00e9dites du Roi Charles XII&#8221;, <\/span><span style=\"color: #000000;\"><span style=\"font-family: georgia, palatino, serif;\">traduction Fran\u00e7aise av<\/span><\/span><span style=\"font-family: georgia, palatino, serif; color: #000000;\">ec introduction, notes et facsimile, Paris 1853.<br \/>\n<\/span><span style=\"color: #000000;\">J. <strong>Keegan<\/strong> en J. <strong>Darracott<\/strong>, \u201cThe Nature of War\u201c, Toronto 1981. &#x2663;<br \/>\n<\/span><span style=\"color: #000000;\">Chr. <span style=\"color: #0000ff;\"><a style=\"color: #0000ff;\" href=\"https:\/\/meijenfeldt.nl\/?page_id=57911\"><strong>Kelch<\/strong><\/a><\/span>, \u201cLiefl\u00e4ndische Historia&#8221;, deel 2, &#8220;Continuation 1690-1707\u201d, Dorpat 1875.\u00a0<\/span><\/span><br \/>\n<span style=\"color: #000000; font-size: 12pt;\">J.H. <strong>Kellgren<u><\/u><\/strong>,<br \/>\n&#8211; &#8220;Samlade Skrifter&#8221;, \u00d6rebro 1838, deel 1, <span style=\"color: #0000ff;\"><a style=\"color: #0000ff;\" href=\"https:\/\/babel.hathitrust.org\/cgi\/pt?id=osu.32435050858273&amp;view=1up&amp;seq=16\">blad 16<\/a> (Underr\u00e4ttelse) en <\/span>deel 2, <span style=\"color: #0000ff;\"><a style=\"color: #0000ff;\" href=\"https:\/\/babel.hathitrust.org\/cgi\/pt?id=osu.32435050858224&amp;view=1up&amp;seq=167&amp;q1=d%C3%B6pelse\">pag. 377<\/a> <\/span>(Gratiernas D\u00f6pelse),<br \/>\n&#8211; &#8220;Bref till Rosenstein&#8221;, Samlaren Tidskrift, Uppsala 1887, <span style=\"color: #0000ff;\"><a style=\"color: #0000ff;\" href=\"http:\/\/runeberg.org\/samlaren\/1887\/0048.html\">pag. 44<\/a><\/span>\u00a0(Til grefvinnan Mejerfelt).<br \/>\n&#8211; \u201cBref till Abraham Niclas <span style=\"color: #0000ff;\"><a style=\"color: #0000ff;\" href=\"https:\/\/meijenfeldt.nl\/?page_id=49140\">Clewberg<\/a><\/span>\u201d, Svenska litteraturs\u00e4llskapet i Finland XXVIII, Helsingfors 1894.<strong><br \/>\n<\/strong>Z. <strong>Kiaupa<\/strong>, A. <strong>M\u00e4esalu<\/strong>, A. <strong>Pajur<\/strong>, G. <strong>Straube<\/strong>, &#8220;Geschichte des Baltikums&#8221;, Tallinn 1999. &#x2663;<\/span><br \/>\n<span style=\"color: #000000; font-size: 12pt;\">E. <strong><span style=\"color: #0000ff;\"><a style=\"color: #0000ff;\" href=\"https:\/\/meijenfeldt.nl\/wp-content\/uploads\/2022\/09\/Kiellberg.pdf\">Kiellberg<\/a><\/span><\/strong>, \u201cSweriges Ridderskaps och Adels Wapnebok\u201d, Stock\u00adholm 1734.<\/span><br \/>\n<span style=\"font-size: 12pt;\"><span style=\"color: #000000;\">B.I. <strong>Kilstr\u00f6m<\/strong>, \u201cKyrkorna i T\u00e4by\u201d, Kathrineholm 1983. &#x2663;&#x2663;<br \/>\n<strong>Kinder<\/strong> en W. <strong>Hilgemann<\/strong>, \u201cSesam Atlas bij de Wereldgeschiede\u00adnis\u201d, vertaling, Apeldoorn 1983, 2 delen. &#x2663;<br \/>\nJ.<\/span> <span style=\"color: #0000ff;\"><strong><a style=\"color: #0000ff;\" href=\"https:\/\/meijenfeldt.nl\/wp-content\/uploads\/2022\/09\/Kleberg.pdf\">Kleberg<\/a><\/strong><\/span>, <span style=\"color: #000000;\">&#8220;Heraldiskt Lexicon \u00f6ver \u00e5 svenska riddarhuset introducerade \u00e4tter&#8221;, Stockholm 1919.<\/span><\/span><br \/>\n<span style=\"color: #000000; font-size: 12pt;\">J.M. <strong>Klement<u><\/u>, <\/strong>\u201cAktenst\u00fccke zur Geschichte Franz R\u00e1c\u00f3czy\u2019s und seiner Verbindungen mit dem Auslande\u201d (in: Fontes Rerum Austriacarum; \u00d6sterreichisches Geschichts-Quellen, Abt. II, Band XVII), Wien 1858.<br \/>\nR. <strong>Klempin<\/strong> en G. <strong>Krantz<\/strong>, &#8220;Matrikeln und Verzeichnisse der Pommerschen Ritterschaft&#8221;, Berlijn 1863, <span style=\"color: #0000ff;\"><a style=\"color: #0000ff;\" href=\"https:\/\/play.google.com\/books\/reader?id=yLNXAAAAcAAJ&amp;pg=GBS.PA546&amp;hl=nl\">pag. 547<\/a><\/span> en <span style=\"color: #0000ff;\"><a style=\"color: #0000ff;\" href=\"https:\/\/play.google.com\/books\/reader?id=yLNXAAAAcAAJ&amp;pg=GBS.PA548&amp;hl=nl\">pag. 549<\/a><\/span>.<br \/>\n<\/span><span style=\"font-family: georgia, palatino, serif; font-size: 12pt;\">R.M. <strong><span style=\"color: #0000ff;\"><a style=\"color: #0000ff;\" href=\"https:\/\/meijenfeldt.nl\/?page_id=62135\">Klinckowstr\u00f6m<\/a><\/span><\/strong>, \u201cGrefve Fredrik Axel von Fersens Historiska Skrifter\u201d, Stockholm 1867-1868.<br \/>\n<\/span><span style=\"font-size: 12pt;\"><span style=\"color: #000000;\">M. <b>Klinge<\/b>, \u201cThe Baltic World\u201d, Helsinki 1994. <span class=\"s4\">&#x2663;<br \/>\n<\/span><\/span><span style=\"color: #000000;\">C.A.\u00a0<strong>Klingspor<\/strong>, \u201cSveriges Rid\u00adderskaps och Adels Vapen\u00adbok\u201d, Stockholm 1886, <span style=\"color: #0000ff;\"><a style=\"color: #0000ff;\" href=\"https:\/\/www.digitale-bibliothek-mv.de\/viewer\/image\/PPN755781104\/14\/\">pag. 14<\/a><\/span> (graaf), <span style=\"color: #0000ff;\"><a style=\"color: #0000ff;\" href=\"https:\/\/www.digitale-bibliothek-mv.de\/viewer\/image\/PPN755781104\/69\/\">pag. 59<\/a><\/span> (adel), <span style=\"color: #0000ff;\"><a style=\"color: #0000ff;\" href=\"https:\/\/www.digitale-bibliothek-mv.de\/viewer\/image\/PPN755781104\/184\/\">pag. 163\/22<\/a><\/span> (anteckningar) en <span style=\"color: #0000ff;\"><a style=\"color: #0000ff;\" href=\"https:\/\/www.digitale-bibliothek-mv.de\/viewer\/image\/PPN755781104\/206\/\">pag 206\/44<\/a><\/span> (ointroducerad).<br \/>\nC.G. <strong>Klingspor<\/strong> (transl. from manuscript by J.A. Gade), &#8220;Charles the Twelfth, King of Sweden&#8221;, Boston\/New York 1916, <span style=\"color: #0000ff;\"><a style=\"color: #0000ff;\" href=\"https:\/\/archive.org\/details\/charlestwelfthk00gadegoog\/page\/n301\/mode\/2up?q=Majerfeldt\">pag. 255<\/a><\/span>.<br \/>\n<strong>Klissow<\/strong>, &#8220;<span class=\"ng-star-inserted\">En f\u00f6rn\u00e4hm officerares utf\u00f6rlige relation, <\/span><span class=\"ng-star-inserted\">om den bataillen och h\u00e4rlige segren, som Hans Kongl. May:t af Swerige den 9\/19 julii anno 1702. wid Clissowa erh\u00e5llit \u00f6fwer konungen i Pohlen och hans sachsiska och pohlniska arm\u00e9e&#8221;, Stockholm 1702, <span style=\"color: #0000ff;\"><a style=\"color: #0000ff;\" href=\"https:\/\/digi.kansalliskirjasto.fi\/teos\/binding\/2200900?term=Meyerfeldts&amp;page=3&amp;marc=true\">pag. 3 en 7<\/a><\/span>.<\/span><\/span><\/span><br \/>\n<span style=\"font-size: 12pt;\"><span style=\"color: #000000;\">E.H.\u00a0<\/span><span style=\"color: #0000ff;\"><strong><a style=\"color: #0000ff;\" href=\"https:\/\/meijenfeldt.nl\/wp-content\/uploads\/2022\/09\/Kneschke.pdf\">Kneschke<\/a><\/strong><\/span><span style=\"color: #000000;\">, \u201cNeues allgemeines Deutsches Adels-Lexicon\u201d, Leipzig 1865.<br \/>\nJ.B. <strong>Knobel<\/strong>, \u201cThe\u00a0<span style=\"color: #0000ff;\"><a style=\"color: #0000ff;\" href=\"https:\/\/play.google.com\/books\/reader?id=P_BvAwAAQBAJ&amp;pg=GBS.PP1\">Knobel family<\/a><\/span>\u00a0and relationships as far as know to me in 1894\u2033, Pretoria 2014.<br \/>\n<\/span><span style=\"color: #000000;\">H.W. <strong>Koch<\/strong>, \u201cEuropa in Oorlog 1618-1815. De opkomst van de moderne oorlogvoering\u201d, vertaling, Alphen aan den Rijn 1984. &#x2663;<br \/>\n<\/span>J.H. von <strong><span style=\"color: #0000ff;\"><a style=\"color: #0000ff;\" href=\"https:\/\/meijenfeldt.nl\/?page_id=20273\">Kochen<\/a><\/span>, \u201c<\/strong><span style=\"color: #000000;\">Kansli-Dagbok fr\u00e5n Turkiet 1709-1714\u201d, KKD, deel 4, Lund 1908.<br \/>\nB. <span style=\"color: #0000ff;\"><strong><a style=\"color: #0000ff;\" href=\"https:\/\/meijenfeldt.nl\/wp-content\/uploads\/2022\/09\/Koerner.pdf\">Koerner<\/a><\/strong><\/span>, &#8220;Mecklenburgisches Geschlechterbuch&#8221;, G\u00f6rlitz 1935.<\/span><\/span><br \/>\n<span style=\"font-size: 12pt;\"><span style=\"color: #000000;\">M. <strong>Kohlhaas<\/strong>, \u201cNachkommen von Herman Marquard\u201d, download PDF,\u00a0<span style=\"color: #0000ff;\"><a style=\"color: #0000ff;\" href=\"https:\/\/www.nd-gen.de\/marquard\/\">pag. 4 en 5<\/a><\/span><\/span><span style=\"color: #000000;\">.<br \/>\nA. <strong>Kolbergs<\/strong>, &#8220;Portr\u00e4t einer Stadt. Geschichte Rigas Altstadt&#8221;, Riga 1998. &#x2663;<br \/>\nJ. von <strong>Konow<\/strong>, \u201cSvenska f\u00e4ltmarskalkar. En kortfattad namnpresentation&#8221;, 2002.<br \/>\n<span style=\"font-size: 12pt; font-family: georgia, palatino, serif;\">K. <span style=\"color: #0000ff;\"><a style=\"color: #0000ff;\" href=\"https:\/\/meijenfeldt.nl\/wp-content\/uploads\/2023\/04\/Koscielniak-Poznan.pdf\"><strong>Ko\u015bcielniak<\/strong><\/a><\/span>, &#8220;Battle of Pozna\u0144 of 19 August 1704 between the Saxon and Swedish Armies&#8221;, Faculty of History, Adam Mickiewicz University Pozna\u0144, 20 augustus 2020.<\/span><br \/>\n<\/span><span style=\"color: #000000;\">A. <b>Koskull<\/b>, \u201cSj\u00e4lfbiografiska anteckningar af \u00f6fverste A.K.\u201d, KKD, deel 6, pag. <span style=\"color: #0000ff;\"><a style=\"color: #0000ff;\" href=\"http:\/\/runeberg.org\/karolikrig\/6\/0364.html\">305-306<\/a><\/span> en <span style=\"color: #0000ff;\"><a style=\"color: #0000ff;\" href=\"http:\/\/runeberg.org\/karolikrig\/6\/0388.html\">329-330<\/a><\/span>.<br \/>\n<\/span><span style=\"color: #000000;\">D. <span style=\"color: #0000ff;\"><b>K<a style=\"color: #0000ff;\" href=\"https:\/\/meijenfeldt.nl\/?page_id=23567\">rman<\/a><\/b><\/span>, \u201cItinerarium\u201d, Latijns handschrift Weense Hofbibliotheek, gepubliceerd als \u201cHistoria ablegationis Dni superintendentis Danielis Krmann et Dni Samuelis Pohorszky ad regem Sueci\u00e6 Carolum XII\u201d in \u201cMonumenta Hungari\u00e6 historica\u201d, deel 23, Budapest 1894, vertaald in Slowaaks met veel voetnoten door pastor G. Viktory, \u201cCestovny Dennik z rok\u00f3v 1708-1709\u201d, Bratislava 1969.<br \/>\nK.F.H. de <strong>Kroon<\/strong>, &#8220;Arvid Bernhard Horn (kanselier van Zweden) 1721-1789&#8221;, De Navorscher,\u00a0 Amsterdam 1927-1929, <span style=\"color: #0000ff;\"><a style=\"color: #0000ff;\" href=\"http:\/\/www.heraldry-wiki.com\/arms\/literature\/journals\/Navorscher\/76_1927.PDF\">deel 76, pag. 161 e.v.<\/a><\/span>, <span style=\"color: #0000ff;\"><a style=\"color: #0000ff;\" href=\"http:\/\/www.heraldry-wiki.com\/arms\/literature\/journals\/Navorscher\/77_1928.PDF\">deel 77, pag. 97 e.v<\/a><\/span>., <\/span><span style=\"color: #0000ff;\"><a style=\"color: #0000ff;\" href=\"http:\/\/www.heraldry-wiki.com\/arms\/literature\/journals\/Navorscher\/78_1929.PDF\">deel 78, pag. 12<\/a><\/span><span style=\"color: #000000;\">.<br \/>\n<\/span>J. <b>Kross<\/b>, <span style=\"color: #000000;\">\u201cTussen drie plagen\u201d (oorspr. \u201cKolme katku vahel\u201d 1985), Amsterdam 2018. &#x2663;<br \/>\n<span style=\"font-family: georgia, palatino, serif;\">K. <strong>Kulbach-Fricke<\/strong>, \u201cFamilienbuch Riga\u201c, pag. 3807 (E. Seuberlich, Mat.) en pag. 5157.<\/span><\/span><\/span><br \/>\n<span style=\"font-size: 12pt;\"><span style=\"color: #000000;\">K.A. af <span style=\"color: #0000ff;\"><a style=\"color: #0000ff;\" href=\"https:\/\/meijenfeldt.nl\/?page_id=34922\"><b>Kullberg<\/b><\/a><\/span>, \u201cGustaf den tredje och hans hof\u201d, J\u00f6nk\u00f6ping 1838.<br \/>\nJ. <strong>Kuoni<\/strong>, &#8220;<\/span><span class=\"fn\"><span dir=\"ltr\"><span style=\"color: #000000;\">Maienfeld, St. Luzisteig und die Walser&#8221;, Maienfeld 1921, reprint 1990. &#x2663;<\/span><\/span><\/span><\/span><\/p>\n","protected":false},"excerpt":{"rendered":"<p>FAMILIE\u00a0\/\u00a0BIBLIOTHEEK\u00a0\/\u00a0LITERATUUR \/ AUTEURS K L. Kagg, &#8220;Dagbok 1698-1722\u201d, Historiska Handlingar, deel 24, Stockholm 1912. Karel XII, Koning van Zweden, M.A.\u00a0Geffroy,\u00a0\u201cTextes Su\u00e9dois,\u00a0Lettres in\u00e9dites du Roi Charles XII&#8221;, traduction Fran\u00e7aise avec introduction, notes et facsimile, Paris 1853. J. Keegan en J. Darracott, \u201cThe Nature of War\u201c, Toronto 1981. &#x2663; Chr. Kelch, \u201cLiefl\u00e4ndische Historia&#8221;, deel 2, &#8220;Continuation 1690-1707\u201d, &hellip; <a href=\"https:\/\/meijenfeldt.nl\/?page_id=57593\" class=\"more-link\">Verder lezen <span class=\"screen-reader-text\">K<\/span><\/a><\/p>\n","protected":false},"author":1,"featured_media":0,"parent":0,"menu_order":0,"comment_status":"closed","ping_status":"closed","template":"","meta":{"footnotes":""},"class_list":["post-57593","page","type-page","status-publish","hentry"],"_links":{"self":[{"href":"https:\/\/meijenfeldt.nl\/index.php?rest_route=\/wp\/v2\/pages\/57593","targetHints":{"allow":["GET"]}}],"collection":[{"href":"https:\/\/meijenfeldt.nl\/index.php?rest_route=\/wp\/v2\/pages"}],"about":[{"href":"https:\/\/meijenfeldt.nl\/index.php?rest_route=\/wp\/v2\/types\/page"}],"author":[{"embeddable":true,"href":"https:\/\/meijenfeldt.nl\/index.php?rest_route=\/wp\/v2\/users\/1"}],"replies":[{"embeddable":true,"href":"https:\/\/meijenfeldt.nl\/index.php?rest_route=%2Fwp%2Fv2%2Fcomments&post=57593"}],"version-history":[{"count":7,"href":"https:\/\/meijenfeldt.nl\/index.php?rest_route=\/wp\/v2\/pages\/57593\/revisions"}],"predecessor-version":[{"id":64820,"href":"https:\/\/meijenfeldt.nl\/index.php?rest_route=\/wp\/v2\/pages\/57593\/revisions\/64820"}],"wp:attachment":[{"href":"https:\/\/meijenfeldt.nl\/index.php?rest_route=%2Fwp%2Fv2%2Fmedia&parent=57593"}],"curies":[{"name":"wp","href":"https:\/\/api.w.org\/{rel}","templated":true}]}}