{"id":57589,"date":"2023-08-09T07:31:18","date_gmt":"2023-08-09T07:31:18","guid":{"rendered":"https:\/\/meijenfeldt.nl\/?page_id=57589"},"modified":"2024-02-17T16:04:28","modified_gmt":"2024-02-17T16:04:28","slug":"i-j","status":"publish","type":"page","link":"https:\/\/meijenfeldt.nl\/?page_id=57589","title":{"rendered":"J"},"content":{"rendered":"<p><span style=\"color: #000000; font-size: 10pt;\"><a style=\"color: #000000;\" href=\"https:\/\/meijenfeldt.nl\/\"><span style=\"color: #0000ff;\">FAMILIE<\/span><\/a>\u00a0\/\u00a0<span style=\"color: #0000ff;\"><a style=\"color: #0000ff;\" href=\"https:\/\/meijenfeldt.nl\/?page_id=51152\">BIBLIOTHEEK<\/a><\/span>\u00a0\/\u00a0<span style=\"color: #0000ff;\"><a style=\"color: #0000ff;\" href=\"https:\/\/meijenfeldt.nl\/?page_id=217\">LITERATUUR<\/a><\/span> \/ AUTEURS J<\/span><\/p>\n<p style=\"text-align: justify;\"><span style=\"font-size: 12pt;\"><span style=\"color: #000000;\">O. <span style=\"color: #0000ff;\"><a style=\"color: #0000ff;\" href=\"https:\/\/books.google.nl\/books?redir_esc=y&amp;hl=nl&amp;id=LHGgAAAAMAAJ&amp;focus=searchwithinvolume&amp;q=meijerfeldt\"><strong>J\u00e4gerski\u00f6ld<\/strong><\/a><\/span>, &#8220;Lovia Ulrika&#8221;, Stockholm 1945.<br \/>\nS. <strong>J\u00e4gerski\u00f6ld<\/strong>,<br \/>\n<\/span><span style=\"color: #000000;\">&#8211; \u201cJ.A. Meijerfelts <span style=\"color: #0000ff;\"><a style=\"color: #0000ff;\" href=\"https:\/\/meijenfeldt.nl\/wp-content\/uploads\/2023\/08\/Jagerskiold.pdf\">bet\u00e4nkande 1718<\/a><\/span>\u00a0om den milit\u00e4rpo\u00adlitiska situationen\u201d, KF\u00c5 1935.<\/span><\/span><br \/>\n<span style=\"color: #000000; font-size: 12pt;\"><b>&#8211;\u00a0<\/b>\u201cN\u00e5gra aktstycken av David Natanael <span style=\"color: #0000ff;\"><a style=\"color: #0000ff;\" href=\"https:\/\/meijenfeldt.nl\/wp-content\/uploads\/2023\/08\/Jagerskiold-1.pdf\">von Siltmann<\/a><\/span>s hand r\u00f6rande verksamheten vid Svenska arm\u00e9n 1708-1709\u201d, KF\u00c5 1937.<br \/>\nE. <span style=\"color: #0000ff;\"><a style=\"color: #0000ff;\" href=\"https:\/\/meijenfeldt.nl\/?page_id=52983\"><strong>Jarneberg<\/strong><\/a><\/span>, &#8220;Viggbyholm. Fr\u00e5n forntida by till modernt f\u00f6rortssamh\u00e4lle\u201d, T\u00e4by Hembygdsf\u00f6renings \u00c5rsskrift Nr.22.<\/span><br \/>\n<span style=\"font-size: 12pt;\"><span style=\"color: #000000;\">N. <strong>Jeffares, <\/strong>\u201cDictionary of pastellists before 1800\u201d, on line edition 2008.<br \/>\nP. <strong><span style=\"color: #0000ff;\"><a style=\"color: #0000ff;\" href=\"https:\/\/meijenfeldt.nl\/wp-content\/uploads\/2023\/08\/Johnsson.pdf\">Johnsson<\/a><\/span><\/strong>, &#8220;En damernas riddare fr\u00e5n 1700-talet. Johan August Meijerfelt till Ugerup&#8221;, geschreven tussen 1907 en 1953.<br \/>\n<\/span><span style=\"color: #000000;\">G. <strong>Jonasson<\/strong>,<br \/>\n&#8211; &#8220;Karl XII:s baltiska milit\u00e4rpolitik under \u00e5r 1701&#8221;, Scandia 1963, <span style=\"color: #0000ff;\"><a style=\"color: #0000ff;\" href=\"https:\/\/journals.lub.lu.se\/scandia\/article\/view\/750\/536\">pag. 272-286<\/a><\/span>.<br \/>\n&#8211; \u201cKarl XII:s <span style=\"color: #0000ff;\"><a style=\"color: #0000ff;\" href=\"https:\/\/meijenfeldt.nl\/wp-content\/uploads\/2023\/08\/Jonasson.pdf\">Polskapolitik<\/a><\/span> 1702-1703\u201d, Studia Historica Upsaliensa, deel 27.<\/span><\/span><\/p>\n","protected":false},"excerpt":{"rendered":"<p>FAMILIE\u00a0\/\u00a0BIBLIOTHEEK\u00a0\/\u00a0LITERATUUR \/ AUTEURS J O. J\u00e4gerski\u00f6ld, &#8220;Lovia Ulrika&#8221;, Stockholm 1945. S. J\u00e4gerski\u00f6ld, &#8211; \u201cJ.A. Meijerfelts bet\u00e4nkande 1718\u00a0om den milit\u00e4rpo\u00adlitiska situationen\u201d, KF\u00c5 1935. &#8211;\u00a0\u201cN\u00e5gra aktstycken av David Natanael von Siltmanns hand r\u00f6rande verksamheten vid Svenska arm\u00e9n 1708-1709\u201d, KF\u00c5 1937. E. Jarneberg, &#8220;Viggbyholm. Fr\u00e5n forntida by till modernt f\u00f6rortssamh\u00e4lle\u201d, T\u00e4by Hembygdsf\u00f6renings \u00c5rsskrift Nr.22. N. Jeffares, \u201cDictionary of &hellip; <a href=\"https:\/\/meijenfeldt.nl\/?page_id=57589\" class=\"more-link\">Verder lezen <span class=\"screen-reader-text\">J<\/span><\/a><\/p>\n","protected":false},"author":1,"featured_media":0,"parent":0,"menu_order":0,"comment_status":"closed","ping_status":"closed","template":"","meta":{"footnotes":""},"class_list":["post-57589","page","type-page","status-publish","hentry"],"_links":{"self":[{"href":"https:\/\/meijenfeldt.nl\/index.php?rest_route=\/wp\/v2\/pages\/57589","targetHints":{"allow":["GET"]}}],"collection":[{"href":"https:\/\/meijenfeldt.nl\/index.php?rest_route=\/wp\/v2\/pages"}],"about":[{"href":"https:\/\/meijenfeldt.nl\/index.php?rest_route=\/wp\/v2\/types\/page"}],"author":[{"embeddable":true,"href":"https:\/\/meijenfeldt.nl\/index.php?rest_route=\/wp\/v2\/users\/1"}],"replies":[{"embeddable":true,"href":"https:\/\/meijenfeldt.nl\/index.php?rest_route=%2Fwp%2Fv2%2Fcomments&post=57589"}],"version-history":[{"count":8,"href":"https:\/\/meijenfeldt.nl\/index.php?rest_route=\/wp\/v2\/pages\/57589\/revisions"}],"predecessor-version":[{"id":62133,"href":"https:\/\/meijenfeldt.nl\/index.php?rest_route=\/wp\/v2\/pages\/57589\/revisions\/62133"}],"wp:attachment":[{"href":"https:\/\/meijenfeldt.nl\/index.php?rest_route=%2Fwp%2Fv2%2Fmedia&parent=57589"}],"curies":[{"name":"wp","href":"https:\/\/api.w.org\/{rel}","templated":true}]}}