{"id":53310,"date":"2023-02-09T16:38:15","date_gmt":"2023-02-09T16:38:15","guid":{"rendered":"https:\/\/meijenfeldt.nl\/?page_id=53310"},"modified":"2023-02-09T16:52:56","modified_gmt":"2023-02-09T16:52:56","slug":"het-staatsche-leger","status":"publish","type":"page","link":"https:\/\/meijenfeldt.nl\/?page_id=53310","title":{"rendered":"Het Staatsche Leger"},"content":{"rendered":"<p><span style=\"font-size: 14pt; color: #000000;\"><strong>F.J.G. ten Raa, &#8220;Het Staatsche Leger&#8221;, deel 7 &#8220;<\/strong><\/span><span style=\"font-size: 14pt; color: #000000;\"><strong><span class=\"subtitle\"><span dir=\"ltr\">Van de verheffing van Prins Willem III en zijn gemalin tot Koning en Koningin van Groot-Brittanni\u00eb tot het overlijden van den Koning-Stadhouder (1688-1702)&#8221;,<\/span><\/span><\/strong><\/span><span style=\"font-size: 14pt; color: #000000;\"><strong> Koninklijke Militaire Academie Breda, &#8216;s-Gravenhage 1950.<\/strong><\/span><\/p>\n<hr \/>\n<p><span style=\"text-decoration: underline;\">Pag. 29<\/span><\/p>\n<p>Het Staatse leger marcheert na de Slag bij Fleurus op 1 augustus 1690 van Dieghem over Leefdael naar Wavre, waar de Brandenburgers zouden komen. Waldeck vestigt zijn hoofdkwartier te Limbeek bij Halle. Kort daarna gaan alle troepen het winterkwartier in.<br \/>\nHet Haagse Congres van 1689 had besloten dat er aan de Neder-Rijn een legercorps moest komen van onder andere 16.000 Brandenburgers en 6.000 Zweden. De Zweden steken in oktober 1790 ook werkelijk de Main over, maar dat is door de invallende winter te laat. Ze keren terug naar Bremen.<\/p>\n<p><span style=\"text-decoration: underline;\">Pag. 75-76<\/span><\/p>\n<p>Willem III verlangde eind 1693 dat nog 15.000 man waarvan \u00e9\u00e9n regiment te werven Zweden van graaf Ewald van Hastfer, 12 compagnie\u00ebn ad 71 man. De Raad van State maakte een petitie voor de provincies op voor de betaling van soldij, \u00a3 25 p.p. en 2 maanden soldij voor mars- en transport.<\/p>\n<p>Pag. 100<\/p>\n<p>De Brandenburgse generaal-veldmaarschalk Heino Heinrich von Flemming neemt deel aan de herovering van Namen.<\/p>\n<p><span style=\"text-decoration: underline;\">Pag. 337 e.v.<\/span><\/p>\n<p>Van de Zweedse subsidietroepen verdient een kapitein \u00a3 150, een luitenant en een vaandrig \u00a3 40. Daar kot \u00a3 7.500 reiskosten en \u00a3\u00a0 10.000 wagendiensten voor het regiment bij. Voedsel en verblijf komen daar nog naast.<\/p>\n<p><span style=\"text-decoration: underline;\">Pag. 345<\/span><\/p>\n<p>Friesland is achterstallig met betaling voor het regiment Bielke. Daardoor dreigt aansluiting met het grote veldleger te mislukken. Gelukkig brengt Ban\u00e9r (Bannier) geld uit Holland mee.<\/p>\n<p><span style=\"text-decoration: underline;\">Pag. 368<\/span><\/p>\n<p><em>Volgt indirect uit de tekst<\/em>: In het regiment van Krassow wordt Georg Johan Lohde (J\u00fcrgen Johan von Lode) in 1695 majoor en in 1697 luitenant-kolonel. Johann August volgt hem op.<\/p>\n<p>In het regiment van\u00a0 Nils graaf van Bielke is\u00a0 Johan Gabriel baron van Bannier (<em>Ban\u00e9r<\/em>) en Magnus graaf Stenbock majoor, vanaf 23-01-1691 commandant.<\/p>\n<p><span style=\"text-decoration: underline;\">Pag. 371 e.v.<\/span><\/p>\n<p>De volgende Zweedse regimenten zijn in de Republiek, de eerste 8 infanterie, de laatste cavalerie:<\/p>\n<table style=\"border-collapse: collapse; width: 100%;\">\n<tbody>\n<tr>\n<td style=\"width: 35.9091%; background-color: #d5e8eb;\"><strong><span style=\"font-size: 10pt;\">Regiment chef<\/span><\/strong><\/td>\n<td style=\"width: 41.0605%; background-color: #d5e8eb;\"><strong><span style=\"font-size: 10pt;\">Bijzonderheid<\/span><\/strong><\/td>\n<td style=\"width: 23.0303%; background-color: #d5e8eb;\"><strong><span style=\"font-size: 13.3333px;\">Ten laste van<br \/>\nprovincie<\/span><\/strong><\/td>\n<\/tr>\n<tr>\n<td style=\"width: 35.9091%;\"><span style=\"font-size: 10pt;\">1688 Lewenhaupt, Gustaf Mauritz<br \/>\n1691 Sparre, Carl Wilhelm<\/span><\/td>\n<td style=\"width: 41.0605%;\"><span style=\"font-size: 10pt;\">Bestaande Zweedse regimenten per schip uit G\u00f6teborg<\/span><\/td>\n<td style=\"width: 23.0303%;\"><span style=\"font-size: 13.3333px;\">Holland<\/span><\/td>\n<\/tr>\n<tr>\n<td style=\"width: 35.9091%;\"><span style=\"font-size: 10pt;\">1688 Putbus, Ernst Ludwig<br \/>\n1694 Brahe, Abraham<br \/>\n1697 Lewenhaupt, Adam Ludwig<\/span><\/td>\n<td style=\"width: 41.0605%;\"><span style=\"font-size: 10pt;\">Duitse regimenten uit Bremen en Pommeren<\/span><\/td>\n<td style=\"width: 23.0303%;\"><span style=\"font-size: 13.3333px;\">Friesland\/Groningen<\/span><\/td>\n<\/tr>\n<tr>\n<td style=\"width: 35.9091%;\"><span style=\"font-size: 10pt;\">1688 Bielke, Nils<br \/>\nde facto Ban\u00e9r, Johan Gabriel<br \/>\n1691 Magnus Stenbock<\/span><\/td>\n<td style=\"width: 41.0605%;\"><span style=\"font-size: 10pt;\">Duitse regimenten uit Bremen en Pommeren. <span style=\"color: #ff0000;\">1690 Carl Friedrich, vaandrig<\/span><br \/>\n<\/span><\/td>\n<td style=\"width: 23.0303%;\"><span style=\"font-size: 10pt;\">Friesland<\/span><\/td>\n<\/tr>\n<tr>\n<td style=\"width: 35.9091%;\"><span style=\"font-size: 10pt;\">1688 Erskine, Carl Gustaf<\/span><br \/>\n<span style=\"font-size: 10pt;\">1690 Knorring, J\u00f6ran<br \/>\n1696 Krassau, Ernst Detlof<\/span><\/td>\n<td style=\"width: 41.0605%;\"><span style=\"font-size: 10pt;\">Duitse regimenten uit Bremen en Pommeren. <span style=\"color: #ff0000;\">1697 Johann August, majoor<\/span><br \/>\n<\/span><\/td>\n<td style=\"width: 23.0303%;\"><span style=\"font-size: 10pt;\">Holland<\/span><\/td>\n<\/tr>\n<tr>\n<td style=\"width: 35.9091%;\"><span style=\"font-size: 10pt;\">1688 Tiesenhausen, Magn Gabriel<br \/>\n1694 Buddenbrook, Henr Gothar\u00e9\u00a0<\/span><\/td>\n<td style=\"width: 41.0605%;\"><\/td>\n<td style=\"width: 23.0303%;\"><span style=\"font-size: 10pt;\">Overijssel<\/span><\/td>\n<\/tr>\n<tr>\n<td style=\"width: 35.9091%;\"><span style=\"font-size: 10pt;\">1688 Nieroth, Magnus Wilhelm<br \/>\n1691 Oxenstierna, Bengt<\/span><\/td>\n<td style=\"width: 41.0605%;\"><span style=\"font-size: 10pt;\">1691 Lewenhaupt, Adam Ludwig, majoor<\/span><\/td>\n<td style=\"width: 23.0303%;\"><span style=\"font-size: 10pt;\">Zeeland<\/span><\/td>\n<\/tr>\n<tr>\n<td style=\"width: 35.9091%;\"><span style=\"font-size: 10pt;\">1693 Sparfelt, Anders<br \/>\n1697 Gyldenstierna, George<\/span><\/td>\n<td style=\"width: 41.0605%;\"><span style=\"font-size: 10pt;\">Samengesteld uit 2 compagnie\u00ebn van elk iets te grote 6 oude regimenten<\/span><\/td>\n<td style=\"width: 23.0303%;\"><span style=\"font-size: 10pt;\">Zeeland<\/span><\/td>\n<\/tr>\n<tr>\n<td style=\"width: 35.9091%;\"><span style=\"font-size: 10pt;\">1694 Hastfer, Evald<br \/>\n1695 Wangersheim, Conrad Axel\u00a0<\/span><\/td>\n<td style=\"width: 41.0605%;\"><span style=\"font-size: 10pt;\">Geworven regiment. Hastfer is 10-11-1693 benoemd en start 12-06-1694.\u00a0 <span style=\"color: #ff0000;\">1694-1697 Johann August, kapitein<\/span><br \/>\n<\/span><\/td>\n<td style=\"width: 23.0303%;\"><span style=\"font-size: 10pt;\">Zeeland<\/span><\/td>\n<\/tr>\n<tr>\n<td style=\"width: 35.9091%;\"><span style=\"font-size: 10pt;\">1694 Barnekow, Kjell Christoffer<\/span><\/td>\n<td style=\"width: 41.0605%;\"><span style=\"font-size: 10pt;\">Cavalerie<\/span><\/td>\n<td style=\"width: 23.0303%;\"><span style=\"font-size: 10pt;\">Zeeland<\/span><\/td>\n<\/tr>\n<\/tbody>\n<\/table>\n<p>&nbsp;<\/p>\n<p>&nbsp;<\/p>\n","protected":false},"excerpt":{"rendered":"<p>F.J.G. ten Raa, &#8220;Het Staatsche Leger&#8221;, deel 7 &#8220;Van de verheffing van Prins Willem III en zijn gemalin tot Koning en Koningin van Groot-Brittanni\u00eb tot het overlijden van den Koning-Stadhouder (1688-1702)&#8221;, Koninklijke Militaire Academie Breda, &#8216;s-Gravenhage 1950. Pag. 29 Het Staatse leger marcheert na de Slag bij Fleurus op 1 augustus 1690 van Dieghem over &hellip; <a href=\"https:\/\/meijenfeldt.nl\/?page_id=53310\" class=\"more-link\">Verder lezen <span class=\"screen-reader-text\">Het Staatsche Leger<\/span><\/a><\/p>\n","protected":false},"author":1,"featured_media":0,"parent":0,"menu_order":0,"comment_status":"closed","ping_status":"closed","template":"","meta":{"footnotes":""},"class_list":["post-53310","page","type-page","status-publish","hentry"],"_links":{"self":[{"href":"https:\/\/meijenfeldt.nl\/index.php?rest_route=\/wp\/v2\/pages\/53310","targetHints":{"allow":["GET"]}}],"collection":[{"href":"https:\/\/meijenfeldt.nl\/index.php?rest_route=\/wp\/v2\/pages"}],"about":[{"href":"https:\/\/meijenfeldt.nl\/index.php?rest_route=\/wp\/v2\/types\/page"}],"author":[{"embeddable":true,"href":"https:\/\/meijenfeldt.nl\/index.php?rest_route=\/wp\/v2\/users\/1"}],"replies":[{"embeddable":true,"href":"https:\/\/meijenfeldt.nl\/index.php?rest_route=%2Fwp%2Fv2%2Fcomments&post=53310"}],"version-history":[{"count":4,"href":"https:\/\/meijenfeldt.nl\/index.php?rest_route=\/wp\/v2\/pages\/53310\/revisions"}],"predecessor-version":[{"id":53317,"href":"https:\/\/meijenfeldt.nl\/index.php?rest_route=\/wp\/v2\/pages\/53310\/revisions\/53317"}],"wp:attachment":[{"href":"https:\/\/meijenfeldt.nl\/index.php?rest_route=%2Fwp%2Fv2%2Fmedia&parent=53310"}],"curies":[{"name":"wp","href":"https:\/\/api.w.org\/{rel}","templated":true}]}}