{"id":53272,"date":"2023-02-08T09:13:47","date_gmt":"2023-02-08T09:13:47","guid":{"rendered":"https:\/\/meijenfeldt.nl\/?page_id=53272"},"modified":"2023-02-08T09:15:42","modified_gmt":"2023-02-08T09:15:42","slug":"klagar","status":"publish","type":"page","link":"https:\/\/meijenfeldt.nl\/?page_id=53272","title":{"rendered":"Klagar"},"content":{"rendered":"<p><span style=\"color: #000000;\"><strong>SE\/RA\/<\/strong><strong>754\/1. Riksarkivets \u00e4mnessamlingar. Militaria, Administrativa handlingar r\u00f6rande arm\u00e9n. <\/strong><strong>V\/6. Officerares ans\u00f6kningar och meritf\u00f6rteckningar, M 1114 Meijerfelt (Meyerfelt), fol 4-6.<\/strong><\/span><\/p>\n<p><span style=\"color: #0000ff;\"><a style=\"color: #0000ff;\" href=\"https:\/\/meijenfeldt.nl\/wp-content\/uploads\/2023\/02\/M1114-4-6-Extract-klagar-CFMsr-1686-02-02.pdf\">Origineel<\/a><\/span><\/p>\n<table style=\"width: 100%; height: 655px;\">\n<tbody>\n<tr>\n<td><em><span style=\"color: #000000;\">Transcriptie<\/span><\/em><\/td>\n<td><em>Vertaling<\/em><\/td>\n<\/tr>\n<tr style=\"height: 589px;\">\n<td style=\"height: 589px;\" width=\"302\"><span style=\"color: #000000;\">Extract. d. 2 februari 1686<\/span><\/p>\n<p><span style=\"color: #000000;\">Lie\u00fatenanten C. Meijerfelt beklagar i underd\u00e4nighet h\u00f6gl: h\u00far\u00fa afgedigt hans \u00f6fwerste Campenha\u00fasen bl\u00e5dt af hoch och illwillia soler honom icke allenast i onader hos Kongl. Majt. \u00fathan ock i st\u00f6rste r\u00fain at bringa i ber\u00e4te fandes han sakgens jannferdige betaffenhet och samanhang s\u00e5ledes som f\u00f6llier: n\u00e4r \u00f6fwersten Campenhausen \u00f6fwerlefwererade hod fullmachten p\u00e5 lieutenant best\u00e4llningen under Helmersen Compagnie, tog han densamma nhuru oformodelig hon och honom till handa kom, erd all underd\u00e4nig rehpes emoth: maj \u00f6fwersten l\u00e4ta som med sp\u00e4tt afbegabberij f\u00f6rbredde hod fod det spr\u00e4ng han s\u00e5ledes giordt;<\/span><\/td>\n<td style=\"height: 589px;\" width=\"302\"><\/td>\n<\/tr>\n<tr style=\"height: 10px;\">\n<td style=\"height: 10px;\" width=\"302\"><\/td>\n<td style=\"height: 10px;\" width=\"302\"><\/td>\n<\/tr>\n<tr style=\"height: 56px;\">\n<td style=\"height: 56px;\" width=\"302\"><\/td>\n<td style=\"height: 56px;\" width=\"302\"><\/td>\n<\/tr>\n<\/tbody>\n<\/table>\n<p>&nbsp;<\/p>\n","protected":false},"excerpt":{"rendered":"<p>SE\/RA\/754\/1. Riksarkivets \u00e4mnessamlingar. Militaria, Administrativa handlingar r\u00f6rande arm\u00e9n. V\/6. Officerares ans\u00f6kningar och meritf\u00f6rteckningar, M 1114 Meijerfelt (Meyerfelt), fol 4-6. Origineel Transcriptie Vertaling Extract. d. 2 februari 1686 Lie\u00fatenanten C. Meijerfelt beklagar i underd\u00e4nighet h\u00f6gl: h\u00far\u00fa afgedigt hans \u00f6fwerste Campenha\u00fasen bl\u00e5dt af hoch och illwillia soler honom icke allenast i onader hos Kongl. Majt. \u00fathan ock &hellip; <a href=\"https:\/\/meijenfeldt.nl\/?page_id=53272\" class=\"more-link\">Verder lezen <span class=\"screen-reader-text\">Klagar<\/span><\/a><\/p>\n","protected":false},"author":1,"featured_media":0,"parent":0,"menu_order":0,"comment_status":"closed","ping_status":"closed","template":"","meta":{"footnotes":""},"class_list":["post-53272","page","type-page","status-publish","hentry"],"_links":{"self":[{"href":"https:\/\/meijenfeldt.nl\/index.php?rest_route=\/wp\/v2\/pages\/53272","targetHints":{"allow":["GET"]}}],"collection":[{"href":"https:\/\/meijenfeldt.nl\/index.php?rest_route=\/wp\/v2\/pages"}],"about":[{"href":"https:\/\/meijenfeldt.nl\/index.php?rest_route=\/wp\/v2\/types\/page"}],"author":[{"embeddable":true,"href":"https:\/\/meijenfeldt.nl\/index.php?rest_route=\/wp\/v2\/users\/1"}],"replies":[{"embeddable":true,"href":"https:\/\/meijenfeldt.nl\/index.php?rest_route=%2Fwp%2Fv2%2Fcomments&post=53272"}],"version-history":[{"count":4,"href":"https:\/\/meijenfeldt.nl\/index.php?rest_route=\/wp\/v2\/pages\/53272\/revisions"}],"predecessor-version":[{"id":53274,"href":"https:\/\/meijenfeldt.nl\/index.php?rest_route=\/wp\/v2\/pages\/53272\/revisions\/53274"}],"wp:attachment":[{"href":"https:\/\/meijenfeldt.nl\/index.php?rest_route=%2Fwp%2Fv2%2Fmedia&parent=53272"}],"curies":[{"name":"wp","href":"https:\/\/api.w.org\/{rel}","templated":true}]}}

<p><span style="color: #000000;"><strong>SE/RA/</strong><strong>754/1. Riksarkivets ämnessamlingar. Militaria, Administrativa handlingar rörande armén. </strong><strong>V/6. Officerares ansökningar och meritförteckningar, M 1114 Meijerfelt (Meyerfelt), fol 4-6.</strong></span></p>
<p><span style="color: #0000ff;"><a style="color: #0000ff;" href="https://meijenfeldt.nl/wp-content/uploads/2023/02/M1114-4-6-Extract-klagar-CFMsr-1686-02-02.pdf">Origineel</a></span></p>
<table style="width: 100%; height: 655px;">
<tbody>
<tr>
<td><em><span style="color: #000000;">Transcriptie</span></em></td>
<td><em>Vertaling</em></td>
</tr>
<tr style="height: 589px;">
<td style="height: 589px;" width="302"><span style="color: #000000;">Extract. d. 2 februari 1686</span></p>
<p><span style="color: #000000;">Lieútenanten C. Meijerfelt beklagar i underdänighet högl: húrú afgedigt hans öfwerste Campenhaúsen blådt af hoch och illwillia soler honom icke allenast i onader hos Kongl. Majt. úthan ock i störste rúin at bringa i beräte fandes han sakgens jannferdige betaffenhet och samanhang således som föllier: när öfwersten Campenhausen öfwerlefwererade hod fullmachten på lieutenant beställningen under Helmersen Compagnie, tog han densamma nhuru oformodelig hon och honom till handa kom, erd all underdänig rehpes emoth: maj öfwersten läta som med spätt afbegabberij förbredde hod fod det spräng han således giordt;</span></td>
<td style="height: 589px;" width="302"></td>
</tr>
<tr style="height: 10px;">
<td style="height: 10px;" width="302"></td>
<td style="height: 10px;" width="302"></td>
</tr>
<tr style="height: 56px;">
<td style="height: 56px;" width="302"></td>
<td style="height: 56px;" width="302"></td>
</tr>
</tbody>
</table>
<p>&nbsp;</p>

<p>SE/RA/754/1. Riksarkivets ämnessamlingar. Militaria, Administrativa handlingar rörande armén. V/6. Officerares ansökningar och meritförteckningar, M 1114 Meijerfelt (Meyerfelt), fol 4-6. Origineel Transcriptie Vertaling Extract. d. 2 februari 1686 Lieútenanten C. Meijerfelt beklagar i underdänighet högl: húrú afgedigt hans öfwerste Campenhaúsen blådt af hoch och illwillia soler honom icke allenast i onader hos Kongl. Majt. úthan ock &hellip; <a href="https://meijenfeldt.nl/?page_id=53272" class="more-link">Verder lezen <span class="screen-reader-text">Klagar</span></a></p>
