{"id":52841,"date":"2023-01-15T10:20:15","date_gmt":"2023-01-15T10:20:15","guid":{"rendered":"https:\/\/meijenfeldt.nl\/?page_id=52841"},"modified":"2023-01-22T12:40:35","modified_gmt":"2023-01-22T12:40:35","slug":"andreas-luitenant-kolonel","status":"publish","type":"page","link":"https:\/\/meijenfeldt.nl\/?page_id=52841","title":{"rendered":"Oberstl: Andres Meijer"},"content":{"rendered":"<p><span style=\"color: #0000ff;\"><a style=\"color: #0000ff;\" href=\"https:\/\/sok.riksarkivet.se\/bildvisning\/A0038802_00065#?c=&amp;m=&amp;s=&amp;cv=64&amp;xywh=2090%2C949%2C3176%2C1433\"><span style=\"font-size: 14pt;\"><strong><strong style=\"color: #000000; font-size: 18.6667px;\"><span style=\"color: #0000ff;\">Riksarkivet,\u00a0<\/span><\/strong><\/strong><\/span><\/a><\/span><a style=\"color: #0000ff;\" href=\"https:\/\/sok.riksarkivet.se\/bildvisning\/A0038802_00065#?c=&amp;m=&amp;s=&amp;cv=64&amp;xywh=2090%2C949%2C3176%2C1433\"><span style=\"font-size: 14pt;\"><strong><strong style=\"color: #000000; font-size: 18.6667px;\"><span style=\"color: #0000ff;\">1112.1. <\/span><\/strong><\/strong><\/span><\/a><span style=\"color: #0000ff;\"><a style=\"color: #0000ff;\" href=\"https:\/\/sok.riksarkivet.se\/bildvisning\/A0038802_00065#?c=&amp;m=&amp;s=&amp;cv=64&amp;xywh=2090%2C949%2C3176%2C1433\"><span style=\"font-size: 14pt;\"><strong><strong style=\"color: #000000; font-size: 18.6667px;\"><span style=\"color: #0000ff;\">Riksregistraturet, 307. jul-aug 1656, Folio 981-982, 6 juli 1656<\/span><\/strong><\/strong><\/span><\/a><\/span><\/p>\n<hr \/>\n<table style=\"border-collapse: collapse; width: 100%; height: 780px;\">\n<tbody>\n<tr style=\"height: 28px;\">\n<td style=\"width: 50%; height: 28px; background-color: #d5e8eb;\"><em><span style=\"color: #000000;\">Transcriptie<\/span><\/em><\/td>\n<td style=\"width: 50%; height: 28px; background-color: #d5e8eb;\"><em><span style=\"color: #000000;\">Vertaling<\/span><\/em><\/td>\n<\/tr>\n<tr style=\"height: 644px;\">\n<td style=\"width: 50%; height: 617px;\">F. Joel.<\/p>\n<p style=\"padding-left: 40px;\">An Innenhilt Vorsargd tragen damidt der Oberstl: Andres Meijer anderwerk mit querlied m\u00f6gd Verseht worden.<\/p>\n<p>L: B: Unsern. Welldher. Ob Wihr uns zwar entsinnen, da\u03b2 Wihr unseren Oberstl: Andre\u03b2 Meijer die orther Lobsens \u00fandt Welmerode z\u00fam M\u00fansterplatz der Ihm z\u00fawerben afgetragenen 4 Compagnien zu pferd in gnaden afsigniret. So vernehmen Wihr doch itzo bey un\u03b2er anh..k\u00fanft, da\u03b2 un\u03b2er und un\u03b2er Reichs Schweden Rath \u00fand Feltmarschall Gref Wrangell selbe \u00f6rter in un\u03b2eren nahmen \u00fand bi\u03b2 un\u03b2er ratification phon einen Major nahmens Roblamb z\u00fa richt\u00fang einer Campagne von 150 knechten afsigniret; und ergehet solchen noch an a\u00fach un\u03b2er gnedigsten befehlig, da\u03b2 Ihr dar\u00faf gedanken \u00fand \u00fans flei\u03b2ichst angelegen sein la\u03b2en wollt mit gedachter Oberst Leutenant Anders Meijer anderweitz \u00fantergebracht \u00fand versorget, entgegen die benannte quartiers dem Major Roblamb freij bleiben m\u00f6gen. Wor\u00fanter Wihr Eurer g\u00fathen Versorge un\u03b2 gela\u03b2en, \u00fandt a\u00fach nogst ennafehl\u00fang B\u00fccl: obl\u00fast feltlager beij Nowodwov.<\/td>\n<td style=\"width: 50%; height: 617px;\">F. Joel<sup>1<\/sup><\/p>\n<p style=\"padding-left: 40px;\">Inhoudende zorg dragen dat Luitenant-Kolonel Andres Meijer ander werk met kwartier voorzien moge worden.<\/p>\n<p>[titels] Hoewel Wij ons weliswaar herinneren, dat Wij onze Luitenant-Kolonel Andre\u03b2 Meijer de dorpen Lobsens<sup>2<\/sup> en Welmerode<sup>3<\/sup> als monsterplaats voor de door hem te werven vier compagnie\u00ebn cavalerie in genade hebben toegewezen. Zo vernemen Wij echter thans bij onze aankomst, dat onze en onze Zweedse Rijksraad en Veldmaarschalk Graaf Wrangell dezelfde dorpen in onze naam en tot onze ratificatie door een Majoor met de naam Roblamb ter oprichting van een campagne van 150 knechten heeft aangewezen; en volgt dit nog ook uit onze genadige commando, dat hij daaruit de gedachte en voor ons vlijtig bezig wilde zijn bedoelde Luitenant-Kolonel elders onder te brengen en verzorgen, zodat de genoemde kwartieren van Majoor Roblamb vrij mochten blijven. Waar Wij Uw goede zorgen hebben achtergelaten , en u kunt nog steeds een &#8230;, Oblast veldkamp bij Nowodwow.<\/td>\n<\/tr>\n<tr style=\"height: 135px;\">\n<td style=\"width: 50%; height: 135px;\"><\/td>\n<td style=\"width: 50%; height: 135px;\"><span style=\"font-size: 10pt; color: #000000;\">1. Frantz Joel geadeld \u00d6rnestedt (1624-1685), sinds 1656 koninklijk secretaris te velde.<\/span><br \/>\n<span style=\"color: #000000;\"><span style=\"font-size: 10pt;\">2. <\/span><span style=\"font-family: georgia, palatino, serif;\"><span style=\"font-size: 10pt;\">\u0141ob\u017cenica, provincie Pozna\u00f1.<\/span><br \/>\n<span style=\"font-size: 10pt;\">3. Niet in de buurt re vinden, wel rond Brunswijk, Hessen, etc.<\/span><\/span><\/span><\/td>\n<\/tr>\n<\/tbody>\n<\/table>\n","protected":false},"excerpt":{"rendered":"<p>Riksarkivet,\u00a01112.1. Riksregistraturet, 307. jul-aug 1656, Folio 981-982, 6 juli 1656 Transcriptie Vertaling F. Joel. An Innenhilt Vorsargd tragen damidt der Oberstl: Andres Meijer anderwerk mit querlied m\u00f6gd Verseht worden. L: B: Unsern. Welldher. Ob Wihr uns zwar entsinnen, da\u03b2 Wihr unseren Oberstl: Andre\u03b2 Meijer die orther Lobsens \u00fandt Welmerode z\u00fam M\u00fansterplatz der Ihm z\u00fawerben afgetragenen &hellip; <a href=\"https:\/\/meijenfeldt.nl\/?page_id=52841\" class=\"more-link\">Verder lezen <span class=\"screen-reader-text\">Oberstl: Andres Meijer<\/span><\/a><\/p>\n","protected":false},"author":1,"featured_media":0,"parent":0,"menu_order":0,"comment_status":"closed","ping_status":"closed","template":"","meta":{"footnotes":""},"class_list":["post-52841","page","type-page","status-publish","hentry"],"_links":{"self":[{"href":"https:\/\/meijenfeldt.nl\/index.php?rest_route=\/wp\/v2\/pages\/52841","targetHints":{"allow":["GET"]}}],"collection":[{"href":"https:\/\/meijenfeldt.nl\/index.php?rest_route=\/wp\/v2\/pages"}],"about":[{"href":"https:\/\/meijenfeldt.nl\/index.php?rest_route=\/wp\/v2\/types\/page"}],"author":[{"embeddable":true,"href":"https:\/\/meijenfeldt.nl\/index.php?rest_route=\/wp\/v2\/users\/1"}],"replies":[{"embeddable":true,"href":"https:\/\/meijenfeldt.nl\/index.php?rest_route=%2Fwp%2Fv2%2Fcomments&post=52841"}],"version-history":[{"count":11,"href":"https:\/\/meijenfeldt.nl\/index.php?rest_route=\/wp\/v2\/pages\/52841\/revisions"}],"predecessor-version":[{"id":52946,"href":"https:\/\/meijenfeldt.nl\/index.php?rest_route=\/wp\/v2\/pages\/52841\/revisions\/52946"}],"wp:attachment":[{"href":"https:\/\/meijenfeldt.nl\/index.php?rest_route=%2Fwp%2Fv2%2Fmedia&parent=52841"}],"curies":[{"name":"wp","href":"https:\/\/api.w.org\/{rel}","templated":true}]}}

<p><span style="color: #0000ff;"><a style="color: #0000ff;" href="https://sok.riksarkivet.se/bildvisning/A0038802_00065#?c=&amp;m=&amp;s=&amp;cv=64&amp;xywh=2090%2C949%2C3176%2C1433"><span style="font-size: 14pt;"><strong><strong style="color: #000000; font-size: 18.6667px;"><span style="color: #0000ff;">Riksarkivet, </span></strong></strong></span></a></span><a style="color: #0000ff;" href="https://sok.riksarkivet.se/bildvisning/A0038802_00065#?c=&amp;m=&amp;s=&amp;cv=64&amp;xywh=2090%2C949%2C3176%2C1433"><span style="font-size: 14pt;"><strong><strong style="color: #000000; font-size: 18.6667px;"><span style="color: #0000ff;">1112.1. </span></strong></strong></span></a><span style="color: #0000ff;"><a style="color: #0000ff;" href="https://sok.riksarkivet.se/bildvisning/A0038802_00065#?c=&amp;m=&amp;s=&amp;cv=64&amp;xywh=2090%2C949%2C3176%2C1433"><span style="font-size: 14pt;"><strong><strong style="color: #000000; font-size: 18.6667px;"><span style="color: #0000ff;">Riksregistraturet, 307. jul-aug 1656, Folio 981-982, 6 juli 1656</span></strong></strong></span></a></span></p>
<hr />
<table style="border-collapse: collapse; width: 100%; height: 780px;">
<tbody>
<tr style="height: 28px;">
<td style="width: 50%; height: 28px; background-color: #d5e8eb;"><em><span style="color: #000000;">Transcriptie</span></em></td>
<td style="width: 50%; height: 28px; background-color: #d5e8eb;"><em><span style="color: #000000;">Vertaling</span></em></td>
</tr>
<tr style="height: 644px;">
<td style="width: 50%; height: 617px;">F. Joel.</p>
<p style="padding-left: 40px;">An Innenhilt Vorsargd tragen damidt der Oberstl: Andres Meijer anderwerk mit querlied mögd Verseht worden.</p>
<p>L: B: Unsern. Welldher. Ob Wihr uns zwar entsinnen, daβ Wihr unseren Oberstl: Andreβ Meijer die orther Lobsens úndt Welmerode zúm Múnsterplatz der Ihm zúwerben afgetragenen 4 Compagnien zu pferd in gnaden afsigniret. So vernehmen Wihr doch itzo bey unβer anh..kúnft, daβ unβer und unβer Reichs Schweden Rath únd Feltmarschall Gref Wrangell selbe örter in unβeren nahmen únd biβ unβer ratification phon einen Major nahmens Roblamb zú richtúng einer Campagne von 150 knechten afsigniret; und ergehet solchen noch an aúch unβer gnedigsten befehlig, daβ Ihr darúf gedanken únd úns fleiβichst angelegen sein laβen wollt mit gedachter Oberst Leutenant Anders Meijer anderweitz úntergebracht únd versorget, entgegen die benannte quartiers dem Major Roblamb freij bleiben mögen. Worúnter Wihr Eurer gúthen Versorge unβ gelaβen, úndt aúch nogst ennafehlúng Bücl: oblúst feltlager beij Nowodwov.</td>
<td style="width: 50%; height: 617px;">F. Joel<sup>1</sup></p>
<p style="padding-left: 40px;">Inhoudende zorg dragen dat Luitenant-Kolonel Andres Meijer ander werk met kwartier voorzien moge worden.</p>
<p>[titels] Hoewel Wij ons weliswaar herinneren, dat Wij onze Luitenant-Kolonel Andreβ Meijer de dorpen Lobsens<sup>2</sup> en Welmerode<sup>3</sup> als monsterplaats voor de door hem te werven vier compagnieën cavalerie in genade hebben toegewezen. Zo vernemen Wij echter thans bij onze aankomst, dat onze en onze Zweedse Rijksraad en Veldmaarschalk Graaf Wrangell dezelfde dorpen in onze naam en tot onze ratificatie door een Majoor met de naam Roblamb ter oprichting van een campagne van 150 knechten heeft aangewezen; en volgt dit nog ook uit onze genadige commando, dat hij daaruit de gedachte en voor ons vlijtig bezig wilde zijn bedoelde Luitenant-Kolonel elders onder te brengen en verzorgen, zodat de genoemde kwartieren van Majoor Roblamb vrij mochten blijven. Waar Wij Uw goede zorgen hebben achtergelaten , en u kunt nog steeds een &#8230;, Oblast veldkamp bij Nowodwow.</td>
</tr>
<tr style="height: 135px;">
<td style="width: 50%; height: 135px;"></td>
<td style="width: 50%; height: 135px;"><span style="font-size: 10pt; color: #000000;">1. Frantz Joel geadeld Örnestedt (1624-1685), sinds 1656 koninklijk secretaris te velde.</span><br />
<span style="color: #000000;"><span style="font-size: 10pt;">2. </span><span style="font-family: georgia, palatino, serif;"><span style="font-size: 10pt;">Łobżenica, provincie Poznañ.</span><br />
<span style="font-size: 10pt;">3. Niet in de buurt re vinden, wel rond Brunswijk, Hessen, etc.</span></span></span></td>
</tr>
</tbody>
</table>

<p>Riksarkivet, 1112.1. Riksregistraturet, 307. jul-aug 1656, Folio 981-982, 6 juli 1656 Transcriptie Vertaling F. Joel. An Innenhilt Vorsargd tragen damidt der Oberstl: Andres Meijer anderwerk mit querlied mögd Verseht worden. L: B: Unsern. Welldher. Ob Wihr uns zwar entsinnen, daβ Wihr unseren Oberstl: Andreβ Meijer die orther Lobsens úndt Welmerode zúm Múnsterplatz der Ihm zúwerben afgetragenen &hellip; <a href="https://meijenfeldt.nl/?page_id=52841" class="more-link">Verder lezen <span class="screen-reader-text">Oberstl: Andres Meijer</span></a></p>
