{"id":43301,"date":"2022-02-10T16:50:21","date_gmt":"2022-02-10T16:50:21","guid":{"rendered":"https:\/\/meijenfeldt.nl\/?page_id=43301"},"modified":"2022-02-10T16:50:21","modified_gmt":"2022-02-10T16:50:21","slug":"joke-korteweg","status":"publish","type":"page","link":"https:\/\/meijenfeldt.nl\/?page_id=43301","title":{"rendered":"Joke Korteweg"},"content":{"rendered":"<p style=\"font-weight: 400;\"><span style=\"font-size: 14pt;\"><strong><span style=\"color: #000000;\">Joke E. Korteweg,\u00a0<span style=\"color: #0000ff;\"><a style=\"color: #0000ff;\" href=\"mailto:j.e.korteweg@wanadoo.nl\">j.e.korteweg@wanadoo.nl<\/a><\/span><\/span><\/strong><\/span><\/p>\n<p style=\"font-weight: 400;\"><span style=\"font-size: 14pt;\"><strong><span style=\"color: #000000;\">CH-429<\/span><\/strong><\/span><\/p>\n<hr \/>\n<p style=\"font-weight: 400;\"><span style=\"color: #000000;\">Bilthoven, 23 december 2006<\/span><\/p>\n<p style=\"font-weight: 400;\"><span style=\"color: #000000;\"><strong>Geachte mevrouw Korteweg,<\/strong><\/span><\/p>\n<p style=\"font-weight: 400;\"><span style=\"color: #000000;\">Zojuist heb ik met veel plezier uw boek &#8220;Kaperbloed en koopmansgeest&#8221; gelezen. Het valt mij op hoeveel er in het verleden al gereglementeerd werd rondom oorlogvoering, net als op het land bij het belegeren van steden en het leveren van een veldslag.<\/span><\/p>\n<p style=\"font-weight: 400;\"><span style=\"color: #000000;\">Net als u, zag ik, bestudeer ik mijn familiegeschiedenis. Ik heb twee boeken geschreven over de Zweedse resp. Nederlandse familie. Bij het starten van een derde deel ben ik overgegaan op een website (<span style=\"color: #0000ff;\"><a style=\"color: #0000ff;\" href=\"http:\/\/mail2web.com\/cgi-bin\/redir.asp?lid=16&amp;newsite=http:\/\/www.meijenfeldt.nl\/\">www.meijenfeldt.nl<\/a><\/span>).<\/span><\/p>\n<p style=\"font-weight: 400;\"><span style=\"color: #000000;\">De eerste en tweede alinea samenvoegend vraag ik uw advies over hoe verder onderzoek te doen. Door uw boek begint zich bij mij de hypothese te vormen dat mijn betovergrootvader Johan August von Meijenfeldt op 20-jarige leeftijd in zijn geboortestad Stralsund op een commissieschip is aangemonsterd en 13 jaar vooral op Franse schepen de kaapvaart heeft bedreven, wellicht zelfs onder de Franse kapiteins die u op blz. 232-233 noemt. Kunt u mij misschien suggereren welke bronnen te raadplegen?<\/span><\/p>\n<p style=\"font-weight: 400;\"><span style=\"color: #000000;\">Bij voorbaat dank ik u hartelijk voor de genomen moeite. Als bijlage voeg ik nog enkele relevante feiten toe waarop ik mijn hypothese baseer.<\/span><\/p>\n<p style=\"font-weight: 400;\"><span style=\"color: #000000;\">Met vriendelijke groet,<br \/>\n<\/span><strong><span style=\"color: #000000;\">Hugo von Meijenfeldt<\/span><\/strong><\/p>\n<hr \/>\n<p style=\"font-weight: 400;\"><span style=\"color: #000000;\">De grondlegger van de Nederlandse familie reisde eind achttiende eeuw van Zweden naar Nederland. In de Zweedse, Duitse en Nederlandse archieven heb ik onderzoek gedaan en talrijke aanwijzingen gevonden, maar ik mis een belangrijke periode in zijn leven, namelijk tussen zijn 20<sup>e<\/sup>\u00a0en 32<sup>e<\/sup>\u00a0levensjaar:<\/span><\/p>\n<ul>\n<li style=\"list-style-type: none;\">\n<ul>\n<li style=\"font-weight: 400;\"><span style=\"color: #000000;\">Hij monstert op 1 mei 1793 aan bij de Admiraliteit van Amsterdam op de &#8220;Erfprins van Brunswijk&#8221;. Hij verklaart uit Stralsund afkomstig te zijn. Hij krijgt de rang van constabel en al na 2 jaar is hij constabel-majoor, dus moet op ervaring hebben kunnen bogen.<\/span><\/li>\n<li style=\"font-weight: 400;\"><span style=\"color: #000000;\">Volgens zijn zoon Carl bij zijn overlijden in Rotterdam (1835) is hij daar in 1760 in Stralsund geboren, vervolgens daar ook getogen en vanaf 1780 eerst in de Franse en daarna in de Nederlandse marine gediend.<\/span><\/li>\n<li style=\"font-weight: 400;\"><span style=\"color: #000000;\">Volgens de Conserva\u00adteur-G\u00e9n\u00e9ral Centre d&#8217;accueil et de recherche des Archives nationales (CARAN) van het Minist\u00e8re de la Culture et de la Francophonie heeft er geen Meijenfeldt of Meijerfeldt in de Franse marine gediend.<\/span><\/li>\n<\/ul>\n<\/li>\n<\/ul>\n<hr \/>\n<p style=\"font-weight: 400;\"><span style=\"color: #000000;\">27 december 2006<\/span><\/p>\n<p style=\"font-weight: 400;\"><span style=\"color: #000000;\"><strong>Geachte heer Von Meijenfeldt,<\/strong><\/span><\/p>\n<p style=\"font-weight: 400;\"><span style=\"color: #000000;\">Wat leuk om op deze manier met u in contact te komen! Het is fijn om te<\/span><br \/>\n<span style=\"color: #000000;\">horen dat u plezier heeft beleefd aan het lezen van mijn &#8216;Kaperbloed&#8217;. Maar<\/span><br \/>\n<span style=\"color: #000000;\">wellicht nog aardiger is het om te lezen hoe dit u op een mogelijk nieuw<\/span><br \/>\n<span style=\"color: #000000;\">spoor in uw genealogisch onderzoek bracht. Uw familiewebsite biedt boeiende<\/span><br \/>\n<span style=\"color: #000000;\">informatie en is fraai opgezet. Inderdaad heb ik ook genealogisch onderzoek<\/span><br \/>\n<span style=\"color: #000000;\">gedaan naar de familie Korteweg en tegenwoordig ook naar de veel kleinere<\/span><br \/>\n<span style=\"color: #000000;\">(en interessantere) familie Pieroen.<\/span><\/p>\n<p style=\"font-weight: 400;\"><span style=\"color: #000000;\">Wat betreft uw vraag om advies enkele opmerkingen:<\/span><\/p>\n<p style=\"font-weight: 400;\"><span style=\"color: #000000;\">&#8211;\u00a0\u00a0\u00a0\u00a0\u00a0\u00a0gezien de bijlage vind ik uw hypothese dat uw voorvader Johan August in<\/span><br \/>\n<span style=\"color: #000000;\">de Vierde Engelse Oorlog als kaper naar ons land zou zijn gekomen het<\/span><br \/>\n<span style=\"color: #000000;\">onderzoeken waard.<\/span><\/p>\n<p style=\"font-weight: 400;\"><span style=\"color: #000000;\">&#8211;\u00a0\u00a0\u00a0\u00a0\u00a0\u00a0Wat betreft de Franse marine kan ik u het adres geven van de Franse<\/span><br \/>\n<span style=\"color: #000000;\">maritiem historicus Roberto Barazzutti:\u00a0<span style=\"color: #0000ff;\"><a style=\"color: #0000ff;\" href=\"http:\/\/mail2web.com\/cgi-bin\/compose.asp?mb=inbox&amp;mp=I&amp;mps=0&amp;lid=16&amp;intListPerPage=20&amp;messageto=flibust@boursomail.com&amp;ed=0GiZyQ74BELCObqTPdV%2FGY0igeq39HFty%2BC%2BiiVVfBBjiG4X27dLjIDzg9ROQQsLMqVeWMib9Q3M%0D%0Aef9QKamNl3iATz7MLsjVMSRn63AtkmqysPm%20\">flibust@boursomail.com<\/a><\/span>\u00a0. U kunt hem in het Nederlands schrijven, hij heeft een Vlaamse grootmoeder en vindt het leuk om in het Nederlands te corresponderen. Zijn reacties zijn echter vaak erg onbegrijpelijk, dus als u het Frans machtig bent is die taal wellicht verhelderender. Hij doet onderzoek naar de Franse marinegeschiedenis en wellicht kan hij nogmaals kijken of Johan August echt niet in de Franse marine diende. Het kan uiteraard heel goed zijn dat zijn naam anders is geschreven. Een andere mogelijkheid is dat Johan August in Duinkerken actief was in Franse marinedienst (op p.260 van mijn boek wordt in dit kader ook Stralsund als kaperstad genoemd). Duinkerken heeft, zover ik weet, goed geconserveerde archieven uit die tijd, maar ik ben er zelf nooit geweest.<\/span><\/p>\n<p style=\"font-weight: 400;\"><span style=\"color: #000000;\">&#8211;\u00a0\u00a0\u00a0\u00a0\u00a0\u00a0De Rotterdamse en Amsterdamse gemeentearchieven bieden informatie over Nederlandse kaapvaartrederijen in de Vierde Engelse Oorlog. Mogelijk zijn hier zelfs bemanningslijsten te vinden. De inventarissen zijn via internet raadpleegbaar, wel gaat het Amsterdamse archief vanaf januari een lange periode dicht i.v.m. verhuizing.<\/span><\/p>\n<p style=\"font-weight: 400;\"><span style=\"color: #000000;\">&#8211;\u00a0\u00a0\u00a0\u00a0\u00a0\u00a0Aan het eind van deze week ontmoet ik de emeritus-hoogleraar<\/span><br \/>\n<span style=\"color: #000000;\">zeegeschiedenis Bruijn en ik zal hem vragen of hij nog aanvullende tips<\/span><br \/>\n<span style=\"color: #000000;\">heeft. Wellicht heeft hij ook de adressen van Jordaan en Van Zijverden die<\/span><br \/>\n<span style=\"color: #000000;\">bij hem scripties over kaapvaart in de Vierde Engelse Oorlog schreven.<\/span><\/p>\n<p style=\"font-weight: 400;\"><span style=\"color: #000000;\">Hopelijk heb ik u hiermee iets verder geholpen.<\/span><\/p>\n<p style=\"font-weight: 400;\"><span style=\"color: #000000;\">Met vriendelijke groet,<br \/>\n<\/span><span style=\"color: #000000;\"><strong>Joke Korteweg<\/strong><\/span><\/p>\n<hr \/>\n<p style=\"font-weight: 400;\"><span style=\"color: #000000;\">Bilthoven, 27 december 2006<\/span><\/p>\n<p style=\"font-weight: 400;\"><span style=\"color: #000000;\"><strong>Geachte mevrouw Korteweg,<\/strong><\/span><\/p>\n<p style=\"font-weight: 400;\"><span style=\"color: #000000;\">Heel erg bedankt voor dit snelle en behulpzame antwoord. Ook dank voor uw<\/span><br \/>\n<span style=\"color: #000000;\">complimenten over de website.<\/span><\/p>\n<p style=\"font-weight: 400;\"><span style=\"color: #000000;\">Ik sta uiteraard helemaal open voor de uitkomsten van uw gesprek met prof. Bruijn. In dat verband lijkt het mij belangrijk dat ik meld dat mijn betovergrootvader volgens overlevering nauw bevriend was met de Zweed Pehr<\/span><br \/>\n<span style=\"color: #000000;\">Ziervogel, die tot hoge rangen in de Nederlandse marine opklom.<\/span><\/p>\n<p style=\"font-weight: 400;\"><span style=\"color: #000000;\">Ik ga uw adviezen zeker opvolgen. Te zijner tijd zal ik u van de resultaten<\/span><br \/>\n<span style=\"color: #000000;\">mijn onderzoek op de hoogte stellen.<\/span><\/p>\n<p style=\"font-weight: 400;\"><span style=\"color: #000000;\">Met vriendelijke groet,<br \/>\n<\/span><span style=\"color: #000000;\"><strong>Hugo von Meijenfeldt<\/strong><\/span><\/p>\n<hr \/>\n<p style=\"font-weight: 400;\"><span style=\"color: #000000;\">Bilthoven 6 januari 2007<\/span><\/p>\n<p style=\"font-weight: 400;\"><span style=\"color: #000000;\"><strong>Geachte mevrouw Korteweg,<\/strong><\/span><\/p>\n<p style=\"font-weight: 400;\"><span style=\"color: #000000;\">Sorry dat ik al weer zo snel een mail naar u stuur, maar door de rustige<\/span><br \/>\n<span style=\"color: #000000;\">eerste week van het nieuwe jaar heb ik de tijd gehad om het nodige onderzoek<\/span><br \/>\n<span style=\"color: #000000;\">te doen op basis van uw aanbevelingen. Ik stel u graag even kort van de tussenstand op de hoogte.<\/span><\/p>\n<p style=\"font-weight: 400;\"><span style=\"color: #000000;\">Roberto Barazzutti heeft mij twee keer snel geantwoord, inderdaad in een<\/span><br \/>\n<span style=\"color: #000000;\">prachtig soort Nederlands. De eerste keer schreef hij: (&#8230;) En de tweede keer: (&#8230;) Mijn conclusie is dat ik eventueel nog een laatste poging zou kunnen wagen,<\/span><br \/>\n<span style=\"color: #000000;\">ofwel door zelf naar CARAN te gaan of er naar te schrijven.<\/span><\/p>\n<p style=\"font-weight: 400;\"><span style=\"color: #000000;\">Ik ben afgelopen donderdag een dagje op het Gemeentearchief Amsterdam geweest. Ik heb onder toegangsnummer 5032 Commissarissen Defensiewezen een drietal documenten ingezien over de aanstelling en betaling van personeel op kanonneerboten (nrs. 96, 100 en 106), maar daarop komt de naam Meijenfeldt (in alle denkbare schrijfwijzen) niet voor. Alle stukken zijn uit 1787, toen weer een andere oorlog (de Pruisische veldtocht in Nederland) gaande was. Het is niet onwaarschijnlijk dat ik niet goed zoek, dus op dat punt hou ik mij aanbevolen voor vingerwijzingen.<\/span><\/p>\n<p style=\"font-weight: 400;\"><span style=\"color: #000000;\">Met vriendelijke groet,<br \/>\n<\/span><span style=\"color: #000000;\"><strong>Hugo von Meijenfeldt<\/strong><\/span><\/p>\n<hr \/>\n<p style=\"font-weight: 400;\"><span style=\"color: #000000;\">9 januari 2007<\/span><\/p>\n<p style=\"font-weight: 400;\"><span style=\"color: #000000;\"><strong>Geachte heer Von Meijenfeldt,<\/strong><\/span><\/p>\n<p style=\"font-weight: 400;\"><span style=\"color: #000000;\">Inmiddels heb ik professor Bruijn gesproken, maar hij kan me niet helpen aan de adressen van de scriptieschrijvers. Roberto Barazzutti heeft geheel in zijn stijl geantwoord, maar jammer dat het niet veel oplevert. De naam Meyne lijkt me inderdaad wat ver gezocht. Ik neem aan dat Villiers niet lang gezocht heeft naar de naam van uw voorvader, dus een laatste zoektocht zou in ieder geval geen kwaad kunnen.<\/span><\/p>\n<p style=\"font-weight: 400;\"><span style=\"color: #000000;\">Ik vraag me af of het in Amsterdam niet het beste is om bij archieven van kaapvaartrederijen te zoeken. Zelf heb ik me in mijn boek vooral op bestaande literatuur gericht, maar in het Gemeentearchief moet er materiaal<\/span><br \/>\n<span style=\"color: #000000;\">te vinden zijn over de kaapvaart in de late achttiende eeuw. Ik heb daarbij geen gerichte aanwijzing, omdat ik het materiaal zelf niet ken, maar in de studiezaal zullen ze ongetwijfeld meer weten.<\/span><\/p>\n<p style=\"font-weight: 400;\"><span style=\"color: #000000;\">Veel succes en ik ben erg benieuwd naar de resultaten!<\/span><\/p>\n<p style=\"font-weight: 400;\"><span style=\"color: #000000;\">Vriendelijke groet,<br \/>\n<\/span><span style=\"color: #000000;\"><strong>Joke Korteweg<\/strong><\/span><\/p>\n","protected":false},"excerpt":{"rendered":"<p>Joke E. Korteweg,\u00a0j.e.korteweg@wanadoo.nl CH-429 Bilthoven, 23 december 2006 Geachte mevrouw Korteweg, Zojuist heb ik met veel plezier uw boek &#8220;Kaperbloed en koopmansgeest&#8221; gelezen. Het valt mij op hoeveel er in het verleden al gereglementeerd werd rondom oorlogvoering, net als op het land bij het belegeren van steden en het leveren van een veldslag. Net als &hellip; <a href=\"https:\/\/meijenfeldt.nl\/?page_id=43301\" class=\"more-link\">Verder lezen <span class=\"screen-reader-text\">Joke Korteweg<\/span><\/a><\/p>\n","protected":false},"author":1,"featured_media":0,"parent":0,"menu_order":0,"comment_status":"closed","ping_status":"closed","template":"","meta":{"footnotes":""},"class_list":["post-43301","page","type-page","status-publish","hentry"],"_links":{"self":[{"href":"https:\/\/meijenfeldt.nl\/index.php?rest_route=\/wp\/v2\/pages\/43301","targetHints":{"allow":["GET"]}}],"collection":[{"href":"https:\/\/meijenfeldt.nl\/index.php?rest_route=\/wp\/v2\/pages"}],"about":[{"href":"https:\/\/meijenfeldt.nl\/index.php?rest_route=\/wp\/v2\/types\/page"}],"author":[{"embeddable":true,"href":"https:\/\/meijenfeldt.nl\/index.php?rest_route=\/wp\/v2\/users\/1"}],"replies":[{"embeddable":true,"href":"https:\/\/meijenfeldt.nl\/index.php?rest_route=%2Fwp%2Fv2%2Fcomments&post=43301"}],"version-history":[{"count":2,"href":"https:\/\/meijenfeldt.nl\/index.php?rest_route=\/wp\/v2\/pages\/43301\/revisions"}],"predecessor-version":[{"id":43303,"href":"https:\/\/meijenfeldt.nl\/index.php?rest_route=\/wp\/v2\/pages\/43301\/revisions\/43303"}],"wp:attachment":[{"href":"https:\/\/meijenfeldt.nl\/index.php?rest_route=%2Fwp%2Fv2%2Fmedia&parent=43301"}],"curies":[{"name":"wp","href":"https:\/\/api.w.org\/{rel}","templated":true}]}}