{"id":43071,"date":"2022-02-05T12:49:52","date_gmt":"2022-02-05T12:49:52","guid":{"rendered":"https:\/\/meijenfeldt.nl\/?page_id=43071"},"modified":"2022-02-05T12:49:52","modified_gmt":"2022-02-05T12:49:52","slug":"kb-lars-lifvendahl","status":"publish","type":"page","link":"https:\/\/meijenfeldt.nl\/?page_id=43071","title":{"rendered":"KB, Lars Lifvendahl"},"content":{"rendered":"<p style=\"font-weight: 400;\"><span style=\"font-size: 14pt; color: #000000;\"><strong>Kungliga Biblioteket, Repro- och fotoenheten, Lars Lifvendahl,\u00a0Box 5039, 10241, Stockholm, <span style=\"color: #0000ff;\"><a style=\"color: #0000ff;\" href=\"mailto:repro-foto@kb.se\">repro-foto@kb.se<\/a><\/span><\/strong><\/span><\/p>\n<p><span style=\"font-size: 14pt; color: #000000;\"><strong>CH-350<\/strong><\/span><\/p>\n<hr \/>\n<p style=\"font-weight: 400;\">Bilthoven, 27 september 2003<\/p>\n<p style=\"font-weight: 400;\"><strong>Dear Madam\/Sir,<\/strong><\/p>\n<p style=\"font-weight: 400;\">On Friday 8 August I visited your library and filled in\u00a0&#8220;Best\u00e4llning&#8221; forms to obtain photocopies of some old documents. Since I live in the Netherlands, your officer at the desk\u00a0promised\u00a0to\u00a0send a\u00a0calculation to me and after my payment I would optain the copies. Until now I did not receive a calculation. Perhaps something went wrong. Could you inform me on the state of affairs?<\/p>\n<p style=\"font-weight: 400;\">Thank you in advance,<br \/>\n<strong>Hugo von Meijenfeldt<\/strong><\/p>\n<hr \/>\n<p style=\"font-weight: 400;\">Stockholm, 29 september 2003<\/p>\n<p style=\"font-weight: 400;\"><strong>Dear Sir,<\/strong><\/p>\n<p style=\"font-weight: 400;\">First of all I must apologize for the delay of your order. We have been searching for the speech over the countess Lovisa A. Meyerfelt and it hasn&#8217;t turned up until now. However, the rest of your order has been complete for a while.<br \/>\nUsually, we prefer customers to pay in advance if the final sum exceeds 500 Kronor. However, the sum of your order is 276 Kronor, postage not included.<br \/>\nPlease confirm your order, and we will send you the copies as soon as possible. The invoice will be sent separately.<\/p>\n<p style=\"font-weight: 400;\">Thank you for your patience!<\/p>\n<p style=\"font-weight: 400;\">Yours sincerely,<br \/>\n<strong>Lars Lifvendahl<\/strong><\/p>\n<hr \/>\n<p style=\"font-weight: 400;\">Bilthoven,<\/p>\n<p style=\"font-weight: 400;\"><strong>Dear\u00a0<\/strong><strong>Lars Lifvendahl<\/strong><\/p>\n<p style=\"font-weight: 400;\">Thank you very much for your quick answer. Your decision to wait for the final paper is well understandable. If the last document turns up I&#8217;m still interested, but in the mean time I indeed would like to receive the other copies to work further on them. I will pay the invoice as soon as I have received it. Thank you very much for all the trouble taken.<\/p>\n<p style=\"font-weight: 400;\">Best regards,<br \/>\n<strong>Hugo von Meijenfeldt<\/strong><\/p>\n<hr \/>\n<p style=\"font-weight: 400;\">Bilthoven, 1 november 2003<\/p>\n<p style=\"font-weight: 400;\"><strong>Dear Lars Lifvendahl,<\/strong><\/p>\n<p style=\"font-weight: 400;\">Once again thank you very much for all the papers you have send me. In\u00a0 the mean time I received the bill and have paid the amount of 410 Swedish crowns immediately.<\/p>\n<p style=\"font-weight: 400;\">After checking all the papers I have one request. One paper was the following:<\/p>\n<p style=\"font-weight: 400;\"><em>Katalogsignum: Sv. Saml. Jurid. Sv. R\u00e4tteg. handl. (Br) 1700-1829<br \/>\n<\/em><em>Tj\u00e4nstant.: 5<br \/>\n<\/em><em>F\u00f6rfattarnamn\/Annat ordningsord: Roos, Olof Gustaf [SB17:850708a26]<br \/>\n<\/em><em>Materialets titel: \u00d6rebro Stads K\u00e4mn\u00e4rs-R\u00e4tts Protocoller, hallne emellan Borgaren O.G. Roos, karande; och Herr \u00d6fwerste-Lieutenanten Friherre J.W. \u00d6rnsk\u00f6ld etc. etc. etc.<br \/>\n<\/em><em>F\u00f6rlag: \u00d6rebro, J.P. Lindh, 1795<\/em><\/p>\n<p style=\"font-weight: 400;\">I received copies of the\u00a0pages up and until page 16. According to my information there should be 24 pages. Indeed, the court case suddenly finished. Could you check if the pages 17 till 24 (or an other number) still exist. If so, I would like to order a copy of these pages as well, also to know how the court case ended!<\/p>\n<p style=\"font-weight: 400;\">Thank you very much in advance for all the trouble taken,<\/p>\n<p style=\"font-weight: 400;\">Yours sincerely,<br \/>\n<strong>Hugo von Meijenfeldt<\/strong><\/p>\n","protected":false},"excerpt":{"rendered":"<p>Kungliga Biblioteket, Repro- och fotoenheten, Lars Lifvendahl,\u00a0Box 5039, 10241, Stockholm, repro-foto@kb.se CH-350 Bilthoven, 27 september 2003 Dear Madam\/Sir, On Friday 8 August I visited your library and filled in\u00a0&#8220;Best\u00e4llning&#8221; forms to obtain photocopies of some old documents. Since I live in the Netherlands, your officer at the desk\u00a0promised\u00a0to\u00a0send a\u00a0calculation to me and after my payment &hellip; <a href=\"https:\/\/meijenfeldt.nl\/?page_id=43071\" class=\"more-link\">Verder lezen <span class=\"screen-reader-text\">KB, Lars Lifvendahl<\/span><\/a><\/p>\n","protected":false},"author":1,"featured_media":0,"parent":0,"menu_order":0,"comment_status":"closed","ping_status":"closed","template":"","meta":{"footnotes":""},"class_list":["post-43071","page","type-page","status-publish","hentry"],"_links":{"self":[{"href":"https:\/\/meijenfeldt.nl\/index.php?rest_route=\/wp\/v2\/pages\/43071","targetHints":{"allow":["GET"]}}],"collection":[{"href":"https:\/\/meijenfeldt.nl\/index.php?rest_route=\/wp\/v2\/pages"}],"about":[{"href":"https:\/\/meijenfeldt.nl\/index.php?rest_route=\/wp\/v2\/types\/page"}],"author":[{"embeddable":true,"href":"https:\/\/meijenfeldt.nl\/index.php?rest_route=\/wp\/v2\/users\/1"}],"replies":[{"embeddable":true,"href":"https:\/\/meijenfeldt.nl\/index.php?rest_route=%2Fwp%2Fv2%2Fcomments&post=43071"}],"version-history":[{"count":2,"href":"https:\/\/meijenfeldt.nl\/index.php?rest_route=\/wp\/v2\/pages\/43071\/revisions"}],"predecessor-version":[{"id":43073,"href":"https:\/\/meijenfeldt.nl\/index.php?rest_route=\/wp\/v2\/pages\/43071\/revisions\/43073"}],"wp:attachment":[{"href":"https:\/\/meijenfeldt.nl\/index.php?rest_route=%2Fwp%2Fv2%2Fmedia&parent=43071"}],"curies":[{"name":"wp","href":"https:\/\/api.w.org\/{rel}","templated":true}]}}