{"id":40379,"date":"2021-12-18T10:57:46","date_gmt":"2021-12-18T10:57:46","guid":{"rendered":"https:\/\/meijenfeldt.nl\/?page_id=40379"},"modified":"2026-02-05T15:43:46","modified_gmt":"2026-02-05T15:43:46","slug":"n-2-johan-august","status":"publish","type":"page","link":"https:\/\/meijenfeldt.nl\/?page_id=40379","title":{"rendered":"N.2. Johan August"},"content":{"rendered":"<table style=\"width: 100%; height: 1165px;\">\n<tbody>\n<tr style=\"height: 28px;\">\n<td style=\"background-color: #ffffff; text-align: center; height: 28px; width: 137.668%;\" colspan=\"4\"><span style=\"font-size: 12pt;\"><span style=\"color: #000000; font-family: georgia, palatino, serif;\"><strong>PERSOONSDOSSIER<\/strong><\/span><\/span><\/td>\n<\/tr>\n<tr style=\"height: 28px;\">\n<td style=\"width: 137.668%; background-color: #ffffff; text-align: center; height: 28px;\" colspan=\"4\"><span style=\"color: #000000;\"><span style=\"font-size: 10pt;\"><a href=\"https:\/\/meijenfeldt.nl\/?page_id=58281\"><span style=\"color: #0000ff;\">\u2190 Stamboom<\/span><\/a>\u00a0 \u00a0***\u00a0 <\/span> <span style=\"color: #0000ff;\"><a style=\"color: #0000ff;\" href=\"#levensloop\"><span style=\"font-size: 10pt;\">\u2193 Levensloop<\/span><\/a><\/span>\u00a0 \u00a0<span style=\"font-size: 10pt;\">***\u00a0 <span style=\"color: #0000ff;\"><a style=\"color: #0000ff;\" href=\"#kranten\">\u2193 Kranten<\/a><\/span>\u00a0 \u00a0***<\/span>\u00a0 <span style=\"color: #0000ff;\">\u00a0<a style=\"color: #0000ff;\" href=\"#documenten\"><span style=\"font-size: 10pt;\">\u2193 Documenten<\/span><\/a><\/span><\/span><span style=\"font-size: 12pt;\"><span style=\"color: #000000; font-family: georgia, palatino, serif;\"><strong><br \/>\n<\/strong><\/span><\/span><\/td>\n<\/tr>\n<tr style=\"height: 28px;\">\n<td style=\"background-color: #d5e8eb; text-align: center; width: 137.668%; height: 28px;\" colspan=\"4\"><span style=\"font-size: 12pt;\"><span style=\"color: #000000; font-family: georgia, palatino, serif;\"><strong>GENEALOGIE<\/strong><\/span><strong><span style=\"color: #800000;\"><span style=\"font-family: georgia, palatino, serif;\"><span style=\"color: #000000;\"><br \/>\n<\/span><\/span><\/span><\/strong><\/span><\/td>\n<\/tr>\n<tr style=\"height: 84px;\">\n<td style=\"width: 137.668%; height: 84px; text-align: justify;\" colspan=\"4\"><span style=\"font-size: 12pt;\"><span style=\"font-family: georgia, palatino, serif;\">N.2.\u00a0<b style=\"color: #000000; text-align: justify;\">Johan August <\/b>von Meijenfeldt<span style=\"color: #000000; text-align: justify;\">,\u00a0 * Amsterdam 29-09-1808, \u2248 Oude Lutherse Kerk 15-08-1808, \u2020 Rotterdam 12-12-1878 (70 jr), \u2261 Crooswijk 14-12-1878, zoon van <\/span><span style=\"color: #0000ff;\"><a style=\"color: #0000ff;\" href=\"https:\/\/meijenfeldt.nl\/?page_id=40191\">Johan August von Meijenfeldt en Catharina Margaretha Pieploo<\/a><\/span><span style=\"color: #000000; text-align: justify;\">, timmerman en welputboorder<\/span><i style=\"color: #000000; text-align: justify;\">.<\/i><\/span><strong><span style=\"color: #800000;\"><span style=\"font-family: georgia, palatino, serif;\"><span style=\"color: #000000;\"><br \/>\n<\/span><\/span><\/span><\/strong><\/span><\/td>\n<\/tr>\n<tr style=\"height: 28px;\">\n<td style=\"background-color: #d5e8eb; text-align: center; width: 137.668%; height: 28px;\" colspan=\"4\"><span style=\"font-size: 12pt;\"><strong><span style=\"color: #800000;\"><span style=\"font-family: georgia, palatino, serif;\"><span style=\"color: #000000;\">LEVENSLOOP<a id=\"levensloop\"><\/a><\/span><\/span><\/span><\/strong><\/span><\/td>\n<\/tr>\n<tr style=\"height: 252px;\">\n<td style=\"width: 137.668%; height: 252px;\" colspan=\"4\"><span style=\"color: #800000;\"><span style=\"font-family: georgia,palatino,serif; font-size: 10pt;\"><span style=\"font-size: 10pt; color: #000000;\">Timmermansleerling<br \/>\nTimmermansknecht<br \/>\n1826 Nationale Militie<br \/>\n01-04-1828 Belijdenis bij Ev-Luth do Fortmeijer<br \/>\n1838 # (Grote) Kipstraat 140 (met moeder)<br \/>\nMeester timmerman en welputboorder<br \/>\n1844 # Groenendaal wijk M nr 389 en 382 ( met moeder)<br \/>\n1848-1864 Goudsche Singel wijk 13 nr. 883 (met moeder en zus Nellie)<br \/>\n1878 Breedstraat?<\/span><\/span><\/span><\/td>\n<\/tr>\n<tr>\n<td style=\"background-color: #d5e8eb; text-align: center; width: 137.668%;\" colspan=\"4\"><span style=\"color: #000000; font-family: georgia, palatino, serif; font-size: 12pt;\"><strong>KRANTEN<a id=\"kranten\"><\/a><\/strong><\/span><\/td>\n<\/tr>\n<tr>\n<td style=\"background-color: #ffffff; width: 137.668%; text-align: center;\" colspan=\"4\"><span style=\"color: #000000; font-family: georgia, palatino, serif; font-size: 12pt;\"><strong><img loading=\"lazy\" decoding=\"async\" class=\"alignnone wp-image-60167\" src=\"https:\/\/meijenfeldt.nl\/wp-content\/uploads\/2023\/10\/Verhuisbericht-300x262.jpg\" alt=\"\" width=\"471\" height=\"411\" srcset=\"https:\/\/meijenfeldt.nl\/wp-content\/uploads\/2023\/10\/Verhuisbericht-300x262.jpg 300w, https:\/\/meijenfeldt.nl\/wp-content\/uploads\/2023\/10\/Verhuisbericht.jpg 727w\" sizes=\"auto, (max-width: 471px) 100vw, 471px\" \/><\/strong><\/span><\/p>\n<p><img loading=\"lazy\" decoding=\"async\" class=\"alignnone wp-image-60168\" src=\"https:\/\/meijenfeldt.nl\/wp-content\/uploads\/2023\/10\/1878-Overlijdensbericht-300x124.jpg\" alt=\"\" width=\"470\" height=\"194\" srcset=\"https:\/\/meijenfeldt.nl\/wp-content\/uploads\/2023\/10\/1878-Overlijdensbericht-300x124.jpg 300w, https:\/\/meijenfeldt.nl\/wp-content\/uploads\/2023\/10\/1878-Overlijdensbericht-768x318.jpg 768w, https:\/\/meijenfeldt.nl\/wp-content\/uploads\/2023\/10\/1878-Overlijdensbericht.jpg 944w\" sizes=\"auto, (max-width: 470px) 100vw, 470px\" \/><br \/>\n<em><span style=\"font-family: georgia, palatino, serif; font-size: 10pt;\">De Maasbode 15-12-1878<\/span><\/em><\/td>\n<\/tr>\n<tr style=\"height: 28px;\">\n<td style=\"background-color: #d5e8eb; text-align: center; height: 28px; width: 137.668%;\" colspan=\"4\"><span style=\"color: #800000;\"><strong><span style=\"font-family: georgia,palatino,serif; font-size: 10pt;\">\u00a0<\/span><\/strong><\/span><span style=\"color: #000000; font-family: georgia, palatino, serif; font-size: 12pt;\"><strong>DOCUMENTEN<a id=\"documenten\"><\/a><\/strong><\/span><\/td>\n<\/tr>\n<tr style=\"height: 28px;\">\n<td style=\"width: 11.4038%; height: 28px;\"><span style=\"font-family: georgia,palatino,serif; font-size: 10pt;\"><strong style=\"color: #800000; font-family: 'Noto Serif', serif; font-size: 17px;\"><span style=\"font-family: georgia,palatino,serif; font-size: 10pt;\">CODE<\/span><\/strong><strong><br \/>\n<\/strong><\/span><\/td>\n<td style=\"width: 105.56%; height: 28px;\" colspan=\"2\"><span style=\"color: #000000;\"><span style=\"font-family: georgia,palatino,serif; font-size: 10pt;\"><span style=\"color: #008000;\"><strong style=\"color: #800000; font-family: 'Noto Serif', serif; font-size: 17px;\"><span style=\"font-family: georgia,palatino,serif; font-size: 10pt;\">INHOUD<\/span><\/strong><br \/>\n<\/span><\/span><\/span><\/td>\n<td style=\"width: 20.7041%; height: 28px;\"><span style=\"color: #000000;\"><span style=\"font-family: georgia,palatino,serif; font-size: 10pt;\"><strong style=\"color: #800000; font-family: 'Noto Serif', serif; font-size: 17px;\"><span style=\"font-family: georgia,palatino,serif; font-size: 10pt;\">DATUM<\/span><\/strong><br \/>\n<\/span><\/span><\/td>\n<\/tr>\n<tr>\n<td style=\"width: 11.4038%;\"><span style=\"color: #000000; font-family: georgia, palatino, serif; font-size: 13.3333px;\">SA PA 213, Doop Copy, Inv 441, Sub J, blad 27\u00a0<\/span><\/td>\n<td style=\"width: 105.56%;\" colspan=\"2\"><span style=\"color: #000000;\"><span style=\"font-family: georgia,palatino,serif; font-size: 10pt;\"><span style=\"color: #0000ff;\"><a style=\"color: #0000ff;\" href=\"https:\/\/archief.amsterdam\/inventarissen\/scans\/213\/1.2.2.2.4.48\/start\/20\/limit\/10\/highlight\/7\">Den 5 October D<sup>o<\/sup> Ebersbach Johan A\u00fag\u00fast (Geb. 29 Sept:) Vad: Johan August van Meijenveld Moed: Catharina Marg<sup>a<\/sup> Piepla\u00fa Get: Carolus &amp; Johanna van Meijenveld<\/a>\u00a0<\/span><\/span><\/span><\/td>\n<td style=\"width: 20.7041%;\"><span style=\"color: #000000; font-family: georgia, palatino, serif;\"><span style=\"font-size: 13.3333px;\">29-09-1808<br \/>\n05-10-1808<\/span><\/span><\/td>\n<\/tr>\n<tr style=\"height: 140px;\">\n<td style=\"width: 11.4038%; height: 140px;\"><span style=\"color: #000000; font-family: georgia, palatino, serif; font-size: 13.3333px;\">SA 5001, Doop, Inv 291 Ev-Luth, Sub J, fol 99<br \/>\n<\/span><\/td>\n<td style=\"height: 140px; width: 105.56%;\" colspan=\"2\"><span style=\"color: #000000;\"><span style=\"font-family: georgia,palatino,serif; font-size: 10pt;\"><span style=\"color: #0000ff;\"><a style=\"color: #0000ff;\" href=\"https:\/\/archief.amsterdam\/inventarissen\/scans\/5001\/1.1.15.155\/start\/40\/limit\/10\/highlight\/6\">Den 5 October, D<span style=\"font-size: 10px; height: 0px; line-height: 0; position: relative; vertical-align: baseline; bottom: 1ex;\">o<\/span> Ebersbach, Johan A\u00fag\u00fast (Geb. 29 Sept:), Vad: Johan A\u00fag\u00fast van Meijenveld, Moed: Catharina Marg.<sup>a<\/sup> Piepla\u00fa, Get: Carolus &amp; Juliana van Meijenveld<\/a><\/span><br \/>\n<\/span><\/span><\/td>\n<td style=\"width: 20.7041%; height: 140px;\"><span style=\"color: #000000;\"><span style=\"font-family: georgia,palatino,serif; font-size: 10pt;\">29-09-1808<br \/>\n05-10-1808<\/span><\/span><\/td>\n<\/tr>\n<tr style=\"height: 28px;\">\n<td style=\"width: 11.4038%; height: 28px; background-color: #f2f1e1;\"><span style=\"font-family: georgia,palatino,serif; font-size: 10pt;\">11 BS Amsterdam<\/span><\/td>\n<td style=\"width: 105.56%; height: 28px; background-color: #f2f1e1;\" colspan=\"2\"><span style=\"color: #000000;\"><span style=\"font-family: georgia,palatino,serif; font-size: 10pt;\"><span style=\"color: #008000;\"><a style=\"color: #008000;\" href=\"https:\/\/meijenfeldt.nl\/wp-content\/uploads\/2021\/12\/11-Extract-geboorteregister.pdf\"><span style=\"color: #0000ff;\">Extract Ev.-Luth. doopregister<\/span><\/a><\/span><br \/>\n<\/span><\/span><\/td>\n<td style=\"width: 20.7041%; height: 28px; background-color: #f2f1e1;\"><span style=\"color: #000000;\"><span style=\"font-family: georgia,palatino,serif; font-size: 10pt;\">29-09-1808<br \/>\n05-10-1808<\/span><\/span><\/td>\n<\/tr>\n<tr style=\"height: 28px;\">\n<td style=\"height: 28px; width: 11.4038%;\"><span style=\"color: #000000;\"><span style=\"font-family: georgia,palatino,serif; font-size: 10pt;\">SR, 356 Nationale Militie, Inv 90 Fol 101 Nr. 32<\/span><\/span><\/td>\n<td style=\"width: 105.56%; height: 28px;\" colspan=\"2\"><span style=\"color: #0000ff;\"><a style=\"color: #0000ff;\" href=\"https:\/\/stadsarchief.rotterdam.nl\/apps\/stadsarchief.nl\/_services\/ajax-proxy\/index.xml?mivast=184&amp;mizig=100&amp;miadt=184&amp;miaet=918&amp;micode=356-90&amp;minr=27384229&amp;milang=nl&amp;misort=last_mod|desc&amp;mip1=meijenfeldt&amp;mip3=johan%20august&amp;miview=viewer2\"><span style=\"font-family: georgia,palatino,serif; font-size: 10pt;\">Johan August von Meijenfeldt, el 1, palm 6, duim 5, streep 0 (= 172,5 cm), <\/span><span style=\"font-size: 10pt;\">aangezigt ovaal , voorhoofd rond, oogen blaauw, neus opwippend, mond klein, kin rond, haar en wenkbraauwen blond, woont bij ouders, Johan August, Catharina Margaretha Pieplou, Oost Cingel N 66, Timmerman, vader Constapel bij den Marine, ingeschreven zichzelven\u00a0\u00a0<\/span><\/a><\/span><\/td>\n<td style=\"width: 20.7041%; height: 28px;\"><span style=\"color: #000000;\"><span style=\"font-family: georgia,palatino,serif; font-size: 10pt;\">1826<br \/>\n<\/span><\/span><\/td>\n<\/tr>\n<tr style=\"height: 56px;\">\n<td style=\"width: 11.4038%; height: 56px;\"><span style=\"color: #000000; font-family: georgia, palatino, serif; font-size: 13.3333px;\">SR 28-01, 254 <span style=\"color: #0000ff;\"><span style=\"color: #000000; font-size: 10pt;\">Ev-Luth, Lidmaten<\/span><\/span><\/span><\/td>\n<td style=\"height: 56px; width: 105.56%;\" colspan=\"2\"><span style=\"color: #0000ff;\"><span style=\"color: #000000; font-size: 10pt;\"><a style=\"color: #0000ff;\" href=\"https:\/\/www.familysearch.org\/ark:\/61903\/3:1:3QS7-89QV-QV9K?i=413&amp;wc=SMMP-2NG%3A345830301%2C345829402%2C345849201&amp;cc=2037907\" target=\"_blank\" rel=\"noopener\"><span style=\"font-family: georgia,palatino,serif; font-size: 10pt;\">Johan August von Meijenfeldt, J.M. van Amsterdam, knecht timmerman, bij zijn ouders Oostsingel N 66<\/span><\/a><br \/>\n<\/span><\/span><\/td>\n<td style=\"width: 20.7041%; height: 56px;\"><span style=\"color: #000000;\"><span style=\"font-family: georgia,palatino,serif; font-size: 10pt;\">01-04-1828<\/span><\/span><\/td>\n<\/tr>\n<tr style=\"height: 56px;\">\n<td style=\"width: 11.4038%; height: 56px;\"><span style=\"color: #000000;\"><span style=\"font-family: georgia,palatino,serif; font-size: 10pt;\"><span style=\"font-size: 10pt;\">Rotterdamsche Courant<br \/>\n<\/span><\/span><\/span><\/td>\n<td style=\"width: 105.56%; height: 56px;\" colspan=\"2\"><span style=\"color: #000000;\"><span style=\"font-family: georgia,palatino,serif; font-size: 10pt;\">Bericht van verhuizing<\/span><\/span><\/td>\n<td style=\"width: 20.7041%; height: 56px;\"><span style=\"font-size: 10pt;\">04-05- 1844<br \/>\n<\/span><\/td>\n<\/tr>\n<tr style=\"height: 126px;\">\n<td style=\"width: 137.668%; height: 126px;\" colspan=\"4\"><span style=\"color: #0000ff;\"><span style=\"font-family: georgia,palatino,serif; font-size: 10pt;\"><img loading=\"lazy\" decoding=\"async\" class=\"wp-image-7974 aligncenter\" src=\"https:\/\/meijenfeldt.nl\/wp-content\/uploads\/2017\/12\/N.2-Timmerman-300x58.png\" alt=\"N.2 Timmerman\" width=\"583\" height=\"113\" srcset=\"https:\/\/meijenfeldt.nl\/wp-content\/uploads\/2017\/12\/N.2-Timmerman-300x58.png 300w, https:\/\/meijenfeldt.nl\/wp-content\/uploads\/2017\/12\/N.2-Timmerman-768x150.png 768w, https:\/\/meijenfeldt.nl\/wp-content\/uploads\/2017\/12\/N.2-Timmerman.png 990w\" sizes=\"auto, (max-width: 583px) 100vw, 583px\" \/><\/span><\/span><\/td>\n<\/tr>\n<tr>\n<td style=\"width: 11.4038%;\"><span style=\"color: #000000;\"><span style=\"font-family: georgia,palatino,serif; font-size: 10pt;\">Rotterdamsche Courant<\/span><\/span><\/td>\n<td style=\"width: 105.56%;\" colspan=\"2\"><span style=\"color: #0000ff;\"><a style=\"color: #0000ff;\" href=\"https:\/\/www.delpher.nl\/nl\/kranten\/view?query=meijenfeld&amp;coll=ddd&amp;sortfield=date&amp;identifier=ddd:010980090:mpeg21:a0012&amp;resultsidentifier=ddd:010980090:mpeg21:a0012&amp;rowid=1\"><span style=\"font-family: georgia,palatino,serif; font-size: 10pt;\">De ONDERGETEEKENDEN , opgeroepen tot bespreking der <strong>Belangen<\/strong> van de <strong>WERKLIEDEN<\/strong>, in eene Vergadering, gehouden den 20 October 1853, verklaren zich verbonden te hebben tot ten uitvoer brenging der aangenomene voorstellen, en wel ten 1ste om van l NOVEMBER tot 1 FEBRUARIJ het <strong>Middelloon<\/strong> aan het Volk <strong>uit te betalen<\/strong> en ten andere om te trachten eene betere Regeling zoo wel in den Werktijd als in het Loon in te voeren. Rotterdam. MEIJENFELD (J.A. VON)<\/span><\/a><\/span><\/td>\n<td style=\"width: 20.7041%;\"><span style=\"color: #000000;\"><span style=\"font-family: georgia,palatino,serif; font-size: 10pt;\">25-10-1853<\/span><\/span><\/td>\n<\/tr>\n<tr style=\"height: 84px;\">\n<td style=\"width: 11.4038%; height: 48px;\"><span style=\"color: #000000;\"><span style=\"font-family: georgia,palatino,serif; font-size: 10pt;\">SR 494-03, Inv 88, fol 1755<\/span><\/span><\/td>\n<td style=\"height: 48px; width: 105.56%;\" colspan=\"2\"><span style=\"color: #0000ff;\"><a style=\"color: #0000ff;\" href=\"https:\/\/stadsarchief.rotterdam.nl\/apps\/stadsarchief.nl\/_services\/ajax-proxy\/index.xml?mivast=184&amp;mizig=210&amp;miadt=184&amp;miaet=918&amp;micode=494-03-88&amp;minr=26818992&amp;milang=nl&amp;misort=last_mod|desc&amp;mizk_alle=inventaris%2088&amp;miview=viewer2\"><span style=\"font-family: georgia,palatino,serif; font-size: 10pt;\">Wijk 13, Goudsche Singel, nr. 883, Meijenfeldt \/ van, Johan<del>nes<\/del> August, 29 Sept. 1808, in het Rijk, ongehuwd, Ev. Luth. Timmerm.kn.,\u00a0<\/span><\/a><\/span><\/td>\n<td style=\"width: 20.7041%; height: 48px;\"><span style=\"color: #000000;\"><span style=\"font-family: georgia,palatino,serif; font-size: 10pt;\">\u00a0<\/span><\/span><\/td>\n<\/tr>\n<tr>\n<td style=\"width: 11.4038%;\"><span style=\"color: #000000;\"><span style=\"font-family: georgia,palatino,serif; font-size: 10pt;\">SR 494-03, Inv 224, fol 2877<\/span><\/span><\/td>\n<td style=\"width: 105.56%;\" colspan=\"2\"><span style=\"color: #0000ff;\"><a style=\"color: #0000ff;\" href=\"https:\/\/stadsarchief.rotterdam.nl\/apps\/stadsarchief.nl\/_services\/ajax-proxy\/index.xml?mivast=184&amp;mizig=210&amp;miadt=184&amp;miaet=918&amp;micode=494-03-224&amp;minr=15833878&amp;milang=nl&amp;misort=last_mod|desc&amp;mizk_alle=wijkregisters&amp;miview=viewer2&amp;mipart=records\"><span style=\"font-family: georgia,palatino,serif; font-size: 10pt;\">Wijk 13, nr. 883, Goudsche Singel, No. 77, Meyenfeldt \/ von, Johan August, Man, Hoofd, 29 Sept. 1808, Amsterdam \/ NH,\u00a0 Luth., Timmerman, dood 11\/12 78<\/span><\/a><\/span><\/td>\n<td style=\"width: 20.7041%;\"><span style=\"color: #000000;\"><span style=\"font-family: georgia,palatino,serif; font-size: 10pt;\">\u00a0<\/span><\/span><\/td>\n<\/tr>\n<tr style=\"height: 28px;\">\n<td style=\"height: 28px; width: 11.4038%;\"><span style=\"color: #000000; font-family: georgia, palatino, serif; font-size: 13.3333px;\">SR 999-09, BS Overlijden, Fol E 013, <\/span><span style=\"color: #000000; font-family: georgia, palatino, serif; font-size: 13.3333px;\">Akte 4176<\/span><\/td>\n<td style=\"height: 28px; width: 105.56%;\" colspan=\"2\"><span style=\"color: #000000;\"><span style=\"font-family: georgia,palatino,serif; font-size: 10pt;\"><span style=\"color: #0000ff;\"><a style=\"color: #0000ff;\" href=\"https:\/\/stadsarchief.rotterdam.nl\/apps\/stadsarchief.nl\/_services\/ajax-proxy\/index.xml?mivast=184&amp;mizig=100&amp;miadt=184&amp;miaet=918&amp;micode=999-09-1878E&amp;minr=45599895&amp;milang=nl&amp;misort=last_mod|desc&amp;mip1=meijenfeldt&amp;miview=viewer2\">Johan August van Meyenfeldt, huis in de Breedstraat, zeventig jaren, zonder beroep, ongehuwd, zijnde alle verdere aanwijzingen den aangevers onbekend.<\/a><\/span><br \/>\n<\/span><\/span><\/td>\n<td style=\"width: 20.7041%; height: 28px;\"><span style=\"color: #000000;\"><span style=\"font-family: georgia,palatino,serif; font-size: 10pt;\">11-12-1878<br \/>\n<\/span><\/span><\/td>\n<\/tr>\n<tr>\n<td style=\"width: 11.4038%;\"><span style=\"color: #000000; font-family: georgia, palatino, serif; font-size: 13.3333px;\">SR 676 Begraaf, 191 Crooswijk 5e klasse burgelijke armen\u00a0<\/span><\/td>\n<td style=\"width: 105.56%;\" colspan=\"2\"><span style=\"color: #0000ff;\"><a style=\"color: #0000ff;\" href=\"https:\/\/stadsarchief.rotterdam.nl\/apps\/stadsarchief.nl\/_services\/ajax-proxy\/index.xml?mivast=184&amp;mizig=210&amp;miadt=184&amp;miaet=918&amp;micode=676-191&amp;minr=47405812&amp;milang=nl&amp;misort=last_mod||asc&amp;mizk_alle=676%20gemeentewerken&amp;miview=viewer2\"><span style=\"font-family: georgia,palatino,serif; font-size: 10pt;\">Meijenfeldt, Johan August van, 70 jaren, Breedstraat 14, rij 12, diepte 1, kist 19, algemeen<\/span><\/a><\/span><\/td>\n<td style=\"width: 20.7041%;\"><span style=\"color: #000000;\"><span style=\"font-family: georgia,palatino,serif; font-size: 10pt;\">14-12-1878<\/span><\/span><\/td>\n<\/tr>\n<tr style=\"height: 56px;\">\n<td style=\"width: 11.4038%; height: 15px; background-color: #f2f1e1;\"><span style=\"font-family: georgia,palatino,serif; font-size: 10pt;\">31-32<\/span><\/td>\n<td style=\"width: 105.56%; height: 15px; background-color: #f2f1e1;\" colspan=\"2\"><span style=\"color: #0000ff;\"><span style=\"font-family: georgia,palatino,serif; font-size: 10pt;\"><a style=\"color: #0000ff;\" href=\"https:\/\/meijenfeldt.nl\/wp-content\/uploads\/2021\/12\/31-Onkostennota-overlijden.pdf\">Nota van onkosten en ontvangsten na overlijden van Hendrik von M<\/a><br \/>\n<\/span><\/span><\/td>\n<td style=\"width: 20.7041%; height: 15px; background-color: #f2f1e1;\"><span style=\"color: #000000;\"><span style=\"font-family: georgia,palatino,serif; font-size: 10pt;\">06-03-1879<br \/>\n<\/span><\/span><\/td>\n<\/tr>\n<tr style=\"height: 28px;\">\n<td style=\"width: 11.4038%; height: 28px; background-color: #f2f1e1;\"><span style=\"font-family: georgia,palatino,serif; font-size: 10pt;\">33<\/span><\/td>\n<td style=\"width: 105.56%; height: 28px; background-color: #f2f1e1;\" colspan=\"2\"><span style=\"color: #0000ff;\"><span style=\"font-family: georgia,palatino,serif; font-size: 10pt;\"><a style=\"color: #0000ff;\" href=\"https:\/\/meijenfeldt.nl\/wp-content\/uploads\/2021\/12\/33-Afrekening-overlijden.pdf\">Afrekening overlijden<\/a>, <span style=\"color: #000000;\">H. Pennings<\/span><br \/>\n<\/span><\/span><\/td>\n<td style=\"width: 20.7041%; height: 28px; background-color: #f2f1e1;\"><span style=\"color: #000000;\"><span style=\"font-family: georgia,palatino,serif; font-size: 10pt;\">06-03-1879<\/span><\/span><\/td>\n<\/tr>\n<\/tbody>\n<\/table>\n<p style=\"text-align: left;\">\n","protected":false},"excerpt":{"rendered":"<p>PERSOONSDOSSIER \u2190 Stamboom\u00a0 \u00a0***\u00a0 \u2193 Levensloop\u00a0 \u00a0***\u00a0 \u2193 Kranten\u00a0 \u00a0***\u00a0 \u00a0\u2193 Documenten GENEALOGIE N.2.\u00a0Johan August von Meijenfeldt,\u00a0 * Amsterdam 29-09-1808, \u2248 Oude Lutherse Kerk 15-08-1808, \u2020 Rotterdam 12-12-1878 (70 jr), \u2261 Crooswijk 14-12-1878, zoon van Johan August von Meijenfeldt en Catharina Margaretha Pieploo, timmerman en welputboorder. LEVENSLOOP Timmermansleerling Timmermansknecht 1826 Nationale Militie 01-04-1828 Belijdenis bij &hellip; <a href=\"https:\/\/meijenfeldt.nl\/?page_id=40379\" class=\"more-link\">Verder lezen <span class=\"screen-reader-text\">N.2. Johan August<\/span><\/a><\/p>\n","protected":false},"author":1,"featured_media":0,"parent":0,"menu_order":0,"comment_status":"closed","ping_status":"closed","template":"","meta":{"footnotes":""},"class_list":["post-40379","page","type-page","status-publish","hentry"],"_links":{"self":[{"href":"https:\/\/meijenfeldt.nl\/index.php?rest_route=\/wp\/v2\/pages\/40379","targetHints":{"allow":["GET"]}}],"collection":[{"href":"https:\/\/meijenfeldt.nl\/index.php?rest_route=\/wp\/v2\/pages"}],"about":[{"href":"https:\/\/meijenfeldt.nl\/index.php?rest_route=\/wp\/v2\/types\/page"}],"author":[{"embeddable":true,"href":"https:\/\/meijenfeldt.nl\/index.php?rest_route=\/wp\/v2\/users\/1"}],"replies":[{"embeddable":true,"href":"https:\/\/meijenfeldt.nl\/index.php?rest_route=%2Fwp%2Fv2%2Fcomments&post=40379"}],"version-history":[{"count":67,"href":"https:\/\/meijenfeldt.nl\/index.php?rest_route=\/wp\/v2\/pages\/40379\/revisions"}],"predecessor-version":[{"id":78363,"href":"https:\/\/meijenfeldt.nl\/index.php?rest_route=\/wp\/v2\/pages\/40379\/revisions\/78363"}],"wp:attachment":[{"href":"https:\/\/meijenfeldt.nl\/index.php?rest_route=%2Fwp%2Fv2%2Fmedia&parent=40379"}],"curies":[{"name":"wp","href":"https:\/\/api.w.org\/{rel}","templated":true}]}}