{"id":34155,"date":"2020-10-19T15:50:22","date_gmt":"2020-10-19T15:50:22","guid":{"rendered":"http:\/\/meijenfeldt.nl\/?page_id=34155"},"modified":"2023-06-22T12:42:00","modified_gmt":"2023-06-22T12:42:00","slug":"untertahnige%ce%b2-memoriall-wo-und-wie-lang-ich-in-diensten-gestanden","status":"publish","type":"page","link":"https:\/\/meijenfeldt.nl\/?page_id=34155","title":{"rendered":"Merit 1700"},"content":{"rendered":"<p style=\"text-align: justify;\"><span style=\"font-size: 14pt; color: #000000;\"><strong>J.A. Meijerfelt, &#8220;Untert\u00e4hnigst Memoriall wo und wie lang Ich in diensten gestanden&#8221;, Uppsala Universitetsbiblioteket, X.240. <span class=\"site-name no-print\">Svensk biografi i portf\u00f6ljer, <\/span><span class=\"site-name no-print\">Meijerfelts papper, November 1700.<br \/>\n<\/span><\/strong><\/span><\/p>\n<p><a href=\"https:\/\/meijenfeldt.nl\/wp-content\/uploads\/2020\/10\/1683-1700-Meritforteckning.pdf\"><img loading=\"lazy\" decoding=\"async\" class=\"wp-image-34185 aligncenter\" src=\"https:\/\/meijenfeldt.nl\/wp-content\/uploads\/2020\/10\/CV-1683-1701-300x132.jpg\" alt=\"\" width=\"630\" height=\"277\" srcset=\"https:\/\/meijenfeldt.nl\/wp-content\/uploads\/2020\/10\/CV-1683-1701-300x132.jpg 300w, https:\/\/meijenfeldt.nl\/wp-content\/uploads\/2020\/10\/CV-1683-1701-1024x452.jpg 1024w, https:\/\/meijenfeldt.nl\/wp-content\/uploads\/2020\/10\/CV-1683-1701-768x339.jpg 768w, https:\/\/meijenfeldt.nl\/wp-content\/uploads\/2020\/10\/CV-1683-1701-1536x678.jpg 1536w, https:\/\/meijenfeldt.nl\/wp-content\/uploads\/2020\/10\/CV-1683-1701.jpg 1745w\" sizes=\"auto, (max-width: 630px) 100vw, 630px\" \/><\/a><\/p>\n<p style=\"text-align: center;\"><span style=\"font-size: 10pt;\"><em><a href=\"https:\/\/meijenfeldt.nl\/wp-content\/uploads\/2020\/10\/1683-1700-Meritforteckning.pdf\"><span style=\"color: #0000ff;\">Origineel<\/span><\/a><\/em><\/span><\/p>\n<table style=\"border-collapse: collapse; width: 100%; height: 1533px;\">\n<tbody>\n<tr style=\"height: 28px;\">\n<td style=\"width: 50.9091%; height: 28px;\"><em><span style=\"color: #000000;\"><strong><span style=\"font-size: 10pt;\">Transcriptie<\/span><\/strong><strong><span style=\"font-size: 10pt;\"><br \/>\n<\/span><\/strong><\/span><\/em><\/td>\n<td style=\"width: 49.0909%; height: 28px;\"><em><span style=\"color: #000000;\"><strong><span style=\"font-size: 10pt;\">Vertaling<\/span><\/strong><strong><span style=\"font-size: 10pt;\"><br \/>\n<\/span><\/strong><\/span><\/em><\/td>\n<\/tr>\n<tr style=\"height: 28px;\">\n<td style=\"width: 50.9091%; text-align: center; height: 28px;\" colspan=\"2\"><span style=\"color: #800000;\"><span style=\"text-decoration: underline;\"><span style=\"font-size: 10pt; color: #000000; text-decoration: underline;\">Pag. 1<\/span><\/span><strong><span style=\"font-size: 10pt;\"><br \/>\n<\/span><\/strong><\/span><\/td>\n<\/tr>\n<tr style=\"height: 1394px;\">\n<td style=\"width: 50.9091%; height: 1313px;\"><span style=\"font-size: 12pt; color: #000000;\">Untert\u00e4hnigst Memoriall wo und wie lang Ich in diensten gestanden<\/span><\/p>\n<p><span style=\"font-size: 10pt; color: #000000;\">A.o 83 habe dan anfang gemachet und bijn Volontair unter de\u03b2 H General Major von der Pahlens Regiment und beij der Leib Compagnie bi\u03b2 A 86 geweh\u03b2en<br \/>\n<\/span><span style=\"font-size: 10pt; color: #000000;\">A 86 bijn ich unter selben Regiment unter de\u03b2 Rittmeister Tiesenhausens Compagnie zum Cornet avanciret<br \/>\n<\/span><span style=\"font-size: 10pt; color: #000000;\">A 88 unter selbiger Compagnie zum Leutenant avanciret und bi\u03b2 A 93 Leut. gewehsen<br \/>\n<\/span><span style=\"font-size: 10pt; color: #000000;\">A 93 bijn Ich mit zula\u03b2 nach Brabant gangen und in da\u03b2 obristen Hastfern Regiment Capitein worden, und bi\u03b2 97 Capitein geweh\u03b2en<br \/>\n<\/span><span style=\"font-size: 10pt; color: #000000;\">A 97 bijn ich Major unter d. Krassausche Regiment worden, alwo ich so lang beij gestanden bi\u03b2 da Ihro K\u00f6nigl Maj:t die in Brabant gestandene trouppen wieder zur\u00fccke brachten, und nach Brehmen marchiret, alwo ich nebst die anderen officir abgedanket worden, meine dienste habe [gelobet] alle mahl so vohrgestanden d\u03b2 theil\u03b2 die abscheide al\u03b2 auch anderen officir so mich drau\u03b2en gekommet und sich izo hier in der Arm\u00e8e befinden werden d\u03b2 beste Zeugni\u03b2 da von geben k\u00f6nnen.<br \/>\n<\/span><span style=\"font-size: 10pt; color: #000000;\">A 98 wie die abdankung beij Boukstehude in Brehmschen geschaft, habe mich gleich nach Stokholm begeben und meine untert\u00e4hniger pflicht observiren wolle, und meinem allergn\u00e4digste K\u00f6nige meine wenige person in untert\u00e4hnigkeit offeriren, und mich umb keinen fremden heer dienste, umb tuhn vall, da Ich dan gelehgenkeit habe, gleich beij der abdanckung wen ich nach Hamburg kahm, mich in fremder heer diensten zu engagiren, von der zeit da ich nach Stokholm kam hebe mich fast 2 jahre so auff gehalten zu Ihro K\u00f6nigl: Mayt allergn\u00e4hdigste disposition, bi\u03b2 da die invasion von den Saksen in Lifflandt geschah, bijn Ich von den reste geweh\u03b2en die sich abermahl offeriren wolle, und bijn mit den H GeneralLieutenant Fr\u00f6lich nach Liefflant gangen, und wie selbiger an der Arm\u00e8 kahm, hat Er mich stahte\u03b2 bi\u03b2 der entsatz beij Riga wahr geschahen, zu Ihro K\u00f6nigl: May:t diensten gebrauchet wie der H GeneralLieutenanten da von d\u03b2 besten Zeugni\u03b2 wirdt geben k\u00f6nnen,<\/span><\/td>\n<td style=\"width: 49.0909%; height: 1313px;\"><span style=\"color: #000000; font-size: 12pt;\">Onderdanigst memorandum waar en hoe lang ik in dienst heb gestaan<\/span><\/p>\n<p><span style=\"font-size: 10pt; color: #000000;\">Anno 83 heb ik een start gemaakt en ben als vrijwilliger onder de heer Generaal Majoor von der Pahlen&#8217;s Regiment en bij de Lijfcompagnie geweest tot Anno 86<br \/>\nAnno 86 ben ik onder hetzelfde Regiment onder ritmeester Tiesenhausen&#8217;s Compagnie tot kornet bevorderd<br \/>\nAnno 88 onder dezelfde Compagnie tot Luitenant bevorderd en tot Anno 93 Luit. geweest<br \/>\nAnno 93 ben ik met toestemming naar Brabant gegaan en in het kolonel Hastfer&#8217;s Regiment Kapitein geworden, en tot 97 Kapitein geweest<br \/>\nAnno 97 ben ik Majoor onder Krassau&#8217;s Regiment geworden, waar ik zo lang bij gestaan heb, totdat Zijne Koninkl. Majt de troepen die in Brabant stonden weer terug bracht, en naar Bremen gemarcheerd, waar ik net als de andere officieren afgedankt werd, mijn verdiensten die er allemaal zo voor staan, dat deels de afgescheiden als ook andere officieren die net als ik er uit zijn gekomen en zich tegenwoordig hier in het Leger zullen bevinden daar het beste getuigenis van kunnen afleggen.<br \/>\nAnno 98 toen de afdanking in Buxtehude in het Breemse klaar was, heb ik mij gelijk naar Stockholm begeven en mijn onderdanige plicht willen zoeken, en mijn meest genadige Koning mijn geringe persoon in onderdanigheid aanbieden, en geen vreemde krijgsdienst doen willen, waartoe ik gelegenheid had, toen ik gelijk bij de afdanking naar Hamburg kwam, mij in vreemde krijgsdienst te begeven, vanaf die tijd heb ik mij bijna 2 jaar <\/span><span style=\"font-size: 10pt; color: #000000;\">in Stockholm ter meest genadige beschikking van Uwe Koninkl. Majt opgehouden, totdat de invasie van de Saksen in Lijfland plaatsvond, ben ik onder degenen geweest die zich opnieuw wilden aanbieden, en ben met Luitenant-Generaal Fr\u00f6lich naar Lijfland gegaan, en toen deze bij het Leger aankwam, heeft hij mij gebruikt tot het ontzet bij Riga gebeurd was, voor Uwe Koninkl. Majt&#8217;s diensten gebruikt zoals de Heer Luitenant-Generaal daarvan het beste getuigenis geven kan.<\/span><\/td>\n<\/tr>\n<tr style=\"height: 54px;\">\n<td style=\"width: 50.9091%; height: 54px;\" colspan=\"2\">\n<p style=\"text-align: center;\"><u style=\"font-size: 13.3333px; text-align: justify;\">Pag. 2<\/u><\/p>\n<\/td>\n<\/tr>\n<tr style=\"height: 28px;\">\n<td style=\"width: 50.9091%; height: 28px;\">\n<p style=\"text-align: justify;\"><span style=\"font-size: 10pt;\">da aber nachgehen\u03b2 der H Generall Velling die Armee en chef commendirte und der H Fr\u00f6lich in Riga beij seinen Gouvernament blieb, habe Ich mich auff zu Rahte de\u03b2 H Feltmarshall Graf Dahlbergs, al\u03b2 auch de\u03b2 H GeneralLieutenant Fr\u00f6lichs, da der H Generall Velling mich zu der warbung persvadiren wollen, in Capitulation eingeladen, umb eine esquadron zu Ihr K\u00f6nigl: Majt dienste zu richten, \u00fcber mich genommen, und wie beijgerehde capitulation und vollmacht e\u03b2 au\u03b2wie\u03b2en wirte capituliret, die\u03b2e capitulation w\u00e4hre Ich nuhn keines weges auff de\u03b2 H General Vellingk rietzig pervasion vergangen, wan er mir nicht Ihro K\u00f6nigl: Mayt. allergn\u00e4digsten willen, unter dero hant end signet vohrgeleget, nuhn bijn Ich in die guhten intention als ein trouwer untertahn meine\u03b2 gn\u00e4digsten K\u00f6nigen und Herren diensten zu bef\u00f6rdern, die capitulation eingegangen, die werbung auch derma\u03b2en mit allem verlu\u03b2t auff meine wehningen credit und mittel vohrstgesetzet d\u03b2 erwa\u03b2l: Ich meine capitulation vohr verflo\u03b2enen termin h\u00e4tte prestiret, da mir dan nicht mehr in all \/beij der esquadron\/ als einige 20 man manquiret, zein da von schon verzeichen heb\u03b2t beij Ihr Mayt gl\u00fcckl: ankunft in Wesenberg, au\u03b2f\u00fchrl: bericht suplicando <del>beij dem H GeneralLieutenant Rehnschildt eingegen umb al\u03b2 <\/del>beij Ihro K\u00f6nigl: Mayt \/in aller untert\u00e4hnigkeit\/ <del>vor zu tragen<\/del>, \/\u00fcbergeben\/ aber durch die kriege\u03b2 conjuncture i\u03b2t solcheswohl vorhindret <del>alle\u03b2 zur\u00fcck bliebe<\/del>, Ich habe auch ob zwar Ich \/dahn wahl\/ in der werbung angagiret wahr, mich stohte\u03b2 mit commendirung die gantze Verwichene Campagnie von begin bi\u03b2 zu letzt gebrauchen la\u03b2en, und in nichte\u03b2 vemangeln wollen, so vihl in meinem wenigen verm\u00f6gen geweh\u03b2en dem feinde abbruch zu thun, da ich dan auch so gl\u00fcckl: gewehsen d\u03b2 ich einigen feindliche partijen<\/span><\/p>\n<\/td>\n<td style=\"width: 49.0909%; height: 28px;\"><span style=\"font-size: 10pt; color: #000000;\">omdat echter vervolgens de H Generaal Welling het leger als chef commandeerde en de H Fr\u00f6lich in Riga bij zijn Gouvernement bleef, heb ik mij op advies van de H Veldmaarschalk graaf Dalhberg alsook de H Luitenant-Generaal Fr\u00f6lich, omdat de H Generaal Welling mij tot werving wilde overhalen, in dienst uitgenodigd, om een eskader in dienst van Uwe Konink. Maj. op te richten, op mij genomen, en zoals genoemde capitulatie en volmacht uitwijzen, ben ik deze capitulatie geenszins aangegaan op sterke aandrang van de H Generaal Welling, indien mij niet Uwe Koninkl. Maj. meest genadige wil, onder uw handschift en handtekening voorgelegd, ben ik nu met goede bedoelingen om diensten te bewijzen als een trouwe onderdaan van mijn genadige Koning en Heer, de capitulatie aangegaan, de werving ook dermate met alle verlies van mijn weinige krediet en middelen voortgezet dat ik mijn capitulatie mogelijk binnen de verlopen termijn zou zijn gelukt, omdat mij dan totaal niet meer dan 20 man in het eskadron mankeerde, bij de gelukkige aankomst van Uwe Koninkl. Maj. in Wesenberg, een uitvoerig pleitbericht bij Uwe Koninkl. Maj. in alle onderdanigheid overhandigen, wat echter door de oorlogsconjunctuur verhinderd werd, ik dan ook wel in de werving betrokken was, ik heb ook hoewel ik, mij stotend met commandering de hele verdwenen compagnie van begin tot eind gebruiken liet, en in niets tekort liet doen, zo veel in mijn geringe vermogen was de vijand afbreuk te doen, omdat ik toen ook zo gelukkig was een vijandelijke partij<\/span><\/td>\n<\/tr>\n<tr style=\"height: 28px;\">\n<td style=\"width: 50.9091%; text-align: center; height: 28px;\" colspan=\"2\"><span style=\"font-size: 10pt;\"><span style=\"text-decoration: underline;\">Pag. 3<span style=\"font-size: 17px;\">\u00a0<\/span><\/span><br \/>\n<\/span><\/td>\n<\/tr>\n<tr style=\"height: 28px;\">\n<td style=\"width: 50.9091%; height: 28px;\"><span style=\"color: #000000;\"><span style=\"font-size: 10pt;\">in und beij dem st\u00e4dchen Wenden pussiret, auch dananfare \u00fcber 3000 und mehr Ost Koon dem feinde nebst sich abgejaget und zu der K\u00f6nigl: Magasin nach Reien geliefert wird solches die H: Generales die dahmahls beij der Arm\u00e8e gewehsen bezeugen k\u00f6nnen, und wen wier nuhn d\u03b2 gl\u00fck gehabt haben, Ihro K\u00f6nigl: Mayt un\u03b2ern allergn\u00e4digsten k\u00f6nig und herre selbst beij der Arm\u00e8e zu haben, habe Ich sie \u00fcber all \/und in allem actiones\/ gefolget auff mein eigen wehnige\u03b2 Verm\u00f6gen, und bijn e\u03b2 nicht allein schuldig sondern auch willig fernes stahte\u03b2 zu tuhn, Ich befinde aber d\u03b2 mein verm\u00f6gen an middeln derma\u03b2en abnimbt in de\u03b2en Ich nich allein durch die in werbung gestichte middel al\u03b2 auch d\u03b2 wa\u03b2 der feint in den mir gehabten Aerende g\u00fchter so in Kokenhusen gelehgen, mich derma\u03b2en ruiniret, \/weil ich mich beij der [&#8230;&#8230;&#8230;&#8230;.]\/ d\u03b2 wan Ihr wille gleich guht, d\u03b2 verm\u00f6gen von middels so schwach wirdt, d\u03b2 Ich solches auff eigenen middele in der l\u00e4nge nicht au\u03b2halten k\u00f6nnen, allergn\u00e4digster k\u00f6nig \/sie\/ consideriren derohalbe allergn\u00e4di\u03b2t d\u03b2 e\u03b2 an meiner schuldigen trau und pflicht nihmahls ermageln wirdt, Ich \/habe zwar\/ <del>Ihro K\u00f6nigl: Mayt bi\u03b2 hero nihmahls in solchen unruhigen conjuncturen wie wir bi\u03b2hero gehabt, nicht mit meinen haptigtnen incommodiren wollen, aber nuhn weilen Ich sahe d\u03b2 Ihro K\u00f6nigl: Mayt\u00a0 Ich bin aber obligirete<\/del> Ihro K\u00f6nigl: Mayt in aller untert\u00e4hnigkeit zu soupliciren umb meiner in aller gnaden eingedenk zu sein d\u03b2 weile so Ihro K\u00f6nigl: Mayt so vieler beij gelehgenheit habe meine wenige person zu helffen, mire die hohe gnaden und hulffe wieder fahre zu la\u03b2en, e\u03b2 sint doch <del>xxx<\/del> so vihle die mein zeit have sint gl\u00fcckl: worden, d\u03b2 sie nehe alla in von Capiteins, Rittmeister\u03b2, sint Obristl: <del>worden<\/del>, ja wijl von fendrig\u03b2 obristl: word, \/und dabeij wehnige actions noch campanirt beijgewohnet [&#8230;]\/ <del>da Ich drah gleich wohl \u00fcber die 18 jahren und noch wenig Ihro K\u00f6nigl: May<\/del>t<del> werden sich meiner guhten intention anertrauen mit allen gnade auch xxx<\/del> \/und\/ Ich heerjigen mu\u03b2 fast an meinen gl\u00fcck vor jewelfele <del>da Ich<\/del> weilen \/izo\/ da der Krig i\u03b2t, zu nichtstes gelangen kon, wa\u03b2 will ich mehr festung in frieden\u03b2 zeiten Mir mach,<\/span><\/span><\/td>\n<td style=\"width: 49.0909%; height: 28px;\"><span style=\"font-size: 10pt;\">in en bij het stadje Wenden verdreef, ook daarvandaan meer dan 3000 en meer oostelijk de vijand van zich weggejaagd en naar het Koninkl: Magazijn naar Russen gelegerd werd, zoals de H: Generaals die destijds bij het Leger waren kunnen getuigen, en toen wij nu het geluk hebben gehad, Uwe Koninkl: Majt onze allergenadigste koning en heer zelf bij het leger te hebben, heb ik hen overal en in alle acties gevolgd in mijn eigen geringe vermogen, en ben het niet alleen schuldig maar ook bereid verder staat op te maken, ik ondervind echter dat mijn vermogen aan middelen dermate afneemt in deze ik niet alleen door de in de werving gestoken middelen als ook dat wat de vijand in de aan mij toebehorende goederen in de omgeving van Kokenhusen gelegen, mij dermate ru\u00efneert, werp ik mij bij de &#8230;, dat als u wil gelijk goed, het vermogen van middelen zo zwak wordt, dat ik het met eigen middelen niet lang uithouden kan, allergenadigste koning het\u00a0 derhalve allergenadigst <\/span><span style=\"font-size: 10pt;\">overweegt dat het aan mijn verschuldigde trouw en plicht tot nu toe nooit ontbroken heeft, ik weliswaar Uwe Koninkl: Majt in alle onderdanigheid heb te verzachten om mijn aller genade in gedachte te zijn dat terwijl zo Uwe Koninkl: Majt zo veel bij gelegenheid heeft mijn geringe persoon te helpen, mij de hoge genade en hulp te doen wedervaren, het zijn toch zo velen die in mijn tijd gelukkig geworden zijn, dat zij naast alle kapiteins, ritmeesters, zijn overste, ja van vaandrig overste geworden, en daarbij wenig acties en campagnes bijgewoond hebben, en ik legeren moest bijna op mijn geluk van destijds zoals de oorlog is, als niets plaats kan vinden, wat ik meer bevestiging in vredestijd mij maak<br \/>\n<\/span><\/td>\n<\/tr>\n<tr style=\"height: 16px;\">\n<td style=\"width: 50.9091%; height: 16px; text-align: center;\" colspan=\"2\"><span style=\"color: #000000; font-size: 13.3333px; text-align: justify; text-decoration-line: underline;\">Pag. 4<\/span><\/td>\n<\/tr>\n<tr style=\"height: 28px;\">\n<td style=\"width: 50.9091%; height: 10px;\">\n<p style=\"text-align: justify;\"><span style=\"font-size: 10pt; color: #000000;\">Allergn\u00e4digste K\u00f6nig, Ich nehme al\u03b2o mein einstige\u03b2 vertrouwen zu Ihro K\u00f6nigl: Mayt sehr gnaden die sie vohr alle Ihre getrouwen diener und unterthane gehabt, d\u03b2 Ihro K\u00f6nigl: Mayt sehn werd allergn\u00e4digst meiner eingedank sein und mich mit err gnade vertrouen, und profaner bi\u03b2 an mein Ende<\/span><\/p>\n<p><span style=\"font-size: 10pt; color: #000000;\">Gro\u03b2machtigsten allergn\u00e4digsten K\u00f6nig<\/span><br \/>\n<span style=\"font-size: 10pt; color: #000000;\">Ihr K\u00f6nigl: Mayt<\/span><br \/>\n<span style=\"font-size: 10pt; color: #000000;\">aller meiste\u00a0 tiefigster<\/span><\/td>\n<td style=\"width: 49.0909%; height: 10px;\"><span style=\"font-size: 10pt; color: #000000;\">Allergenadigste Koning, ik neem alzo mijn enige vertrouwen in Uwe Koninkl: Majt grote genade die u voor al uw trouwe dienaren en onderdanen heeft gehad, dat Uwe Koninkl: Majt mijn allergenadiste dank zien zal en mij met eervolle genade vertrouwen, en in de wereld tot mijn einde<\/span><\/p>\n<p><span style=\"font-size: 10pt; color: #000000;\">Grootmachtigste allergenadigste Koning<\/span><br \/>\n<span style=\"font-size: 10pt; color: #000000;\">Uwe Koninkl: Majt<\/span><br \/>\n<span style=\"font-size: 10pt; color: #000000;\">alle meeste diepste<\/span><\/td>\n<\/tr>\n<\/tbody>\n<\/table>\n<p style=\"text-align: center;\"><span style=\"color: #0000ff;\"><a style=\"color: #0000ff;\" href=\"https:\/\/meijenfeldt.nl\/?page_id=54482\"><span style=\"font-size: 10pt;\">Handschriften<\/span><\/a><\/span><\/p>\n","protected":false},"excerpt":{"rendered":"<p>J.A. Meijerfelt, &#8220;Untert\u00e4hnigst Memoriall wo und wie lang Ich in diensten gestanden&#8221;, Uppsala Universitetsbiblioteket, X.240. Svensk biografi i portf\u00f6ljer, Meijerfelts papper, November 1700. Origineel Transcriptie Vertaling Pag. 1 Untert\u00e4hnigst Memoriall wo und wie lang Ich in diensten gestanden A.o 83 habe dan anfang gemachet und bijn Volontair unter de\u03b2 H General Major von der Pahlens &hellip; <a href=\"https:\/\/meijenfeldt.nl\/?page_id=34155\" class=\"more-link\">Verder lezen <span class=\"screen-reader-text\">Merit 1700<\/span><\/a><\/p>\n","protected":false},"author":1,"featured_media":0,"parent":0,"menu_order":0,"comment_status":"closed","ping_status":"closed","template":"","meta":{"footnotes":""},"class_list":["post-34155","page","type-page","status-publish","hentry"],"_links":{"self":[{"href":"https:\/\/meijenfeldt.nl\/index.php?rest_route=\/wp\/v2\/pages\/34155","targetHints":{"allow":["GET"]}}],"collection":[{"href":"https:\/\/meijenfeldt.nl\/index.php?rest_route=\/wp\/v2\/pages"}],"about":[{"href":"https:\/\/meijenfeldt.nl\/index.php?rest_route=\/wp\/v2\/types\/page"}],"author":[{"embeddable":true,"href":"https:\/\/meijenfeldt.nl\/index.php?rest_route=\/wp\/v2\/users\/1"}],"replies":[{"embeddable":true,"href":"https:\/\/meijenfeldt.nl\/index.php?rest_route=%2Fwp%2Fv2%2Fcomments&post=34155"}],"version-history":[{"count":69,"href":"https:\/\/meijenfeldt.nl\/index.php?rest_route=\/wp\/v2\/pages\/34155\/revisions"}],"predecessor-version":[{"id":56686,"href":"https:\/\/meijenfeldt.nl\/index.php?rest_route=\/wp\/v2\/pages\/34155\/revisions\/56686"}],"wp:attachment":[{"href":"https:\/\/meijenfeldt.nl\/index.php?rest_route=%2Fwp%2Fv2%2Fmedia&parent=34155"}],"curies":[{"name":"wp","href":"https:\/\/api.w.org\/{rel}","templated":true}]}}