{"id":32033,"date":"2020-08-11T14:18:05","date_gmt":"2020-08-11T14:18:05","guid":{"rendered":"http:\/\/meijenfeldt.nl\/?page_id=32033"},"modified":"2023-05-08T08:09:01","modified_gmt":"2023-05-08T08:09:01","slug":"katern-10","status":"publish","type":"page","link":"https:\/\/meijenfeldt.nl\/?page_id=32033","title":{"rendered":"Memoires 10. Stralsund"},"content":{"rendered":"<p><strong><span style=\"color: #000000;\">Katern 10<\/span><\/strong>, <span style=\"color: #0000ff;\"><a style=\"color: #0000ff;\" href=\"https:\/\/meijenfeldt.nl\/wp-content\/uploads\/2020\/08\/Katern-10.pdf\">fol 85-86v<\/a><span style=\"color: #000000;\">, pag 178-181<\/span><br \/>\n<span style=\"color: #000000; font-size: 10pt;\">\u00c9\u00e9n<\/span><\/span><span style=\"font-size: 10pt; color: #000000;\"> vel, blad 85-86v, concept van L\u00f6wenheim met <del>doorhalingen<\/del> en \/invoegingen\/ van Meijerfeldt.<\/span><\/p>\n<table style=\"width: 100%; height: 140px;\">\n<tbody>\n<tr style=\"height: 28px;\">\n<td style=\"width: 48.7879%; height: 28px;\"><em><span style=\"font-size: 10pt; color: #000000;\"><strong>TRANSCRIPTIE<\/strong><\/span><\/em><\/td>\n<td style=\"width: 51.0606%; height: 28px;\"><em><span style=\"font-size: 10pt; color: #000000;\"><strong>VERTALING<\/strong><\/span><\/em><\/td>\n<\/tr>\n<tr style=\"height: 28px;\">\n<td style=\"width: 48.7879%; height: 28px;\"><span style=\"font-size: 10pt;\">Kopie 178, blad 85<\/span><\/td>\n<td style=\"width: 51.0606%; height: 28px;\"><span style=\"font-size: 10pt;\"><em>Hannover, Wien, Constantinopel<\/em> <\/span><\/td>\n<\/tr>\n<tr style=\"height: 28px;\">\n<td style=\"width: 48.7879%; height: 28px;\"><span style=\"font-size: 10pt;\">Kopie 179, blad 85v<br \/>\n<\/span><\/td>\n<td style=\"width: 51.0606%; height: 28px;\"><span style=\"font-size: 10pt;\"><em>Ancona, Rom, Venedig, Stettin, <\/em>Mellin<\/span><\/td>\n<\/tr>\n<tr style=\"height: 28px;\">\n<td style=\"width: 48.7879%; height: 28px;\"><span style=\"font-size: 10pt;\">Kopie 180, blad 86<\/span><\/td>\n<td style=\"width: 51.0606%; height: 28px;\"><span style=\"font-size: 10pt;\"><em>Stralsund, Wismar, <\/em>Velling, <em>Stettin<\/em><\/span><\/td>\n<\/tr>\n<tr style=\"height: 28px;\">\n<td style=\"width: 48.7879%; height: 28px;\"><span style=\"font-size: 10pt;\">Kopie 181, blad 86v<br \/>\n<\/span><\/td>\n<td style=\"width: 51.0606%; height: 28px;\"><span style=\"font-size: 10pt;\"><em>Stettin, Stralsund<\/em><\/span><\/td>\n<\/tr>\n<\/tbody>\n<\/table>\n<p style=\"text-align: center;\"><span style=\"font-size: 10pt;\"><span style=\"color: #0000ff;\"><a style=\"color: #0000ff;\" href=\"https:\/\/meijenfeldt.nl\/?page_id=32029\">Terug<\/a><\/span>\u00a0 \u00a0***\u00a0 \u00a0<span style=\"color: #0000ff;\"><a style=\"color: #0000ff;\" href=\"https:\/\/meijenfeldt.nl\/?page_id=32076\">Verder<\/a><\/span><\/span><\/p>\n","protected":false},"excerpt":{"rendered":"<p>Katern 10, fol 85-86v, pag 178-181 \u00c9\u00e9n vel, blad 85-86v, concept van L\u00f6wenheim met doorhalingen en \/invoegingen\/ van Meijerfeldt. TRANSCRIPTIE VERTALING Kopie 178, blad 85 Hannover, Wien, Constantinopel Kopie 179, blad 85v Ancona, Rom, Venedig, Stettin, Mellin Kopie 180, blad 86 Stralsund, Wismar, Velling, Stettin Kopie 181, blad 86v Stettin, Stralsund Terug\u00a0 \u00a0***\u00a0 \u00a0Verder<\/p>\n","protected":false},"author":1,"featured_media":0,"parent":0,"menu_order":0,"comment_status":"closed","ping_status":"closed","template":"","meta":{"footnotes":""},"class_list":["post-32033","page","type-page","status-publish","hentry"],"_links":{"self":[{"href":"https:\/\/meijenfeldt.nl\/index.php?rest_route=\/wp\/v2\/pages\/32033","targetHints":{"allow":["GET"]}}],"collection":[{"href":"https:\/\/meijenfeldt.nl\/index.php?rest_route=\/wp\/v2\/pages"}],"about":[{"href":"https:\/\/meijenfeldt.nl\/index.php?rest_route=\/wp\/v2\/types\/page"}],"author":[{"embeddable":true,"href":"https:\/\/meijenfeldt.nl\/index.php?rest_route=\/wp\/v2\/users\/1"}],"replies":[{"embeddable":true,"href":"https:\/\/meijenfeldt.nl\/index.php?rest_route=%2Fwp%2Fv2%2Fcomments&post=32033"}],"version-history":[{"count":9,"href":"https:\/\/meijenfeldt.nl\/index.php?rest_route=\/wp\/v2\/pages\/32033\/revisions"}],"predecessor-version":[{"id":56028,"href":"https:\/\/meijenfeldt.nl\/index.php?rest_route=\/wp\/v2\/pages\/32033\/revisions\/56028"}],"wp:attachment":[{"href":"https:\/\/meijenfeldt.nl\/index.php?rest_route=%2Fwp%2Fv2%2Fmedia&parent=32033"}],"curies":[{"name":"wp","href":"https:\/\/api.w.org\/{rel}","templated":true}]}}