{"id":3033,"date":"2017-03-04T16:45:05","date_gmt":"2017-03-04T16:45:05","guid":{"rendered":"http:\/\/celinevonmeijenfeldt.nl\/?page_id=3033"},"modified":"2026-08-03T08:01:32","modified_gmt":"2026-08-03T08:01:32","slug":"4-4-2-gevluchte-gravenzoon","status":"publish","type":"page","link":"https:\/\/meijenfeldt.nl\/?page_id=3033","title":{"rendered":"3.2.4. Echte zoon"},"content":{"rendered":"<p style=\"text-align: justify;\"><span style=\"color: #000000;\">In de Nederlandse familie circuleert het verhaal dat de stamvader gezegd heeft een echte zoon van de Zweedse graaf en gravin te zijn. Genoeg reden om die mogelijkheid serieus te onderzoeken.<\/span><\/p>\n<p style=\"text-align: justify;\"><span style=\"color: #000000;\">De opgegeven doopgetuigen in 1812 en 1817 en de overlijdensaangifte in 1835 lijken dit verhaal te ondersteunen. <\/span><span style=\"color: #000000;\">Van een werkelijke aanwezigheid van de graaf bij de twee dopen kan geen sprake zijn, omdat hij in 1800 stierf en de begraafplechtigheid in Stockholm alsook zijn teraardebestelling in Nehringen fysiek bewezen zijn. De gravin was 67 respectievelijk 72 jaar oud tijdens de dopen en overleed enkele weken na de laatste doop. Zij woonde in de stad Stockholm of verbleef op een landgoed in de buurt. Een reis per zeilschip op die leeftijd is<\/span><span style=\"color: #000000;\"> fysiek weinig aannemelijk, maar een lokale plaatsvervanger was in die tijd wel gebruikelijk als afstanden niet tijdig overbrugd konden worden. Voor overleden personen gold deze mogelijkheid niet. De dominee hoort de constructie in het doopboek aan te tekenen, opdat iedereen wist wie de werkelijke peetouders waren, maar daar blijkt niets van.<\/span><\/p>\n<p style=\"text-align: justify;\"><span style=\"color: #000000;\">Zonder <\/span><span style=\"color: #000000;\">officieel huwelijk ge<\/span><span style=\"color: #000000;\">en echte zoon<\/span><span style=\"color: #000000;\">. A<\/span><span style=\"color: #000000;\">lle offici\u00eble stukken geven aan dat graaf Carl Friedrich jr (1721-1791) ongehuwd was en dat g<\/span><span style=\"color: #000000;\">raaf Johann August jr (1725-1800) <\/span><span style=\"color: #000000;\">in\u00a0 december 1763 op 38-jarige leeftijd trouwde met <\/span><span style=\"color: #000000;\">de 18-jarige Lovisa Augusta Sparre<\/span><span style=\"color: #000000;\">. Ten tijde van de verwekking van de stamvader was de gravin nog geen 14 jaar oud. In de Pommerse archieven zijn van beide graven geen eerdere huwelijken gevonden, laat staan echte kinderen. <\/span><\/p>\n<p style=\"text-align: justify;\"><span style=\"color: #000000;\">Johann August trouwde als enige en maar \u00e9\u00e9n keer. Daaruit zijn drie kinderen geboren: <\/span><span style=\"color: #000000;\">Johann August III, Axel Friedrich en een levenloos en naamloos kind. De <\/span><span style=\"color: #000000;\">eerste werd<\/span><span style=\"color: #000000;\">\u00a0<\/span><span style=\"color: #000000;\">op 12 november 1766 in Stockholm geboren en de tweede op 11 november 1769 in Stockholm. Allebei niet in Stralsund dus en zes tot negen jaar later dan de stamvader. Zij traden op zeer jonge leeftijd in militaire dienst. <\/span><span style=\"color: #000000;\">In het jaar 1780 waarin <\/span><span style=\"color: #000000;\">de stamvader uit Stralsund vertrok was de situatie bij de jonge graven als volgt:<br \/>\n&#8211; de 14-jarige graaf Johann August III werd benoemd tot kornet;<br \/>\n&#8211; beide Zweedse graven reisden die zomer naar Stora Sundby <\/span><span style=\"color: #000000;\">met hun ouders<\/span><span style=\"color: #000000;\"> en hun leermeester Berger als opvolger van <\/span><span style=\"color: #000000;\">Kellgren;<br \/>\n<\/span><span style=\"color: #000000;\">&#8211; Axel Friedrich reisde na de zomer naar de Universiteit van Straatsburg, om zich daar in de Franse taal te gaan bekwamen.<br \/>\n<\/span><\/p>\n<p style=\"text-align: justify;\"><span style=\"color: #000000;\">In 1789 streed Johann August III op 22-jarige leeftijd als kapitein in de Slag bij Sutela, waar zijn vader het bevel voerde. Ondanks de overwinning voor de Zweden liep hij zelf op 8 juli een verwonding op. Wat voor verwonding precies is onbekend, maar wel zo ernstig dat hij niet meer kon vechten. Op 2 mei 1790 leefde hij nog, want werd benoemd tot Ridder in de Zwaard Orde. B<\/span><span style=\"color: #000000;\">lijkens het kerkboek van de St. Jakobskerk in Stockholm en andere offici\u00eble stukken overleed hij o<\/span><span style=\"color: #000000;\">p 23 mei 1791 aan zijn verwonding.<\/span><\/p>\n<p style=\"text-align: justify;\"><span style=\"color: #000000;\">Axel Friedrich klom op tot uiteindelijk derde majoor in het regiment van zijn vader. Hij was adjudant van generaal Armfelt en kon bogen op het belangrijke wapenfeit dat hij de gewonde bevelhebber in de Slag bij Savitaipal voor krijgsgevangenschap had behoed, waarbij drie paarden onder hem waren neergeschoten. Anders dan zijn oudere broer werd hij niet geridderd, maar was ook niet gewond. In verband met de moordaanslag op koning Gustaaf III werd hij in september 1792 zelfs door een groepje officieren gearresteerd, maar een maand later vrijgelaten en naar huis gestuurd. <\/span><\/p>\n<p style=\"text-align: justify;\"><span style=\"color: #000000;\">In november 1794 was Axel Friedrich nog steeds fysiek in Zweden. Hij was betrokken bij een incident in de Clubzaal van \u00d6rebro, maar wist te ontkomen aan een rechtszaak. Kort daarop op 13 januari 1795 overleed hij in \u00d6rebro en werd daar twee dagen later begraven in de Nikolaikerk. In het kerkboek werden de offici\u00eble posities van Axel vermeld en de oorzaak genoemd: nekkramp of hersenvliesontsteking.<\/span><\/p>\n<p style=\"text-align: justify;\"><span style=\"color: #000000;\">Volgens de offici\u00eble registers zijn de twee echte zonen van graaf Johann August von Meijerfeldt jr dus jong overleden. In het testament zeggen de graaf en gravin: &#8220;<em>uns in der treurigen Lage befinden, aller unserer daraus erzeugten Kinder beraubt zu seyn<\/em>&#8220;. Het woord <em>daraus <\/em>slaat terug op hun huwelijk. Het woord <i>beraubt<\/i> duidt op overlijden en niet op mensenroof.<\/span><\/p>\n<p style=\"text-align: justify;\"><span style=\"color: #000000;\">Samenvattend zijn er de volgende argumenten in antwoord op de vraag of de stamvader een echte zoon kan zijn:<\/span><\/p>\n<table style=\"height: 593px; width: 99.6972%; border-style: double;\">\n<tbody>\n<tr style=\"height: 84px;\">\n<td style=\"width: 26.0676%; height: 46px; background-color: #d5e8eb;\" width=\"140\"><span style=\"color: #000000; font-size: 10pt;\"><strong><em>De Nederlandse stamvader is dezelfde als&#8230;<\/em><\/strong><\/span><\/td>\n<td style=\"width: 36.9926%; height: 46px; background-color: #d5e8eb;\" width=\"220\"><span style=\"color: #000000; font-size: 10pt;\"><em>Argumenten v\u00f3\u00f3r:<\/em><\/span><\/td>\n<td style=\"width: 38.3028%; height: 46px; background-color: #d5e8eb;\" width=\"243\"><span style=\"color: #000000; font-size: 10pt;\"><em>Argumenten tegen:<\/em><\/span><\/td>\n<\/tr>\n<tr style=\"height: 56px;\">\n<td style=\"width: 26.0676%; height: 56px; background-color: #d5e8eb;\"><span style=\"color: #000000;\"><em><span style=\"font-size: 10pt;\">&#8230;een zoon uit een eerder huwelijk van de Zweedse graaf<\/span><\/em><\/span><\/td>\n<td style=\"width: 36.9926%; height: 56px;\"><span style=\"font-size: 10pt; color: #000000;\">Klopt met de bewering<\/span><\/p>\n<p><span style=\"font-size: 10pt; color: #000000;\">Klopt met zijn geboortejaar 1760<\/span><\/td>\n<td style=\"width: 38.3028%; height: 56px;\"><span style=\"color: #000000; font-size: 10pt;\">Een voorafgaand huwelijk staat nergens in de kerk- en adelsboeken vermeld<\/span><\/p>\n<p><span style=\"font-size: 10pt; color: #000000;\">De graaf noemt hem nergens<\/span><\/td>\n<\/tr>\n<tr style=\"height: 252px;\">\n<td style=\"width: 26.0676%; height: 173px; background-color: #d5e8eb;\" width=\"140\"><span style=\"color: #000000;\"><em><span style=\"font-size: 10pt;\">&#8230;graaf Johann August von Meijerfeldt III<\/span><\/em><\/span><\/td>\n<td style=\"width: 36.9926%; height: 173px;\" width=\"220\"><span style=\"color: #000000; font-size: 10pt;\">Heeft dezelfde voornamen<\/span><\/td>\n<td style=\"width: 38.3028%; height: 173px;\" width=\"243\"><span style=\"color: #000000; font-size: 10pt;\">Jaren en plaatsen van geboorte en opvoeding kloppen niet met brief Carl<br \/>\n<\/span><span style=\"color: #000000; font-size: 10pt;\">Is volgens alle primaire bronnen en zijn ouders juli 1789 verwond en mei 1791 overleden en begraven<\/span><\/td>\n<\/tr>\n<tr style=\"height: 362px;\">\n<td style=\"width: 26.0676%; height: 318px; background-color: #d5e8eb;\" width=\"140\"><span style=\"color: #000000;\"><em><span style=\"font-size: 10pt;\">&#8230;graaf Axel Friedrich von Meijerfeldt<\/span><\/em><\/span><\/td>\n<td style=\"width: 36.9926%; height: 318px;\" width=\"220\"><span style=\"color: #000000; font-size: 10pt;\">Geboortejaar klopt met opgegeven leeftijd (38 jaar) van de stamvader bij diens huwelijk in 1807<\/span><\/p>\n<p><span style=\"color: #000000; font-size: 10pt;\">Behoort in 1793 e.v.j. tot het in ongenade gevallen Armfelt-kamp, maar is daarna toch weer adjudant van de Kroonprins<\/span><\/td>\n<td style=\"width: 38.3028%; height: 318px;\" width=\"243\"><span style=\"color: #000000; font-size: 10pt;\">Heeft andere voornamen<\/span><\/p>\n<p><span style=\"color: #000000; font-size: 10pt;\">Jaren en plaatsen van geboorte en opvoeding kloppen niet met brief Carl<\/span><\/p>\n<p><span style=\"color: #000000; font-size: 10pt;\">Zou in november 1794 tegelijk in \u00d6rebro en Paramaribo zijn<\/span><\/p>\n<p><span style=\"color: #000000; font-size: 10pt;\">Is volgens alle primaire bronnen en zijn ouders januari 1795 in \u00d6rebro aan nekkramp overleden en begraven<\/span><\/td>\n<\/tr>\n<\/tbody>\n<\/table>\n<p style=\"text-align: justify;\"><span style=\"color: #000000; text-align: justify;\">Op <\/span><span style=\"color: #000000;\">grond van het bovenstaande<\/span><span style=\"color: #000000;\"> is het niet mogelijk dat <\/span><span style=\"color: #000000; text-align: justify;\">de Nederlandse stamvader een echte zoon van de Zweedse graaf en gravin Sparre was<\/span><span style=\"color: #000000; text-align: justify;\">.<\/span><\/p>\n<p style=\"text-align: center;\"><span style=\"color: #000000; font-size: 10pt;\"><span style=\"color: #0000ff;\"><a id=\"voetnoot\"><\/a><a style=\"color: #0000ff;\" href=\"https:\/\/meijenfeldt.nl\/?page_id=79137\">Terug<\/a><\/span>\u00a0 \u00a0***\u00a0 \u00a0<span style=\"color: #0000ff;\"><a style=\"color: #0000ff;\" href=\"https:\/\/meijenfeldt.nl\/?page_id=62824\">Verder<\/a><\/span><\/span><\/p>\n","protected":false},"excerpt":{"rendered":"<p>In de Nederlandse familie circuleert het verhaal dat de stamvader gezegd heeft een echte zoon van de Zweedse graaf en gravin te zijn. Genoeg reden om die mogelijkheid serieus te onderzoeken. De opgegeven doopgetuigen in 1812 en 1817 en de overlijdensaangifte in 1835 lijken dit verhaal te ondersteunen. Van een werkelijke aanwezigheid van de graaf &hellip; <a href=\"https:\/\/meijenfeldt.nl\/?page_id=3033\" class=\"more-link\">Verder lezen <span class=\"screen-reader-text\">3.2.4. Echte zoon<\/span><\/a><\/p>\n","protected":false},"author":1,"featured_media":0,"parent":0,"menu_order":0,"comment_status":"closed","ping_status":"closed","template":"","meta":{"footnotes":""},"class_list":["post-3033","page","type-page","status-publish","hentry"],"_links":{"self":[{"href":"https:\/\/meijenfeldt.nl\/index.php?rest_route=\/wp\/v2\/pages\/3033","targetHints":{"allow":["GET"]}}],"collection":[{"href":"https:\/\/meijenfeldt.nl\/index.php?rest_route=\/wp\/v2\/pages"}],"about":[{"href":"https:\/\/meijenfeldt.nl\/index.php?rest_route=\/wp\/v2\/types\/page"}],"author":[{"embeddable":true,"href":"https:\/\/meijenfeldt.nl\/index.php?rest_route=\/wp\/v2\/users\/1"}],"replies":[{"embeddable":true,"href":"https:\/\/meijenfeldt.nl\/index.php?rest_route=%2Fwp%2Fv2%2Fcomments&post=3033"}],"version-history":[{"count":141,"href":"https:\/\/meijenfeldt.nl\/index.php?rest_route=\/wp\/v2\/pages\/3033\/revisions"}],"predecessor-version":[{"id":82707,"href":"https:\/\/meijenfeldt.nl\/index.php?rest_route=\/wp\/v2\/pages\/3033\/revisions\/82707"}],"wp:attachment":[{"href":"https:\/\/meijenfeldt.nl\/index.php?rest_route=%2Fwp%2Fv2%2Fmedia&parent=3033"}],"curies":[{"name":"wp","href":"https:\/\/api.w.org\/{rel}","templated":true}]}}

<p style="text-align: justify;"><span style="color: #000000;">In de Nederlandse familie circuleert het verhaal dat de stamvader gezegd heeft een echte zoon van de Zweedse graaf en gravin te zijn. Genoeg reden om die mogelijkheid serieus te onderzoeken.</span></p>
<p style="text-align: justify;"><span style="color: #000000;">De opgegeven doopgetuigen in 1812 en 1817 en de overlijdensaangifte in 1835 lijken dit verhaal te ondersteunen. </span><span style="color: #000000;">Van een werkelijke aanwezigheid van de graaf bij de twee dopen kan geen sprake zijn, omdat hij in 1800 stierf en de begraafplechtigheid in Stockholm alsook zijn teraardebestelling in Nehringen fysiek bewezen zijn. De gravin was 67 respectievelijk 72 jaar oud tijdens de dopen en overleed enkele weken na de laatste doop. Zij woonde in de stad Stockholm of verbleef op een landgoed in de buurt. Een reis per zeilschip op die leeftijd is</span><span style="color: #000000;"> fysiek weinig aannemelijk, maar een lokale plaatsvervanger was in die tijd wel gebruikelijk als afstanden niet tijdig overbrugd konden worden. Voor overleden personen gold deze mogelijkheid niet. De dominee hoort de constructie in het doopboek aan te tekenen, opdat iedereen wist wie de werkelijke peetouders waren, maar daar blijkt niets van.</span></p>
<p style="text-align: justify;"><span style="color: #000000;">Zonder </span><span style="color: #000000;">officieel huwelijk ge</span><span style="color: #000000;">en echte zoon</span><span style="color: #000000;">. A</span><span style="color: #000000;">lle officiële stukken geven aan dat graaf Carl Friedrich jr (1721-1791) ongehuwd was en dat g</span><span style="color: #000000;">raaf Johann August jr (1725-1800) </span><span style="color: #000000;">in  december 1763 op 38-jarige leeftijd trouwde met </span><span style="color: #000000;">de 18-jarige Lovisa Augusta Sparre</span><span style="color: #000000;">. Ten tijde van de verwekking van de stamvader was de gravin nog geen 14 jaar oud. In de Pommerse archieven zijn van beide graven geen eerdere huwelijken gevonden, laat staan echte kinderen. </span></p>
<p style="text-align: justify;"><span style="color: #000000;">Johann August trouwde als enige en maar één keer. Daaruit zijn drie kinderen geboren: </span><span style="color: #000000;">Johann August III, Axel Friedrich en een levenloos en naamloos kind. De </span><span style="color: #000000;">eerste werd</span><span style="color: #000000;"> </span><span style="color: #000000;">op 12 november 1766 in Stockholm geboren en de tweede op 11 november 1769 in Stockholm. Allebei niet in Stralsund dus en zes tot negen jaar later dan de stamvader. Zij traden op zeer jonge leeftijd in militaire dienst. </span><span style="color: #000000;">In het jaar 1780 waarin </span><span style="color: #000000;">de stamvader uit Stralsund vertrok was de situatie bij de jonge graven als volgt:<br />
&#8211; de 14-jarige graaf Johann August III werd benoemd tot kornet;<br />
&#8211; beide Zweedse graven reisden die zomer naar Stora Sundby </span><span style="color: #000000;">met hun ouders</span><span style="color: #000000;"> en hun leermeester Berger als opvolger van </span><span style="color: #000000;">Kellgren;<br />
</span><span style="color: #000000;">&#8211; Axel Friedrich reisde na de zomer naar de Universiteit van Straatsburg, om zich daar in de Franse taal te gaan bekwamen.<br />
</span></p>
<p style="text-align: justify;"><span style="color: #000000;">In 1789 streed Johann August III op 22-jarige leeftijd als kapitein in de Slag bij Sutela, waar zijn vader het bevel voerde. Ondanks de overwinning voor de Zweden liep hij zelf op 8 juli een verwonding op. Wat voor verwonding precies is onbekend, maar wel zo ernstig dat hij niet meer kon vechten. Op 2 mei 1790 leefde hij nog, want werd benoemd tot Ridder in de Zwaard Orde. B</span><span style="color: #000000;">lijkens het kerkboek van de St. Jakobskerk in Stockholm en andere officiële stukken overleed hij o</span><span style="color: #000000;">p 23 mei 1791 aan zijn verwonding.</span></p>
<p style="text-align: justify;"><span style="color: #000000;">Axel Friedrich klom op tot uiteindelijk derde majoor in het regiment van zijn vader. Hij was adjudant van generaal Armfelt en kon bogen op het belangrijke wapenfeit dat hij de gewonde bevelhebber in de Slag bij Savitaipal voor krijgsgevangenschap had behoed, waarbij drie paarden onder hem waren neergeschoten. Anders dan zijn oudere broer werd hij niet geridderd, maar was ook niet gewond. In verband met de moordaanslag op koning Gustaaf III werd hij in september 1792 zelfs door een groepje officieren gearresteerd, maar een maand later vrijgelaten en naar huis gestuurd. </span></p>
<p style="text-align: justify;"><span style="color: #000000;">In november 1794 was Axel Friedrich nog steeds fysiek in Zweden. Hij was betrokken bij een incident in de Clubzaal van Örebro, maar wist te ontkomen aan een rechtszaak. Kort daarop op 13 januari 1795 overleed hij in Örebro en werd daar twee dagen later begraven in de Nikolaikerk. In het kerkboek werden de officiële posities van Axel vermeld en de oorzaak genoemd: nekkramp of hersenvliesontsteking.</span></p>
<p style="text-align: justify;"><span style="color: #000000;">Volgens de officiële registers zijn de twee echte zonen van graaf Johann August von Meijerfeldt jr dus jong overleden. In het testament zeggen de graaf en gravin: &#8220;<em>uns in der treurigen Lage befinden, aller unserer daraus erzeugten Kinder beraubt zu seyn</em>&#8220;. Het woord <em>daraus </em>slaat terug op hun huwelijk. Het woord <i>beraubt</i> duidt op overlijden en niet op mensenroof.</span></p>
<p style="text-align: justify;"><span style="color: #000000;">Samenvattend zijn er de volgende argumenten in antwoord op de vraag of de stamvader een echte zoon kan zijn:</span></p>
<table style="height: 593px; width: 99.6972%; border-style: double;">
<tbody>
<tr style="height: 84px;">
<td style="width: 26.0676%; height: 46px; background-color: #d5e8eb;" width="140"><span style="color: #000000; font-size: 10pt;"><strong><em>De Nederlandse stamvader is dezelfde als&#8230;</em></strong></span></td>
<td style="width: 36.9926%; height: 46px; background-color: #d5e8eb;" width="220"><span style="color: #000000; font-size: 10pt;"><em>Argumenten vóór:</em></span></td>
<td style="width: 38.3028%; height: 46px; background-color: #d5e8eb;" width="243"><span style="color: #000000; font-size: 10pt;"><em>Argumenten tegen:</em></span></td>
</tr>
<tr style="height: 56px;">
<td style="width: 26.0676%; height: 56px; background-color: #d5e8eb;"><span style="color: #000000;"><em><span style="font-size: 10pt;">&#8230;een zoon uit een eerder huwelijk van de Zweedse graaf</span></em></span></td>
<td style="width: 36.9926%; height: 56px;"><span style="font-size: 10pt; color: #000000;">Klopt met de bewering</span></p>
<p><span style="font-size: 10pt; color: #000000;">Klopt met zijn geboortejaar 1760</span></td>
<td style="width: 38.3028%; height: 56px;"><span style="color: #000000; font-size: 10pt;">Een voorafgaand huwelijk staat nergens in de kerk- en adelsboeken vermeld</span></p>
<p><span style="font-size: 10pt; color: #000000;">De graaf noemt hem nergens</span></td>
</tr>
<tr style="height: 252px;">
<td style="width: 26.0676%; height: 173px; background-color: #d5e8eb;" width="140"><span style="color: #000000;"><em><span style="font-size: 10pt;">&#8230;graaf Johann August von Meijerfeldt III</span></em></span></td>
<td style="width: 36.9926%; height: 173px;" width="220"><span style="color: #000000; font-size: 10pt;">Heeft dezelfde voornamen</span></td>
<td style="width: 38.3028%; height: 173px;" width="243"><span style="color: #000000; font-size: 10pt;">Jaren en plaatsen van geboorte en opvoeding kloppen niet met brief Carl<br />
</span><span style="color: #000000; font-size: 10pt;">Is volgens alle primaire bronnen en zijn ouders juli 1789 verwond en mei 1791 overleden en begraven</span></td>
</tr>
<tr style="height: 362px;">
<td style="width: 26.0676%; height: 318px; background-color: #d5e8eb;" width="140"><span style="color: #000000;"><em><span style="font-size: 10pt;">&#8230;graaf Axel Friedrich von Meijerfeldt</span></em></span></td>
<td style="width: 36.9926%; height: 318px;" width="220"><span style="color: #000000; font-size: 10pt;">Geboortejaar klopt met opgegeven leeftijd (38 jaar) van de stamvader bij diens huwelijk in 1807</span></p>
<p><span style="color: #000000; font-size: 10pt;">Behoort in 1793 e.v.j. tot het in ongenade gevallen Armfelt-kamp, maar is daarna toch weer adjudant van de Kroonprins</span></td>
<td style="width: 38.3028%; height: 318px;" width="243"><span style="color: #000000; font-size: 10pt;">Heeft andere voornamen</span></p>
<p><span style="color: #000000; font-size: 10pt;">Jaren en plaatsen van geboorte en opvoeding kloppen niet met brief Carl</span></p>
<p><span style="color: #000000; font-size: 10pt;">Zou in november 1794 tegelijk in Örebro en Paramaribo zijn</span></p>
<p><span style="color: #000000; font-size: 10pt;">Is volgens alle primaire bronnen en zijn ouders januari 1795 in Örebro aan nekkramp overleden en begraven</span></td>
</tr>
</tbody>
</table>
<p style="text-align: justify;"><span style="color: #000000; text-align: justify;">Op </span><span style="color: #000000;">grond van het bovenstaande</span><span style="color: #000000;"> is het niet mogelijk dat </span><span style="color: #000000; text-align: justify;">de Nederlandse stamvader een echte zoon van de Zweedse graaf en gravin Sparre was</span><span style="color: #000000; text-align: justify;">.</span></p>
<p style="text-align: center;"><span style="color: #000000; font-size: 10pt;"><span style="color: #0000ff;"><a id="voetnoot"></a><a style="color: #0000ff;" href="https://meijenfeldt.nl/?page_id=79137">Terug</a></span>   ***   <span style="color: #0000ff;"><a style="color: #0000ff;" href="https://meijenfeldt.nl/?page_id=62824">Verder</a></span></span></p>
