{"id":28801,"date":"2020-05-26T10:05:05","date_gmt":"2020-05-26T10:05:05","guid":{"rendered":"http:\/\/meijenfeldt.nl\/?page_id=28801"},"modified":"2024-04-04T08:12:35","modified_gmt":"2024-04-04T08:12:35","slug":"1-9-1-familieberichten","status":"publish","type":"page","link":"https:\/\/meijenfeldt.nl\/?page_id=28801","title":{"rendered":"1.7.9. Familieleven"},"content":{"rendered":"<p style=\"text-align: justify;\"><span style=\"color: #000000;\">Nadat de Zweedse koning Gustaaf III met steun van de soldaten en boeren begin jaren zeventig zijn macht had vergroot ten opzichte van de adel in de Rijksdag, is zijn gezag geleidelijk aan het afkalven. Hij zoekt naar hernieuwing van de steun en zoals absolute vorsten vaker doen kijkt hij hoe hij verloren gegane gebieden van Zweden kan terugwinnen. Zijn ogen richten zich niet op Noord-Duitsland maar op Oost-Finland. Door de Vrede van Nystad in 1721 en de Vrede van \u00c5bo in 1743 is de Zweeds-Russische grens tweemaal naar het westen opgeschoven. Hij wil vermijden dat dit nog eens gebeurt en heeft een offensief alternatief: via Fredrikshamn (<em>Hamina<\/em>) doorstoten naar de maar 300 km over de grens gelegen Russische hoofdstad St. Petersburg om een gunstige vrede af te dwingen of zelfs de oude Baltische provincies terug te krijgen. Tegenover de poging van Gustaaf III om verloren gegane gebied terug te krijgen, voelt zijn nicht tsarina Catharina de Grote conform de Russische cultuur zich vanuit het westen ingesloten. <\/span><span style=\"color: #000000;\">\u00a0<\/span><\/p>\n<p style=\"text-align: justify;\"><span style=\"color: #000000;\">In het jaar 1778 verkoopt Johann August von Meijerfeldt het door hem verwaarloosde landgoed S\u00f6vdeborg aan Carl Gustaf Piper. Hij steekt met zijn regiment de Botnische Golf over naar Finland. In juli 1778 krijgt hij tevens het bevel over het regiment van \u00d6stergotha. Een maand later arriveren deze regimenten in de oostelijk van Helsingfors (<i>Helsinki<\/i>) gelegen plaats Lovisa (<i>Loviisa<\/i>). Daar geeft de koning Johann August opdracht het bevel over de troepen in de grensstad Anjala over te nemen. In oktober verenigen zich daar alle Zweedse regimenten onder zijn bevel, tot hij besluit het winterkwartier aan de kust in Lovisa op te slaan. Op 10 december krijgt hij het bevel over het gehele Zweedse leger in Finland. Een bevordering tot luitenant-generaal volgt op 27 december. Hij waarschuwt de koning, niet voor de kracht van de tegenstander, maar voor het toenemende gemor onder de eigen troepen. Het gemene volk heeft gebrek aan kleding, voedsel en hygi\u00ebne in de winterse omstandigheden. De Zweedse koning blijkt in deze meer een toneelspeler dan een krijgsman.<\/span><\/p>\n<p style=\"text-align: justify;\"><span style=\"color: #000000;\">Johann August III en Axel Friedrich zijn nog te jong om naar Finland mee te gaan. De eerste is 27 december 1778 Livdrabant, lid van de Koninklijke Garde, in Stockholm. <\/span>Op 10 februari 1779 verlaat hun vader het Westerbotten regiment om commandant te worden van het in Christinehamn gelegen regi\u00adment van N\u00e4rke en V\u00e4rmland. Axel Friedrich volgt zijn vader en wordt dezelfde dag benoemd tot vaandrig bij de staf van hetzelfde regiment. <span style=\"color: #000000;\">Johann August III wordt op 12 juni 1780 kornet bij het re\u00adgiment lichte dragonders. <\/span><a href=\"#voetnoot\"><span style=\"color: #0000ff;\">(1)<\/span><span style=\"color: #000000;\">\u00a0<\/span><\/a><\/p>\n<p style=\"text-align: justify;\"><span style=\"color: #000000;\">Na een noodoproep van inspecteur Hindrichsson op Ugerup komt Gustaf zijn moeder Anna Catharina von Meijerfeldt vanwege haar geestesziekte ophalen. Zij sterft op 30 maart 1779 op het landgoed Hornsberg bij Tryserum in de kustprovincie Kalmar. Al een week later stelt hij samen met zijn zwager Clas Ekeblad haar boedelinventaris vast op netto 11.611 rijksdaalder. De begrafenis vindt op 1 mei in de kerk van Tryserum plaats. <a href=\"#voetnoot\"><span style=\"color: #0000ff;\">(2)\u00a0<\/span> <\/a><\/span><\/p>\n<p style=\"text-align: justify;\"><span style=\"color: #000000;\">In 1780 dient de laatste ziekte van Louise Sparre\u2019s moeder zich aan. Zij zou naar haar dochter hebben gesmacht en zij zagen elkaar kort voor haar dood. Uit haar laatste uren komt evenwel onbetwistbaar een indruk van isolement naar voren. Door haar overlijden krijgt Louise de be\u00adschikking over de landgoederen Stora Sundby en \u00d6stan\u00e5. <a href=\"#voetnoot\"><span style=\"color: #0000ff;\">(3)<\/span><\/a> Op 1 juli 1780 reist de familie net als vorige jaren voor de zomervakantie naar Stora Sundby, maar zonder Kellgren die zich helemaal aan de literatuur gaat wijden. Ene Berger volgt hem op om aan de twee jongens les te geven. E\u00e9n van de twee reist <\/span><span style=\"color: #000000;\">naar\u00a0<\/span><span style=\"color: #000000;\">Straatsburg, <\/span><span style=\"color: #000000;\">volgens het dagboek van Carl Axel L\u00f6wenhielm<\/span><span style=\"color: #000000;\">\u00a0om Franse les aan <\/span><span style=\"color: #000000;\">de Universiteit te krijgen en in het internaat te verblijven<\/span><span style=\"color: #000000;\">. <a href=\"#voetnoot\"><span style=\"color: #0000ff;\">(4)<\/span><\/a><\/span><\/p>\n<table style=\"border-collapse: collapse; width: 100%;\">\n<tbody>\n<tr>\n<td style=\"width: 50%; text-align: center;\"><em><span style=\"font-size: 10pt; color: #000000;\"><img loading=\"lazy\" decoding=\"async\" class=\"alignnone size-medium wp-image-49934\" src=\"https:\/\/meijenfeldt.nl\/wp-content\/uploads\/2022\/09\/JAMIII-Stola-262x300.jpg\" alt=\"\" width=\"262\" height=\"300\" srcset=\"https:\/\/meijenfeldt.nl\/wp-content\/uploads\/2022\/09\/JAMIII-Stola-262x300.jpg 262w, https:\/\/meijenfeldt.nl\/wp-content\/uploads\/2022\/09\/JAMIII-Stola-895x1024.jpg 895w, https:\/\/meijenfeldt.nl\/wp-content\/uploads\/2022\/09\/JAMIII-Stola-768x878.jpg 768w, https:\/\/meijenfeldt.nl\/wp-content\/uploads\/2022\/09\/JAMIII-Stola-1343x1536.jpg 1343w, https:\/\/meijenfeldt.nl\/wp-content\/uploads\/2022\/09\/JAMIII-Stola-1791x2048.jpg 1791w\" sizes=\"auto, (max-width: 262px) 100vw, 262px\" \/><\/span><\/em><\/td>\n<td style=\"width: 50%; text-align: center;\"><img loading=\"lazy\" decoding=\"async\" class=\"alignnone size-medium wp-image-49941\" src=\"https:\/\/meijenfeldt.nl\/wp-content\/uploads\/2022\/09\/AFMa-Stola-257x300.jpg\" alt=\"\" width=\"257\" height=\"300\" srcset=\"https:\/\/meijenfeldt.nl\/wp-content\/uploads\/2022\/09\/AFMa-Stola-257x300.jpg 257w, https:\/\/meijenfeldt.nl\/wp-content\/uploads\/2022\/09\/AFMa-Stola-877x1024.jpg 877w, https:\/\/meijenfeldt.nl\/wp-content\/uploads\/2022\/09\/AFMa-Stola-768x896.jpg 768w, https:\/\/meijenfeldt.nl\/wp-content\/uploads\/2022\/09\/AFMa-Stola-1316x1536.jpg 1316w, https:\/\/meijenfeldt.nl\/wp-content\/uploads\/2022\/09\/AFMa-Stola.jpg 1545w\" sizes=\"auto, (max-width: 257px) 100vw, 257px\" \/><\/td>\n<\/tr>\n<tr>\n<td style=\"width: 50%; text-align: center;\"><em><span style=\"font-size: 10pt; color: #000000;\">Johann August, graaf von Meijerfeldt III<br \/>\n<span style=\"font-size: 10pt;\">Kornet in het regiment lichte dragonders<\/span><\/span><\/em><\/td>\n<td style=\"width: 50%; text-align: center;\"><em><span style=\"font-size: 10pt;\">Axel Friedrich, graaf von Meijerfeldt<br \/>\n<\/span><\/em><span style=\"font-size: 10pt;\">Stafvaandrig in de Lijfwacht<br \/>\nbij \u00a0in het regiment N\u00e4rke-V\u00e4rmland<\/span><\/td>\n<\/tr>\n<tr>\n<td style=\"width: 100%; text-align: center;\" colspan=\"2\"><span style=\"font-size: 10pt; color: #000000;\"><em>Artiest:<\/em>\u00a0Jonas Forslund (1754-1809)<br \/>\n<\/span><span style=\"font-size: 10pt;\">Jaartal: 1782<\/span><br \/>\n<span style=\"font-size: 10pt; color: #000000;\"><em>Bezit:<\/em>\u00a0Stola herrg\u00e5rd,\u00a0782<\/span><br \/>\n<span style=\"font-size: 10pt; color: #000000;\"><em>Foto&#8217;s:<\/em> Lester von Meijenfeldt (2022)<\/span><\/td>\n<\/tr>\n<\/tbody>\n<\/table>\n<p style=\"text-align: justify;\"><span style=\"color: #000000;\">Op 2 september 1782 is Johann August bij de ceremonie in het Koninklijk Paleis om hem de onderscheiding Commandeur in de Zwaard Orde met Grootkruis te verlenen. Daar is zijn broer Carl Friedrich niet bij, want hij heeft niet de juiste onderscheidingen om binnen te mogen. Hij blijft in Pommeren en steekt pas 16 september over naar Ystad om zijn broer te feliciteren. Op 16 november keert hij naar Stralsund terug en verschijnt op 24 mei 1783 opnieuw in Ystad.<\/span><\/p>\n<p style=\"text-align: justify;\"><span style=\"color: #000000;\">In 1784 meldt Johann August zich aan als lid van de Patriottische Vereniging. Door de grote voet waarop de familie leeft zijn de financi\u00ebn aanhoudend een bron tot zorg. In 1784 gaat hij zelfs zo ver zijn vrouw te vragen familiejuwelen te mogen verkopen. De neven Carl en Fredrik Sparre zijn hier zo boos over dat zij hem onder voogdij willen plaatsen en een echtscheiding willen aanvragen. Geen van twee\u00ebn is er van gekomen.<\/span><\/p>\n<p style=\"text-align: justify;\"><span style=\"color: #000000;\">De 14-jarige graaf Axel Friedrich von Meijerfeldt gaat in de winter 1783-1784 regelmatig spelen met de dan 6-jarige kroonprins, de latere koning Gustaaf IV Adolf. <a href=\"#voetnoot\"><span style=\"color: #0000ff;\">(5)<\/span><\/a> Hij wordt op 27 september 1785 bevorderd tot luitenant in de lijfcompagnie van zijn regiment ter vervanging van Fabritius en volgt het leger naar Finland, waar hij later tevens dienst doet als adjudant van zijn vader. <a href=\"#voetnoot\"><span style=\"color: #0000ff;\">(6)<\/span><\/a> Hij keert in de winters terug naar het Hof, waar hij onder andere op uitnodiging van de kroonprins deelneemt aan de in zwang zijnde quadrille: in een vierhoek van vier paren voorgeschreven figuren dansen. Op 29 maart 1787 is barones Cederstr\u00f6m zijn partner en op 30 maart Charlotta Wrangel, met wie hij na een opfrisser ook nog een menuet danst. Een jaar later \u00a0herhaalt hij het met barones D\u00fcben. <a href=\"#voetnoot\"><span style=\"color: #0000ff;\">(7)<\/span><\/a><\/span><\/p>\n<p style=\"text-align: justify;\"><span style=\"color: #000000;\">Koning Gustaaf III is het middelpunt van oneindig veel toneelspel en schetsgesprekken op het Paleis of in de Opera. Van de vrouwen wordt Louise de koningin van het hofleven genoemd, ook na haar 40ste verjaardag in 1785. Gustaaf kiest haar meestal als zijn tegenspeelster in een ridderrol. Op een dag in 1786 is zij zoals gewoonlijk eerste van de 12 hofdames en zegt: <a href=\"#voetnoot\"><span style=\"color: #0000ff;\">(8)<\/span><\/a><\/span><\/p>\n<p style=\"padding-left: 40px; text-align: justify;\"><span style=\"font-size: 12pt;\">\u201c<span style=\"color: #000000;\"><i>Het is geen wonder dat uwe Koninklijke Hoogheid de afgod van de dichters bent, want u bent niet alleen hun beschermheer en weldoener, maar ook hun grootste en onuitputtelijke bron van enthousiasme en inspiratie\u201d.<br \/>\n<\/i>De koning reageert met een milde glimlach. <i>\u201cOh, wat dat betreft, mijn gracieuze gravin, kunnen we gelijk oversteken. Het is onmogelijk dat u Kellgren\u2019s prachtige mooie gedicht \u201cGratiernas d\u00f6pelse\u201d vergeten bent, waarvan het slot luidt:<br \/>\n<\/i><\/span><span style=\"font-family: georgia, palatino, serif;\"><i><span class=\"w\" data-width=\"32.0\"><span id=\"w124_195\">Alltnog<\/span><span id=\"w124_196\">; <\/span><\/span><span class=\"w\" data-width=\"10.3\"><span id=\"w124_197\">jag <\/span><\/span><span class=\"w\" data-width=\"16.8\"><span id=\"w124_198\">vann <\/span><\/span><span class=\"w\" data-width=\"16.3\"><span id=\"w124_199\">hwad\u00a0<\/span><\/span><span class=\"w\" data-width=\"10.8\"><span id=\"w124_200\">jag <\/span><\/span><span class=\"w\" data-width=\"30.5\"><span id=\"w124_201\">beg\u00e4rde<\/span><span id=\"w124_202\">,<br \/>\n<\/span><\/span><\/i><i><span class=\"w\" data-width=\"13.6\"><span id=\"w124_203\">Tog <\/span><\/span><span class=\"w\" data-width=\"18.4\"><span id=\"w124_204\">derp\u00e5 <\/span><\/span><span class=\"w\" data-width=\"23.8\"><span id=\"w124_205\">Astrild <\/span><\/span><span class=\"w\" data-width=\"10.1\"><span id=\"w124_206\">uti <\/span><\/span><span class=\"w\" data-width=\"19.9\"><span id=\"w124_207\">famn<\/span><span id=\"w124_208\">.<br \/>\n<\/span><\/span><\/i><i><span class=\"w\" data-width=\"13.3\"><span id=\"w124_209\">Och <\/span><\/span><span class=\"w\" data-width=\"9.9\"><span id=\"w124_210\">for <\/span><\/span><span class=\"w\" data-width=\"6.3\"><span id=\"w124_211\">\u00e5t <\/span><\/span><span class=\"w\" data-width=\"22.6\"><span id=\"w124_212\">jorden <\/span><\/span><span class=\"w\" data-width=\"17.5\"><span id=\"w124_213\">mina <\/span><\/span><span class=\"w\" data-width=\"20.4\"><span id=\"w124_214\">f\u00e4rde<\/span><span id=\"w124_215\">,<br \/>\n<\/span><\/span><\/i><i><span class=\"w\" data-width=\"31.0\"><span id=\"w124_216\">F\u00f6rn\u00f6jd<\/span><span id=\"w124_217\">, <\/span><\/span><span class=\"w\" data-width=\"8.7\"><span id=\"w124_218\">att <\/span><\/span><span class=\"w\" data-width=\"20.2\"><span id=\"w124_219\">under <\/span><\/span><span class=\"w\" data-width=\"20.0\"><span id=\"w124_220\">k\u00e4nda <\/span><\/span><span class=\"w\" data-width=\"19.0\"><span id=\"w124_221\">namn<br \/>\n<\/span><\/span><\/i><\/span><i><span style=\"font-family: georgia, palatino, serif;\"><span class=\"w\" data-width=\"12.3\"><span id=\"w124_222\">F\u00e5 <\/span><span id=\"w124_223\">, <\/span><\/span><span class=\"w\" data-width=\"15.7\"><span id=\"w124_224\">efter <\/span><\/span><\/span><span class=\"w\" data-width=\"20.7\"><span id=\"w124_225\"><span style=\"font-family: georgia, palatino, serif;\">denna dag, de trenna Gratier prisa: <\/span><br \/>\n<span style=\"font-family: georgia, palatino, serif;\">Augusta, Ulla och Lovisa.<\/span><br \/>\n<\/span><\/span><\/i><span style=\"color: #000000;\"><i>\u201d<\/i>Als uit \u00e9\u00e9n mond roepen de gravinnen Von L\u00f6wenhjelm, Von H\u00f6pken en Von Meijerfeldt:<i> \u201cWat is Uwe Majesteit toch aardig en wat een vorstelijk geheugen.\u201d<\/i><\/span><\/span><\/p>\n<p style=\"text-align: justify;\"><span style=\"color: #000000;\">Roddels vallen Louise ook ten deel. Dat komt in de volgende conversatie &#8211; uit een historische roman &#8211; goed tot uiting: <a href=\"#voetnoot\"><span style=\"color: #0000ff;\">(9)<\/span><\/a><\/span><\/p>\n<p style=\"text-align: justify; padding-left: 40px;\"><span style=\"color: #000000; font-size: 12pt;\">\u2013 \u201c<i>Kijk naar gravin Von Meijerfeldt, hoe bespottelijk zij zich opsmukt, alsof zij zich, om de boerenstand gewillig te zijn, kleedt voor een boerenbruiloft. De juwelen in haar kam zou ze gehaald hebben uit een aan haar man geschonken snuifdoos man. Foei! Die zullen wel naar tabak ruiken.\u201d<br \/>\n\u2013 \u201cZij is de veertig gepasseerd en wil nog aanbidders voor zich zien. Het wordt hoog tijd dat ze van front verandert. Zij keert altijd haar best bewaard gebleven zijde tot de bewonderaars \u2013 in het geval er een paar zijn die in staat zijn haar te behagen &#8211; van haar vervallen bekoorlijkheid en niet alleen haar hazelhoenders. Zij gaf eergisteren een uitgelezen souper, waarschijnlijk om al haar huidige aanhangers bij elkaar te krijgen, maar het schijnen er niet veel geweest te zijn, die er aan denken om voor haar verbleekte kleuren te strijden. Ah! Ziedaar, baron Adelsch\u00f6ld richt enkele woorden tot haar \u2013 nou, nou! De man van de gravin is veldmaarschalk en Adelsch\u00f6ld is luitenant. Men beweert immers dat de gravin de adjudanten van haar man kiest.\u201d<br \/>\n\u2013 \u201cDaarom kan de veldmaarschalk zich ook altijd op knappe adjudanten beroemen, die hun dienstjaren verhullen, om hun oudere kameraden te kunnen passeren.\u201d<\/i><\/span><\/p>\n<p style=\"text-align: justify;\"><span style=\"color: #000000;\"><span style=\"font-size: 12pt;\">Johann August III wordt o<\/span>p 22 april 1788 tot luitenant in zijn regiment lichte dragonders benoemd. Axel Friedrich had deze rang al drie jaar eerder, terwijl hij drie jaar jonger is. <span style=\"color: #0000ff;\"><a style=\"color: #0000ff;\" href=\"#voetnoot\">(10)<\/a><a id=\"voetnoot\"><\/a><\/span><\/span><\/p>\n<p style=\"text-align: center;\"><span style=\"color: #000000; font-size: 10pt;\"><a href=\"https:\/\/meijenfeldt.nl\/?page_id=10619\"><span style=\"color: #0000ff;\">Terug<\/span><\/a>\u00a0 \u00a0***\u00a0 \u00a0<span style=\"color: #0000ff;\"><a style=\"color: #0000ff;\" href=\"https:\/\/meijenfeldt.nl\/?page_id=24816\">Verder<\/a><\/span><\/span><\/p>\n<p style=\"text-align: justify;\"><span style=\"font-size: 10pt; color: #000000;\">1. KrigsarkivetSverige, 023. Generalm\u00f6nsterrullor<strong>,<\/strong> 0\/189 <a href=\"https:\/\/sok.riksarkivet.se\/bildvisning\/A0028164_00006#?c=&amp;m=&amp;s=&amp;cv=5&amp;xywh=-243%2C180%2C5973%2C3753\"><span style=\"color: #0000ff;\">fol. 1-2<\/span><\/a> en 0\/190, <span style=\"color: #0000ff;\"><a style=\"color: #0000ff;\" href=\"https:\/\/sok.riksarkivet.se\/bildvisning\/A0028165_00015#?c=&amp;m=&amp;s=&amp;cv=14&amp;xywh=24%2C-64%2C3470%2C2188\">fol. 15<\/a><\/span>. C.O. Nordensvan, \u201cV\u00e4rmlands Regementes (N\u00e4rke och V\u00e4rmlands Reg:tes) Historia\u201d, Stockholm 1904, pag. 156-157. G.\u00a0Elgenstierna, \u201cDen introducerade svenska adelns \u00e4ttertavlor\u201d, Stockholm 1930, deel 5, <span style=\"color: #0000ff;\"><a style=\"color: #0000ff;\" href=\"https:\/\/www.adelsvapen.com\/genealogi\/Meijerfeldt_nr_59\">pag. 227<\/a><\/span>.<br \/>\n<\/span><span style=\"font-size: 10pt; color: #000000;\">2.\u00a0<\/span><span style=\"color: #000000; font-size: 13.3333px;\">Svea H\u00f6vratt, Adelns\u00a0<\/span><span style=\"color: #000000; font-size: 13.3333px;\">Bouppteckningar 1779,\u00a0<\/span><span style=\"color: #0000ff;\"><a style=\"color: #0000ff;\" href=\"https:\/\/meijenfeldt.nl\/wp-content\/uploads\/2024\/04\/1779-04-08-Boupp.pdf\">EIXb:110<\/a><\/span><span style=\"color: #000000; font-size: 13.3333px;\">. <\/span><span style=\"color: #000000; font-size: 10pt;\">Kyrckoarchiv Tryserum, C\/3. D\u00f6d- och begravningsb\u00f6cker 1747-1789, <\/span><span style=\"color: #0000ff;\"><a style=\"color: #0000ff;\" href=\"https:\/\/sok.riksarkivet.se\/bildvisning\/C0028838_00229#?c=&amp;m=&amp;s=&amp;cv=228&amp;xywh=3239%2C-21%2C1592%2C1481\">folio 484<\/a>.<br \/>\n<\/span><span style=\"font-size: 10pt; color: #000000;\">3. S. Leijonhufvud, \u201cCarl Gustaf Tessin och hans Aker\u00f6\u00adkrets\u201d, Stock\u00adholm 1933., pag. 96.<br \/>\n4. E. Hammar, &#8220;Franskundervisningen i Sverige fram till 1807&#8221;, Uppsala 1981, <span style=\"color: #0000ff;\"><a style=\"color: #0000ff;\" href=\"http:\/\/www.tam-arkiv.se\/share\/proxy\/alfresco-noauth\/tam\/content\/workspace\/SpacesStore\/a547f72f-f36a-492b-b617-9caaa172151e\/download\/ASU_148.pdf\">pag. 125<\/a><\/span>.<br \/>\n<\/span><span style=\"font-size: 10pt; color: #000000;\">5. M.J. <span style=\"color: #0000ff;\"><a style=\"color: #0000ff;\" href=\"https:\/\/meijenfeldt.nl\/?page_id=21189\">Crusenstolpe<\/a><\/span>, \u201dHistorisk Tafla af h\u00f6gstsalig f.d. Konung Gustaf IV Adolphs f\u00f6rsta lefnads\u00e5r\u201d, Stockholm 1837, pag. 144 en 150.<\/span><br \/>\n<span style=\"font-size: 10pt; color: #000000;\">6. Krigsarkivet Sverige, 023. Generalm\u00f6nsterrullor<strong>,<\/strong> 0\/191, <span style=\"color: #0000ff;\"><a style=\"color: #0000ff;\" href=\"https:\/\/sok.riksarkivet.se\/bildvisning\/A0028166_00339#?c=&amp;m=&amp;s=&amp;cv=338&amp;xywh=379%2C1071%2C3499%2C2206\">fol. 339<\/a><\/span>. G. Elgenstierna, <span style=\"color: #0000ff;\"><a style=\"color: #0000ff;\" href=\"https:\/\/www.adelsvapen.com\/genealogi\/Meijerfeldt_nr_59\">pag. 227<\/a><\/span>.<br \/>\n7. Inrikes Tidningar, <a style=\"color: #000000;\" href=\"https:\/\/tidningar.kb.se\/2509100\/1787-03-29\/edition\/145120\/part\/1\/page\/1\/?q=%20meyerfelt\"><span style=\"color: #0000ff;\">29-03-1787<\/span><\/a><span style=\"color: #0000ff;\">, <a style=\"color: #0000ff;\" href=\"https:\/\/tidningar.kb.se\/2509100\/1787-04-05\/edition\/145120\/part\/1\/page\/2\/?q=%20meijerfelt&amp;page=1\">05-04-1787<\/a> en <a style=\"color: #0000ff;\" href=\"https:\/\/tidningar.kb.se\/2509100\/1788-03-17\/edition\/145120\/part\/1\/page\/2\/?q=%20mejerfelt\">17-03-1788<\/a><\/span>.<br \/>\n<\/span><span style=\"color: #000000; font-size: 10pt;\">8. M.J. <\/span><span style=\"color: #0000ff;\"><a style=\"color: #0000ff;\" href=\"https:\/\/meijenfeldt.nl\/?page_id=21189\"><span style=\"font-size: 10pt;\">Crusenstolpe<\/span><\/a><\/span><span style=\"color: #000000; font-size: 10pt;\">, \u201cMorianen, eller Holstein-Gottorpska Huset i Sverige. Tidsbilder, tecknade p\u00e5 f\u00e4stningen\u201d, Stockholm 1840-1841, deel 3, <span style=\"color: #0000ff;\"><a style=\"color: #0000ff;\" href=\"https:\/\/litteraturbanken.se\/f%C3%B6rfattare\/CrusenstolpeMJ\/titlar\/MorianenTredje\/sida\/119\/faksimil?traff=w124_111&amp;traffslut=w124_111&amp;s_query=meyerfelt&amp;s_from=0&amp;s_to=29&amp;s_text_filter=%5Bobject%20Object%5D&amp;s_word_form_only=true&amp;s_lbworkid=lb1682547&amp;hit_index=2\">pag. 119-120<\/a><\/span>. In de Duitse vertaling wordt het gedicht weggelaten, in de Nederlandse zelfs de gehele passage.<br \/>\n<\/span><span style=\"font-size: 10pt; color: #000000;\">9. K.A. af <span style=\"color: #0000ff;\"><a style=\"color: #0000ff;\" href=\"https:\/\/meijenfeldt.nl\/?page_id=34922\">Kullberg<\/a><\/span>, &#8220;Gustaf den tredje och hans hof&#8221;, J\u00f6nk\u00f6ping 1838, deel 2, pag. 31-32.<\/span><span style=\"font-size: 10pt; color: #000000;\"><br \/>\n10. Krigsarkivet Sverige, 023. Generalm\u00f6nsterrullor<strong>,<\/strong> 0\/1539, <span style=\"color: #0000ff;\"><a style=\"color: #0000ff;\" href=\"https:\/\/sok.riksarkivet.se\/bildvisning\/A0029719_00235#?c=&amp;m=&amp;s=&amp;cv=234&amp;xywh=419%2C1079%2C2890%2C1911\">fol. 235<\/a><\/span>.<\/span><\/p>\n","protected":false},"excerpt":{"rendered":"<p>Nadat de Zweedse koning Gustaaf III met steun van de soldaten en boeren begin jaren zeventig zijn macht had vergroot ten opzichte van de adel in de Rijksdag, is zijn gezag geleidelijk aan het afkalven. Hij zoekt naar hernieuwing van de steun en zoals absolute vorsten vaker doen kijkt hij hoe hij verloren gegane gebieden &hellip; <a href=\"https:\/\/meijenfeldt.nl\/?page_id=28801\" class=\"more-link\">Verder lezen <span class=\"screen-reader-text\">1.7.9. Familieleven<\/span><\/a><\/p>\n","protected":false},"author":1,"featured_media":0,"parent":0,"menu_order":0,"comment_status":"closed","ping_status":"closed","template":"","meta":{"footnotes":""},"class_list":["post-28801","page","type-page","status-publish","hentry"],"_links":{"self":[{"href":"https:\/\/meijenfeldt.nl\/index.php?rest_route=\/wp\/v2\/pages\/28801","targetHints":{"allow":["GET"]}}],"collection":[{"href":"https:\/\/meijenfeldt.nl\/index.php?rest_route=\/wp\/v2\/pages"}],"about":[{"href":"https:\/\/meijenfeldt.nl\/index.php?rest_route=\/wp\/v2\/types\/page"}],"author":[{"embeddable":true,"href":"https:\/\/meijenfeldt.nl\/index.php?rest_route=\/wp\/v2\/users\/1"}],"replies":[{"embeddable":true,"href":"https:\/\/meijenfeldt.nl\/index.php?rest_route=%2Fwp%2Fv2%2Fcomments&post=28801"}],"version-history":[{"count":75,"href":"https:\/\/meijenfeldt.nl\/index.php?rest_route=\/wp\/v2\/pages\/28801\/revisions"}],"predecessor-version":[{"id":63066,"href":"https:\/\/meijenfeldt.nl\/index.php?rest_route=\/wp\/v2\/pages\/28801\/revisions\/63066"}],"wp:attachment":[{"href":"https:\/\/meijenfeldt.nl\/index.php?rest_route=%2Fwp%2Fv2%2Fmedia&parent=28801"}],"curies":[{"name":"wp","href":"https:\/\/api.w.org\/{rel}","templated":true}]}}