{"id":28467,"date":"2020-05-21T09:53:55","date_gmt":"2020-05-21T09:53:55","guid":{"rendered":"http:\/\/meijenfeldt.nl\/?page_id=28467"},"modified":"2023-01-28T16:02:47","modified_gmt":"2023-01-28T16:02:47","slug":"munthe","status":"publish","type":"page","link":"https:\/\/meijenfeldt.nl\/?page_id=28467","title":{"rendered":"Munthe"},"content":{"rendered":"<p><span style=\"color: #000000; font-size: 14pt; font-family: georgia, palatino, serif;\"><strong>Ludwig Wilhelmsson Munthe, \u201cKungl. Fortifikationens Historia\u201d, 7 delen, Stock\u00adholm 1902-1916.<\/strong><\/span><\/p>\n<p><span style=\"color: #000000; font-size: 12pt; font-family: georgia, palatino, serif;\"><strong>Deel 2<\/strong> (Fortifikationsstaten under O\u0308rnehufwudh och Wa\u0308rnschio\u0308ldh, 1641-1674)<\/span><\/p>\n<p><span style=\"color: #0000ff; font-size: 12pt; font-family: georgia, palatino, serif;\"><a style=\"color: #0000ff;\" href=\"https:\/\/archive.org\/details\/konglfortifikati02munt\/page\/266\/mode\/2up\/search\/266\">Pag. 266<\/a><\/span><\/p>\n<p><span style=\"font-family: georgia, palatino, serif; font-size: 12pt;\">Den 18. aug. s. \u00e5. befullm\u00e4ktigades sedan den fr\u00e5n trettio\u00e5riga kriget k\u00e4nde Sigismund Weijder att vara ingenj\u00f6r<sup>2<\/sup>, och samma charge l\u00e4rer \u00e4fven hafva tilldelats livl\u00e4ndaren Anders Meijer ( Meijerfelt ).<sup>3<\/sup><\/span><\/p>\n<p><span style=\"font-size: 10pt; font-family: georgia, palatino, serif;\">3.\u00a0 Anrep: \u00bbSv. A. A. T\u00bb, II, s. 888.<\/span><\/p>\n<p><span style=\"color: #0000ff; font-size: 12pt; font-family: georgia, palatino, serif;\"><a style=\"color: #0000ff;\" href=\"https:\/\/archive.org\/details\/konglfortifikati02munt\/page\/268\/mode\/2up\/search\/266\">Pag. 268<\/a><\/span><\/p>\n<p><span style=\"font-family: georgia, palatino, serif; font-size: 12pt;\">Detta \u00e5r den 13. febr. [1657] utf\u00e4rdades pass att resa hem f\u00f6r generalkvarterm\u00e4starel\u00f6jtnant Lagersk\u00f6ld;<sup> 8<\/sup> och s\u00e5v\u00e4l Gorries v. Gorgas , hvilken den 3. aug. f\u00f6rordnats att \u00bbnebst seiner bissher gefuhrten General quartiermeister \u00bbcharge\u00bb vara \u00f6fverste f\u00f6r ett dragonregemente,<sup>9<\/sup> som Dahl- bergh, Meijer , hvilken vid denna tid l\u00e4rer blifvit \u00f6fverstel\u00f6jt- nant,<sup>10<\/sup> och Gustaf Filipsson samt m\u00f6jligen flera fortifikations- officerare medf\u00f6ljde sedermera Karl X mot Danmark<\/span><\/p>\n<p><span style=\"font-size: 10pt; font-family: georgia, palatino, serif;\">8 R. r. \u2014 Anreps uppgift (Sv. A. A. T., II, s. 600) att Lagersk\u00f6ld skulle stupat f\u00f6reg\u00e5ende \u00e5r i slaget vid Warschau synes s\u00e5lunda vara oriktig. M\u00f6j\u00ac ligen s\u00e5rades L. i detta slag och dog sedermera i f\u00f6ljd h\u00e4raf, innan han hann \u00e5terresa till Sverige, ty han omn\u00e4mnes nu ej vidare.<\/span><br \/>\n<span style=\"font-size: 10pt; font-family: georgia, palatino, serif;\">9 R. r.<\/span><br \/>\n<span style=\"font-size: 10pt; font-family: georgia, palatino, serif;\">10 Anrep: \u00bbSv. A. \u00c4. T.\u00bb, II. sid. 888.<\/span><\/p>\n<p><span style=\"font-family: georgia, palatino, serif; font-size: 12pt;\"><span style=\"color: #0000ff;\"><a style=\"color: #0000ff;\" href=\"https:\/\/archive.org\/details\/konglfortifikati02munt\/page\/574\/mode\/2up\/search\/266\">Pag. 574<\/a><\/span> Register<\/span><\/p>\n<p><span style=\"font-family: georgia, palatino, serif; font-size: 12pt;\"><strong>Deel 3:1<\/strong> (Fortifikationsstaten under Dahlbergh 1674-1695)<\/span><\/p>\n<p>&nbsp;<\/p>\n<p><span style=\"font-size: 12pt; color: #000000; font-family: georgia, palatino, serif;\"><strong>Deel 3:2<\/strong> (Fortifikationsstaten under Dahlbergh, Stuart och Palmquist 1674-1719)<\/span><\/p>\n<p><span style=\"text-decoration: underline; font-family: georgia, palatino, serif; font-size: 12pt;\">Pag. 52 <\/span><\/p>\n<p><span style=\"font-size: 12pt; font-family: georgia, palatino, serif;\">Den 17. i samma m\u00e5nad [aug. 1713] utn\u00e4mnde generalguvern\u00f6ren i Pommern frih. Johan August Meijerfelt kondukt\u00f6ren i Stettin Ahlstedt till l\u00f6jtnant, men detta konfirmerades\u00a0 sedermera icke f\u00f6rr\u00e4n den 17\/28. aug. 1715.<\/span><\/p>\n<p><span style=\"text-decoration: underline; font-family: georgia, palatino, serif; font-size: 12pt;\">Pag. 151<\/span><\/p>\n<p><span style=\"font-family: georgia, palatino, serif; font-size: 12pt;\">Sedan Palmquist den 24. dec. 1714 ins\u00e4ndt den fordrade konfirmationsuppgiften, anm\u00e4lde han den 19. jan. p\u00e5f\u00f6ljande \u00e5r att ytterligare trenne befordringar honom \u00bbowetterligen\u00bb skett, n\u00e4mligen kungl. r\u00e5det och generalguvern\u00f6ren grefve Mauritz Welingks af tv\u00e5 l\u00f6jtnanter till kaptener (Marcus 1712 och Wefosell 1713) samt kungl. r\u00e5det och generalguvern\u00f6ren grefve Johan August Meijerfelts af en kondukt\u00f6r till l\u00f6jtnant (Ahlstedt 1713); alla de tre befordrade voro\u00a0 emellertid h\u00e4rf\u00f6r kabable, hvarf\u00f6r Palmquist sj\u00e4lf nu anh\u00f6ll om konfirmationsfullmakter f\u00f6r dem.<\/span><\/p>\n<p><span style=\"text-decoration: underline; font-family: georgia, palatino, serif; font-size: 12pt;\">Pag. 382<\/span><\/p>\n<p><span style=\"font-family: georgia, palatino, serif; font-size: 12pt;\">Den 11. gick \u00e5terstoden af arm\u00e9n \u00f6fver bron vid Dahlendorf, och den 12. marscherade Karl till Kirkholm, hvarifr\u00e5n han sedan fortsatte till Bauske,<\/span><br \/>\n<span style=\"font-family: georgia, palatino, serif; font-size: 12pt;\">dit han anl\u00e4nde den 26. Och genast besatte staden. Tv\u00e5 dagar dessf\u00f6rinnan hade \u00f6fverstel\u00f6jtnant Johan August Meijerfelt afs\u00e4ndts till Birsen med en skriftlig befallning fr\u00e5n Karl till kommendanten Hanefelt att utl\u00e4mna d\u00e4rvarande polska<\/span><br \/>\n<span style=\"font-family: georgia, palatino, serif; font-size: 12pt;\">stycken och ppntomer; och sedan generalmajoren frih. Knut Posse beordrats att med ett parti n\u00e4rma sig Birsen f\u00f6r att gifva n\u00f6digt eftertryck \u00e5t denna befallning, utl\u00e4mnades 4 halfva och 2 fj\u00e4rdedels kartauer samt 32 kopparpontoner, livilka<\/span><br \/>\n<span style=\"font-family: georgia, palatino, serif; font-size: 12pt;\">den 31. ankommo till Bauske.<\/span><\/p>\n<p><span style=\"text-decoration: underline; font-family: georgia, palatino, serif; font-size: 12pt;\">Pag. 388-389<\/span><\/p>\n<p><span style=\"font-family: georgia, palatino, serif; font-size: 12pt;\">K\u00e4r en af h\u00f6gadelns hufvudm\u00e4n, storf\u00e4ltherren i Litthauen furst Johan Casimir Sapieha i sept. bad Karl om skydd f\u00f6r sina i Samogitien bel\u00e4gna gods mot den i spetsen f\u00f6r l\u00e5gadeln st\u00e5ende starosten furst G-regorius Oginski, afs\u00e4nde han<\/span><br \/>\n<span style=\"font-family: georgia, palatino, serif; font-size: 12pt;\">n\u00e4mligen genom egenh\u00e4ndigt uppsatt order \u00f6fverste Alexander Hummerbjelm med 600 ryttare s\u00e5som skyddsvakt till Schauden, och kort d\u00e4refter framskickades \u00e4fven \u00f6fverstel\u00f6jtnant Johan August Meijerfelt med 400 man till Polangen. N\u00e4r<\/span><br \/>\n<span style=\"font-family: georgia, palatino, serif; font-size: 12pt;\">dessa b\u00e5da sedan med Karls begifvande ryckte l\u00e4ngre in i Samogitien<sup>1<\/sup>, s\u00e4ndes 400 man af gardet efter och snart kunde Karl sj\u00e4lf ej motst\u00e5 sin afventyrslusta.<\/span><\/p>\n<p><span style=\"font-family: georgia, palatino, serif; font-size: 10pt;\">1. Hummerhielm befalldes tillika att inh\u00e4mta noggranna underr\u00e4ttelser om landet och s\u00e4rskildt om dess v\u00e4gar, st\u00e4der, slott och fastmngar afvensom att l\u00e5ta uppg\u00f6ra kartor; och Meijerfelt beordrades den 26. sept. att rekognosera f\u00e4stningen Memel och sedan d\u00e4rom ins\u00e4nda ber\u00e4ttelse (R. r.).<\/span><\/p>\n<p><span style=\"text-decoration: underline; font-family: georgia, palatino, serif; font-size: 12pt;\">Pag. 404-405 <\/span><\/p>\n<p><span style=\"font-size: 12pt; font-family: georgia, palatino, serif;\">Arvid Horn, som f\u00f6rde h\u00f6gsta bef\u00e4let i Warschau, hade visserligen f\u00f6rs\u00f6kt s\u00e4tta sig i f\u00f6rsvarstillst\u00e5nd, men d\u00e5 han endast hade n\u00e5gra hundra man svenskar hos sig och f\u00f6ga utsikt<br \/>\nfanns, att Rehnsk\u00f6ld eller Meijerfelt skulle kunna hinna att komma till hans unds\u00e4ttning, voro hans f\u00f6rhoppningar ej stora.<\/span><\/p>\n<p><span style=\"text-decoration: underline; font-family: georgia, palatino, serif; font-size: 12pt;\">Pag. 410 <\/span><\/p>\n<p><span style=\"font-family: georgia, palatino, serif; font-size: 12pt;\">Den 29. dec. [1705] gick Karl \u00f6fver bron vid Warschau med sin arm\u00e9, som nu, sedan Meijerfelt och Str\u00f6mberg tillst\u00f6tt med sina trupper, uppgick till 20,000 man, samt marscherade med stor skyndsamhet upp mot Litthauen, d\u00e4r f\u00e4ltmarskalken Bcnedict Ogilwie stod vid G r o d n o med 20,000 ryssar, till<\/span><br \/>\n<span style=\"font-family: georgia, palatino, serif; font-size: 12pt;\">hvilka slutit sig en mindre styrka sachsare under Augusts ege.t bef\u00e4l. (Vi-d svenska arm\u00e9ns ankomst till Bug befanns isen vara f\u00f6r svag, hvarf\u00f6r den t\u00e4cktes med halm, \u00f6fver hvilken vatten upprepade g\u00e5nger p\u00e5g\u00f6ts och fick tillfrysa,<\/span><br \/>\n<span style=\"font-family: georgia, palatino, serif; font-size: 12pt;\">hvarigenom till slut bildades en s\u00e4ker isbro, som den 6. och 7. jan. 1706 utan olycksh\u00e4ndelse passerades af hela arm\u00e9n.<\/span><\/p>\n<p><span style=\"text-decoration: underline; font-family: georgia, palatino, serif; font-size: 12pt;\">Pag. 413<\/span><\/p>\n<p><span style=\"font-family: georgia, palatino, serif; font-size: 12pt;\">Dagen d\u00e4rp\u00e5 gaf sig Lakovitz och samtidigt f\u00f6ll Zabirs i den likaledes detacherade<\/span><br \/>\n<span style=\"font-family: georgia, palatino, serif; font-size: 12pt;\">generalmajoren frih. Johan August Meijerfelts h\u00e4nder.<sup>2<\/sup><\/span><\/p>\n<p><span style=\"font-family: georgia, palatino, serif; font-size: 10pt;\">2. I f\u00f6rut anf\u00f6rda Ber\u00e4ttelse om f\u00e4ltt\u00e5get i Volhynien s\u00e4ges emellertid att Zabirs, som man \u00e4mnat bel\u00e4gra, strax gaf sig till Karl och att Lakovitz kapitulerade s\u00e5 snart Karl anl\u00e4nde. Handskriften i Kungl. Bibi. uppger ocks\u00e5 att b\u00e5de Zabirs och Lakovitz g\u00e5fvo sig till Karl p\u00e5 n\u00e5d och on\u00e5d.<\/span><\/p>\n<p><span style=\"text-decoration: underline; font-family: georgia, palatino, serif; font-size: 12pt;\">Pag. 414 <\/span><\/p>\n<p><span style=\"font-family: georgia, palatino, serif; font-size: 12pt;\">Sedan arm\u00e9n f\u00e5tt en m\u00e5nads v\u00e4lbeh\u00f6flig hvila i det rika Volhynien, br\u00f6t Karl upp fr\u00e5n Jaroslavice den 7. juli, passerade Styr vid Scheckne, Bug vid Horodle och Dubienka samt Weichsel vid Kazmierz och Pulawy samt stannade sedan en vecka i Radom, d\u00e4r Meijerfelt med sin k\u00e5r tillst\u00f6tte. Den 31. juli br\u00f6t konungen \u00e5ter upp och gick \u00f6fver Strykov, d\u00e4r Rehnsk\u00f6lds arm\u00e9 den 6. aug. upptogs, mot Augusts arfland Sachsen.<\/span><\/p>\n<p><span style=\"text-decoration: underline; font-family: georgia, palatino, serif; font-size: 12pt;\">Pag. 478 <\/span><\/p>\n<p><span style=\"font-family: georgia, palatino, serif; font-size: 12pt;\">\u00c5tskilliga sm\u00e5strider f\u00f6ref\u00f6llo dock och i en af dem, vid byn Rajewka, h\u00f6ll konungen sj\u00e4lf den 10. sept. p\u00e5 att r\u00e5ka illa ut, men r\u00e4ddades i sista stund af \u00f6fverste Johan Valentin v. Dahldorff med Sm\u00e5lands ryttare, Gyllenkrok med<\/span><br \/>\n<span style=\"font-family: georgia, palatino, serif; font-size: 12pt;\">l\u00e4gerbet\u00e4ckningen och generalmajoren frih. Johan August Meijerfelt med n\u00e5gra dragonskvadroner.<\/span><\/p>\n<p><span style=\"text-decoration: underline; font-family: georgia, palatino, serif; font-size: 12pt;\">Pag. 483 <\/span><\/p>\n<p><span style=\"font-family: georgia, palatino, serif; font-size: 12pt;\">Bron blef ocks\u00e5 ganska snart trafikabel, ty Lewenhaupt s\u00e4ger sj\u00e4lf, att han den 29. \u00bbmycket bittida\u00bb dels l\u00e4t \u00f6fverstel\u00f6jtnant Carl Fredrik Meijerfelt med 700 man s\u00e5som avantgarde medf\u00f6lja Brask mot Propoisk, dels b\u00f6rjade afs\u00e4nda bagaget.<sup>2<\/sup> Sedermera afmarscherade \u00e4fven det ena regementet efter det andra, s\u00e5 att Lewenhaupt, n\u00e4r han vid 10-tiden p\u00e5- f\u00f6rmiddagen anf\u00f6lls af en rysk styrka under tsarens eget bef\u00e4l, ej hade mera \u00e4n 4,500 man till sitt omedelbara<\/span><br \/>\n<span style=\"font-family: georgia, palatino, serif; font-size: 12pt;\">f\u00f6rfogande.<\/span><\/p>\n<p><span style=\"font-size: 10pt; font-family: georgia, palatino, serif;\">2. Lewenhaupts f\u00f6rsvarsskrift; \u00bbEgentlig ber\u00e4ttelse om F\u00e4ltslaget<\/span><br \/>\n<span style=\"font-size: 12pt; font-family: georgia, palatino, serif;\"><span style=\"font-size: 10pt;\">\u00bbwid Liesna\u00bb (Kr. a.)<\/span>.<\/span><\/p>\n<p><span style=\"text-decoration: underline; font-family: georgia, palatino, serif; font-size: 12pt;\">Pag. 536<\/span><\/p>\n<p><span style=\"font-family: georgia, palatino, serif; font-size: 12pt;\">P\u00e5 unds\u00e4ttning fr\u00e5n Sverige hoppades de \u00e4fven och den af konungen hems\u00e4nde generall\u00f6jtnanten frih. Johan August Meijerfelt hade ocks\u00e5 ifrigt yrkat p\u00e5 en transports afs\u00e4ndande till Riga, men den 2. maj fann Defensionskommissionen s\u00e5dant vara og\u00f6rligt.<\/span><\/p>\n<p><span style=\"text-decoration: underline; font-family: georgia, palatino, serif; font-size: 12pt;\">Pag. 574<\/span><\/p>\n<p><span style=\"font-family: georgia, palatino, serif; font-size: 12pt;\">I brist p\u00e5 artilleri hade ryssarne icke heller kunnat bel\u00e4gra Stettin, som d\u00e4rf\u00f6r p\u00e5 samma s\u00e4tt endast inneslutits. H\u00e4r var generall\u00f6jtnanten frih. Johan August Meijerfelt \u00f6fver kommendant och kapten Bo\u00f6hus fortifikationsbef\u00e4lhafvare;<\/span><br \/>\n<span style=\"font-family: georgia, palatino, serif; font-size: 12pt;\">\u00f6friga fortifikationsofficerare voro l\u00f6jtnant Diurclow och kondukt\u00f6r Ahlstedt.<\/span><\/p>\n<p><span style=\"text-decoration: underline; font-family: georgia, palatino, serif; font-size: 12pt;\">Pag. 605<\/span><\/p>\n<p><span style=\"font-family: georgia, palatino, serif; font-size: 12pt;\">\u00d6fverkommandot i Stettin f\u00f6rdes nu af generalen frih. Johan August Meijerfelt och fortifikationsstaten utgjordes af kapten Rochus, l\u00f6jtnant Diurclow och kondukt\u00f6r Ahlstedt; men h\u00e4rj\u00e4mte hade Eosander-G\u00f6the, som den 8. juni 1713 upph\u00f6jts till friherre och den 12. i samma m\u00e5nad utn\u00e4mnts till generalkvarterm\u00e4stare vid arm\u00e9n, sistn\u00e4mnda dag befallts bese Wismar och Stralsund samt d\u00e4refter stanna i Stettin till vidare order.<sup>1<\/sup> I Damm tj\u00e4nstgjorde kapten Marcus. Meijerfelt hade satt Stettin i f\u00f6rsvarstillst\u00e5nd, och alla f\u00f6rs\u00f6k, som s\u00e4rskildt holsteinarne gjorde, att f\u00e5 honom att i enlighet med det af Wellingk ing\u00e5ngna f\u00f6rdraget utrymma staden misslyckades. Som vi ofvan n\u00e4mnt, innesl\u00f6t Mensjikov s\u00e5lunda Stettin i aug. 1713 och ryssarne byggde nu b\u00e5de\u00a0 retranchement och redutter samt framgingo med sina attacker l\u00e5ngs <\/span><span style=\"font-family: georgia, palatino, serif; font-size: 12pt;\">Anklamv\u00e4gen och uppf\u00f6rde batterier mot Hohenrundel och K\u00f6nigsbastion.<sup>2<\/sup> Meijerfelt f\u00f6rsvarade sig emellertid med vanlig tapperhet, men redan i b\u00f6rjan af sept. m\u00e5ste dock Stj\u00e4rnskansen, Stettins f\u00f6rn\u00e4msta utanverk p\u00e5 sydsidan, uppgifvas och \u00e4fven Damm fann han sig samtidigt b\u00f6ra utrymma. D\u00e5 sedermera ryssarne den 17. sept. bombarderade staden och borgarne nu nedlade vapen och yrkade p\u00e5 preussiskt och holsteinskt skydd, s\u00e5g sig Meijerfelt tvungen att nedl\u00e4gga sitt bef\u00e4l och i \u00f6fverensst\u00e4mmelse med\u00a0 sekvestrationsf\u00f6rdraget \u00f6fverl\u00e4mnade nu Mensjikov Stettin till konungen af Preussen. Karl XII:s mot detta \u00e5rs slut framst\u00e4llda fordran, att utan vidare \u00e5terf\u00e5 denna stad, ledde naturligtvis ej till n\u00e5got resultat.<\/span><\/p>\n<p><span style=\"font-family: georgia, palatino, serif; font-size: 10pt;\">1 R. r. \u2014 G\u00f6the skref den 14\/ss. juli 1713 fr\u00e5n Berlin till konung Karl ock tackade f\u00f6r sin generalkvarterm\u00e4starecharge samt ordade om f\u00e4stningars f\u00f6rsvar (Kort. i R. a.).<\/span><br \/>\n<span style=\"font-size: 10pt; font-family: georgia, palatino, serif;\">2 Jfr i Kr. a. befintlig plan.<\/span><\/p>\n<p><span style=\"text-decoration: underline; font-family: georgia, palatino, serif; font-size: 12pt;\">Pag. 726 <\/span><\/p>\n<p><span style=\"font-size: 10pt; font-family: georgia, palatino, serif;\">Meijerfelt, Carl Fredrik; \u00f6fvl.: 483.<\/span><br \/>\n<span style=\"font-family: georgia, palatino, serif; font-size: 10pt;\">Meijerfelt, Johan August; frih. och genmaj., sed. genguv., kgl. r\u00e5d och grefve: 52, 151, 382, 388, 389, 405,<\/span><br \/>\n<span style=\"font-size: 10pt; font-family: georgia, palatino, serif;\">410, 413, 414, 478, 536, 574, 605.<\/span><\/p>\n<p><span style=\"font-size: 12pt; font-family: georgia, palatino, serif;\"><strong>Deel 5<\/strong><\/span><\/p>\n<p><span style=\"text-decoration: underline;\"><span style=\"font-family: georgia, palatino, serif; font-size: 12pt;\">Pag. 0 <\/span><\/span><\/p>\n<p><span style=\"font-family: georgia, palatino, serif; font-size: 12pt;\">Meijerfelt<\/span><\/p>\n<p><span style=\"text-decoration: underline;\"><span style=\"font-family: georgia, palatino, serif; font-size: 12pt;\">Pag. 123 <\/span><\/span><\/p>\n<p><span style=\"font-family: georgia, palatino, serif; font-size: 12pt;\">Meijerfelt 2x<\/span><\/p>\n<p><span style=\"text-decoration: underline;\"><span style=\"font-family: georgia, palatino, serif; font-size: 12pt;\">Pag. 134 <\/span><\/span><\/p>\n<p><span style=\"font-family: georgia, palatino, serif; font-size: 12pt;\">Meijerfelt 2x<\/span><\/p>\n<p><span style=\"font-size: 12pt; font-family: georgia, palatino, serif;\"><strong>Deel 6:1<\/strong><\/span><\/p>\n<p><span style=\"text-decoration: underline;\"><span style=\"font-size: 12pt; font-family: georgia, palatino, serif;\">Pag. 244<\/span><\/span><\/p>\n<p><span style=\"font-size: 12pt; font-family: georgia, palatino, serif;\">Den 29. &lt;mycket bittida&gt; l\u00e4t Leijenhufvud sedan \u00f6verstel\u00f6jtnant Carl Fredrik Meijerfelt med 700 man s\u00e5som avantgarde medf\u00f6lja <em>Brask<\/em> mot Propoisk.<\/span><\/p>\n<p><span style=\"text-decoration: underline;\"><span style=\"font-size: 12pt; font-family: georgia, palatino, serif;\">Pag. 403 <\/span><\/span><\/p>\n<p><span style=\"font-size: 12pt; font-family: georgia, palatino, serif;\">Meijerfelt 3x<\/span><\/p>\n<p><span style=\"font-size: 12pt; font-family: georgia, palatino, serif;\">Generalguvern\u00f6ren i Pommern frih. Johan August Meijerfelt.<\/span><\/p>\n<p><span style=\"text-decoration: underline;\"><span style=\"font-family: georgia, palatino, serif; font-size: 12pt;\">Pag. 528 of 548 <\/span><\/span><\/p>\n<p><span style=\"font-family: georgia, palatino, serif; font-size: 12pt;\">Meijerfelt 2x<\/span><\/p>\n<p><span style=\"font-size: 12pt; color: #000000; font-family: georgia, palatino, serif;\"><strong>Deel 6:2<\/strong> (Biografiska anteckninga) <\/span><\/p>\n<p><span style=\"text-decoration: underline; font-size: 12pt; font-family: georgia, palatino, serif;\">Pag. 447-448<\/span><\/p>\n<p><span style=\"font-size: 12pt; font-family: georgia, palatino, serif;\"><img loading=\"lazy\" decoding=\"async\" class=\"alignnone wp-image-28478\" src=\"https:\/\/meijenfeldt.nl\/wp-content\/uploads\/2020\/05\/Munthe-300x230.jpg\" alt=\"\" width=\"530\" height=\"406\" srcset=\"https:\/\/meijenfeldt.nl\/wp-content\/uploads\/2020\/05\/Munthe-300x230.jpg 300w, https:\/\/meijenfeldt.nl\/wp-content\/uploads\/2020\/05\/Munthe.jpg 544w\" sizes=\"auto, (max-width: 530px) 100vw, 530px\" \/><\/span><br \/>\n<span style=\"font-size: 12pt; font-family: georgia, palatino, serif;\"><strong>Deel 7<\/strong><\/span><\/p>\n<p><span style=\"text-decoration: underline;\"><span style=\"font-family: georgia, palatino, serif; font-size: 12pt;\">Pag. 692 <\/span><\/span><\/p>\n<p><span style=\"font-family: georgia, palatino, serif; font-size: 12pt;\">Meijerfelt x2<\/span><\/p>\n<p><span style=\"text-decoration: underline;\"><span style=\"font-family: georgia, palatino, serif; font-size: 12pt;\">Pag. 714 <\/span><\/span><\/p>\n<p><span style=\"font-family: georgia, palatino, serif; font-size: 12pt;\">Meijerfelt<\/span><\/p>\n","protected":false},"excerpt":{"rendered":"<p>Ludwig Wilhelmsson Munthe, \u201cKungl. Fortifikationens Historia\u201d, 7 delen, Stock\u00adholm 1902-1916. Deel 2 (Fortifikationsstaten under O\u0308rnehufwudh och Wa\u0308rnschio\u0308ldh, 1641-1674) Pag. 266 Den 18. aug. s. \u00e5. befullm\u00e4ktigades sedan den fr\u00e5n trettio\u00e5riga kriget k\u00e4nde Sigismund Weijder att vara ingenj\u00f6r2, och samma charge l\u00e4rer \u00e4fven hafva tilldelats livl\u00e4ndaren Anders Meijer ( Meijerfelt ).3 3.\u00a0 Anrep: \u00bbSv. A. A. &hellip; <a href=\"https:\/\/meijenfeldt.nl\/?page_id=28467\" class=\"more-link\">Verder lezen <span class=\"screen-reader-text\">Munthe<\/span><\/a><\/p>\n","protected":false},"author":1,"featured_media":0,"parent":0,"menu_order":0,"comment_status":"closed","ping_status":"closed","template":"","meta":{"footnotes":""},"class_list":["post-28467","page","type-page","status-publish","hentry"],"_links":{"self":[{"href":"https:\/\/meijenfeldt.nl\/index.php?rest_route=\/wp\/v2\/pages\/28467","targetHints":{"allow":["GET"]}}],"collection":[{"href":"https:\/\/meijenfeldt.nl\/index.php?rest_route=\/wp\/v2\/pages"}],"about":[{"href":"https:\/\/meijenfeldt.nl\/index.php?rest_route=\/wp\/v2\/types\/page"}],"author":[{"embeddable":true,"href":"https:\/\/meijenfeldt.nl\/index.php?rest_route=\/wp\/v2\/users\/1"}],"replies":[{"embeddable":true,"href":"https:\/\/meijenfeldt.nl\/index.php?rest_route=%2Fwp%2Fv2%2Fcomments&post=28467"}],"version-history":[{"count":22,"href":"https:\/\/meijenfeldt.nl\/index.php?rest_route=\/wp\/v2\/pages\/28467\/revisions"}],"predecessor-version":[{"id":53057,"href":"https:\/\/meijenfeldt.nl\/index.php?rest_route=\/wp\/v2\/pages\/28467\/revisions\/53057"}],"wp:attachment":[{"href":"https:\/\/meijenfeldt.nl\/index.php?rest_route=%2Fwp%2Fv2%2Fmedia&parent=28467"}],"curies":[{"name":"wp","href":"https:\/\/api.w.org\/{rel}","templated":true}]}}