{"id":27230,"date":"2020-05-04T07:35:02","date_gmt":"2020-05-04T07:35:02","guid":{"rendered":"http:\/\/meijenfeldt.nl\/?page_id=27230"},"modified":"2024-08-12T14:56:08","modified_gmt":"2024-08-12T14:56:08","slug":"1-1-9-drie-zonen","status":"publish","type":"page","link":"https:\/\/meijenfeldt.nl\/?page_id=27230","title":{"rendered":"1.3.3. Hoofdinspecteur Oberpahlen"},"content":{"rendered":"<p style=\"text-align: justify;\"><span style=\"color: #000000; text-align: justify;\">Andreas Meijer start in 1661 als hoofdinspecteur over Oberpahlen (<\/span><em style=\"color: #000000; text-align: justify;\">P\u00f5ltsamaa<\/em><span style=\"color: #000000; text-align: justify;\">). Midden in Lijfland liggen negen hiertoe behorende landgoederen van totaal van totaal 750 km<\/span><sup style=\"color: #000000; text-align: justify;\">2<\/sup><span style=\"color: #000000; text-align: justify;\">, een gebied ongeveer zo groot als de Veluwe.<\/span><\/p>\n<p style=\"text-align: center;\"><img loading=\"lazy\" decoding=\"async\" class=\"wp-image-55029 aligncenter\" src=\"https:\/\/meijenfeldt.nl\/wp-content\/uploads\/2023\/04\/Ofwerpahlen-300x297.jpg\" alt=\"\" width=\"640\" height=\"634\" srcset=\"https:\/\/meijenfeldt.nl\/wp-content\/uploads\/2023\/04\/Ofwerpahlen-300x297.jpg 300w, https:\/\/meijenfeldt.nl\/wp-content\/uploads\/2023\/04\/Ofwerpahlen-1024x1014.jpg 1024w, https:\/\/meijenfeldt.nl\/wp-content\/uploads\/2023\/04\/Ofwerpahlen-150x150.jpg 150w, https:\/\/meijenfeldt.nl\/wp-content\/uploads\/2023\/04\/Ofwerpahlen-768x760.jpg 768w, https:\/\/meijenfeldt.nl\/wp-content\/uploads\/2023\/04\/Ofwerpahlen-1536x1521.jpg 1536w, https:\/\/meijenfeldt.nl\/wp-content\/uploads\/2023\/04\/Ofwerpahlen-2048x2028.jpg 2048w\" sizes=\"auto, (max-width: 640px) 100vw, 640px\" \/><span style=\"font-size: 10pt;\"><em><span style=\"color: #000000;\">\u00d6fwerpahlens Sl\u00e5tt och Gebiet afm\u00e4tt A:<sup>o<\/sup> 1688 af <\/span><\/em><\/span><em style=\"font-size: 13.3333px;\"><span style=\"color: #000000;\">Jonas Book<\/span><\/em><span style=\"font-size: 10pt;\"><em><span style=\"color: #000000;\"> och\u00a0<\/span><\/em><\/span><em style=\"font-size: 13.3333px;\"><span style=\"color: #000000;\">Israel Swedman (<span style=\"color: #0000ff;\"><a style=\"color: #0000ff;\" href=\"https:\/\/www.ra.ee\/kaardid\/index.php\/en\/map\/view?id=1670&amp;_xr=eNotjNsNgCAUQ3e5CyhGE1OnuRFEEnwh6odhLRdwMQX9atPTliFwGuQNo%252FrMCpGDBp6zVbFre3qTCuSNtyp6UYDuqzuUm7m3avz5Pkwy8RKknZGpClp%252BFVFrkOVRb6xT8z2K8xAez9IpBQ%253D%253D\">EAA.308.2.213<\/a><\/span>)<\/span><\/em><\/p>\n<p style=\"text-align: justify;\"><span style=\"color: #000000;\">Op het grootste van de landgoederen staat de gelijknamige burcht van de voormalige Lijflandse Orde. De Meester had <\/span><span style=\"color: #000000;\">dit stenen fort\u00a0<\/span><span style=\"color: #000000;\">in 1272 <\/span><span style=\"color: #000000;\">aan de rechteroever van de rivier laten <\/span><span style=\"color: #000000;\">bouwen. Door de eeuwen heen was het vierkante kloosterfort met muren, grachten en poorten tot een ringwalburcht gegroeid, naar het model van een oud Romeins grensfort, van ongeveer honderd bij honderd meter. De ringmuur had een omtrek van 437 meter gekregen. Daarmee was Oberpahlen het grootste middeleeuwse fort in Lijfland geworden. In 1570, tijdens de Lijflandse Oorlog, was Oberpahlen de residentie van Magnus van Denemarken geworden, door de Russische tsaar uitgeroepen tot koning van Lijfland, van waaruit hij Reval dertig weken lang tevergeefs had belegerd. Andreas\u2019 overgrootvader Heinrich had destijds voor de Zweedse kroon tegen de Deense en Russische invallen gevochten. In 1600 was Oberpahlen in Zweedse handen gevallen en na de invasie van\u00a0 1621 had <\/span><span style=\"color: #000000;\">Gustaaf II Adolf <\/span><span style=\"color: #000000;\">de burcht aan Carl Gustaf von Wrangel geschonken. Deze had de gehavende burcht in de jaren dertig laten ombouwen tot een representatief slot, waarbij de derde verdieping was afgebouwd en een vierde toegevoegd. Daarnaast waren de verwoeste kerk gerenoveerd en economische gebouwen, zoals molens, dorsvloeren en stallen toegevoegd. In de tijd dat Andreas hier hoofdinspecteur is, staan er meer dan twintig gebouwen, waaronder schuren, stallen, kelders, een smederij en een wijnkeuken.<\/span><\/p>\n<p style=\"text-align: center;\"><img loading=\"lazy\" decoding=\"async\" class=\"alignnone wp-image-55033 aligncenter\" src=\"https:\/\/meijenfeldt.nl\/wp-content\/uploads\/2023\/04\/Oberpahlen-1800-300x207.jpg\" alt=\"\" width=\"483\" height=\"333\" srcset=\"https:\/\/meijenfeldt.nl\/wp-content\/uploads\/2023\/04\/Oberpahlen-1800-300x207.jpg 300w, https:\/\/meijenfeldt.nl\/wp-content\/uploads\/2023\/04\/Oberpahlen-1800-1024x705.jpg 1024w, https:\/\/meijenfeldt.nl\/wp-content\/uploads\/2023\/04\/Oberpahlen-1800-768x529.jpg 768w, https:\/\/meijenfeldt.nl\/wp-content\/uploads\/2023\/04\/Oberpahlen-1800-1536x1058.jpg 1536w, https:\/\/meijenfeldt.nl\/wp-content\/uploads\/2023\/04\/Oberpahlen-1800.jpg 1604w\" sizes=\"auto, (max-width: 483px) 100vw, 483px\" \/><em><span style=\"color: #000000; font-size: 10pt;\">Ansicht des Schlosses Oberpahlen von der Nord-Seite<\/span><\/em><\/p>\n<p style=\"text-align: justify;\"><span style=\"color: #000000;\">Andreas Meijer voert nog steeds correspondentie met Von Wrangel, die hem dus ook als hoofdinspecteur aantrekt. <\/span><span style=\"color: #000000;\">Hij moet ook verantwoording afleggen aan <\/span><span style=\"color: #000000;\">de Zweedse gouverneur-generaal, g<\/span><span style=\"color: #000000;\">raaf Bengt Gabrielsson Oxenstierna. <\/span><a style=\"color: #0000ff;\" href=\"#voetnoot\">(1)<\/a> T<span style=\"color: #000000;\">ussen april en juli 1662 verblijft Andreas in \u00a0Stockholm. Daarna schrijft hij brieven uit Reval, Riga en uiteraard Oberpahlen. <span style=\"color: #0000ff;\"><a style=\"color: #0000ff;\" href=\"#voetnoot\">(2)<\/a><\/span><\/span><u><\/u><\/p>\n<p style=\"text-align: justify;\"><span style=\"color: #000000;\">Andreas Meijer en Catharina Wulff hadden in 1660 in Riga een zoon Hendrich of Hendrik gekregen, maar was daar ook overleden. <span style=\"color: #0000ff;\"><a style=\"color: #0000ff;\" href=\"#voetnoot\">(3)<\/a> <\/span>Op Oberpahlen worden drie zoons geboren:<br \/>\n&#8211; <em>Carl Friedrich<\/em>. Deze combinatie van voornamen komt niet voor in de ouderlijke families, maar wel in die van het geslacht Von Wrangel. Zijn geboortejaar is 1662. <a style=\"color: #0000ff;\" href=\"#voetnoot\">(4)<\/a><\/span><span style=\"color: #000000;\"><br \/>\n<span style=\"color: #0000ff;\"><span style=\"color: #000000;\">&#8211; <em>Johann August<\/em>. De voornaam Johann komt uit het geslacht Meijer, maar de doopnaam August is nergens te vinden. Hij wordt geboren in de periode <\/span><\/span><\/span><span style=\"color: #000000;\">1664- 1666. <span style=\"color: #0000ff;\"><a style=\"color: #0000ff;\" href=\"#voetnoot\">(5)<\/a><\/span><br \/>\n&#8211; <em>Wolmar Johann. <\/em>Deze twee voornamen komen uit het geslacht Meijer en ook uit Von Wrangel. Hij wordt geboren in 1667. <span style=\"color: #0000ff;\"><a style=\"color: #0000ff;\" href=\"#voetnoot\">(6)<\/a><\/span><\/span><\/p>\n<p style=\"text-align: justify;\"><span style=\"color: #000000;\">Tot de werkzaamheden van Andreas Meijer behoort de juiste afgrenzing van de gebieden en moet daarover minstens twee rechtszaken voeren. In 1667 spant Erik Johan Twilling een procedure aan over de grens met diens landgoed Kardis, beroemd omdat Rusland daar in 1661 een eeuwige vrede sluit en het oosten van Lijfland en Ingermanland teruggeeft. Tussen 1668 en 1671 spant Catharina Wolffeldt, weduwe van Engelbrecht Kawer, een proces aan over de precieze grens van het afgesplitste landgoed Loper.\u00a0<span style=\"color: #0000ff;\"><a style=\"color: #0000ff;\" href=\"https:\/\/meijenfeldt.nl\/?page_id=97&amp;preview_id=97&amp;preview_nonce=d1b4fa67ac&amp;_thumbnail_id=-1&amp;preview=true#voetnoot\">(7)<\/a> <span style=\"color: #000000;\">Een andere werkzaamheid van Andreas is het innen van grondbelasting.<\/span><\/span><\/span><\/p>\n<p style=\"text-align: justify;\"><span style=\"color: #000000;\">De drie zonen van Andreas en Catharina volgen tussen hun 6de en 17de levensjaar opleidingen. In de Zweedse tijd was voor de Lijflandse boeren een schoolsysteem opgezet, maar voor de lokale adel op afstand van de domscholen en gymnasia van Riga, Dorpat en Reval ligt een huisleraar meer voor de hand. De eerste prioriteit was godsdienst volgens de Augsburgse confessie, de tweede schriftelijke en mondelinge stijloefening in Latijn, <\/span><span style=\"color: #000000;\">moedertaal Duits en Zweeds in latere jaren<\/span><span style=\"color: #000000;\">. Uit zijn latere correspondentie blijkt dat Duits hun hoofdtaal is en Zweeds hun tweede taal. Johann August schrijft ook Franse en Latijnse brieven (tenzij zijn secretaris zijn concepten vertaalt). <span style=\"color: #0000ff;\"><a style=\"color: #0000ff;\" href=\"#voetnoot)\">(8)<\/a>\u00a0<\/span><\/span><span style=\"color: #000000;\">Hoewel vader Andreas dankzij begeleiding van de gebroeders Von Wrangel naar <\/span><span style=\"color: #000000;\">T\u00fcbingen het belang van een u<\/span><span style=\"color: #000000;\">niversitair vervolg had kunnen inzien, zal geen van zijn zoons die weg inslaan.<\/span> <a href=\"https:\/\/meijenfeldt.nl\/?page_id=124#voetnoot\"><span style=\"color: #0000ff;\">(9)<\/span><\/a><\/p>\n<p style=\"text-align: center;\"><span style=\"font-size: 10pt; color: #000000;\"><a id=\"voetnoot\"><\/a><a href=\"https:\/\/meijenfeldt.nl\/?page_id=23977\"><span style=\"color: #0000ff;\">Terug<\/span><\/a>\u00a0 \u00a0***\u00a0 \u00a0<span style=\"color: #0000ff;\"><a style=\"color: #0000ff;\" href=\"https:\/\/meijenfeldt.nl\/?page_id=18673\">Verder<\/a><\/span><\/span><\/p>\n<p style=\"text-align: justify;\"><span style=\"color: #000000; font-size: 10pt;\">1. H. Gillingstam, lemma in \u201cSvenskt Biografiskt Lexikon\u201d, Stockholm 1986, <span style=\"color: #0000ff;\"><a style=\"color: #0000ff;\" href=\"https:\/\/sok.riksarkivet.se\/sbl\/Presentation.aspx?id=9328\">pag. 470<\/a><\/span>. L.W.\u00a0<span style=\"color: #0000ff;\"><a style=\"color: #0000ff;\" href=\"https:\/\/meijenfeldt.nl\/?page_id=28467\">Munthe<\/a><\/span>, deel 6:1, pag. 447-448, schrijft afwijkend dat Anders daar pas eind 1665 start in opdracht van gravin Maria Sofia de la Gardie, weduwe van Gustaf Gabrielsson Oxenstierna.<br \/>\n2. Riksarkivet Sverige, 720.795\/III\/02 Vol E 8200 en <span style=\"color: #0000ff;\"><a style=\"color: #0000ff;\" href=\"https:\/\/sok.riksarkivet.se\/person?Namn=anders+meijer&amp;AvanceradSok=True&amp;PageSize=100&amp;page=1&amp;postid=Brev_188485&amp;tab=post&amp;FacettState=undefined%3Ac%7C\">E 8420<\/a><\/span> meier 012.<br \/>\n3. J.D.G. Schweder volgens K. Kulbach-Fricke, \u201cFamilienbuch Riga\u201c, pag. 2943.<br \/>\n<\/span><span style=\"font-size: 10pt;\"><span style=\"color: #000000;\">4. N<\/span><\/span><span style=\"color: #000000; font-size: 10pt;\">iet te vinden i<\/span><span style=\"font-size: 10pt;\"><span style=\"color: #000000;\"><span style=\"font-size: 10pt;\">n de doopboeken van het Rahvusarhiiv Eesti, <\/span><\/span><\/span><span style=\"color: #000000; font-size: 13.3333px;\">1168.2.1,\u00a0<\/span><span style=\"font-size: 13.3333px; color: #0000ff;\"><a style=\"color: #0000ff;\" href=\"http:\/\/www.ra.ee\/dgs\/browser.php?tid=15&amp;iid=200220012269&amp;img=eaa1168_002_0000001_00001_m.png&amp;tbn=1&amp;pgn=1&amp;prc=100&amp;ctr=0&amp;dgr=0&amp;lst=2&amp;hash=1c7c2f7e11ccfbea6cc8801533818ac9\">folio 1 e.v.<\/a> <span style=\"color: #000000;\">Het jaar 1662 is\u00a0te herleiden uit de militaire rollen: <span style=\"font-size: 10pt; color: #000000;\">Krigsarkivet Stockholm, 1696\/10, <a style=\"color: #000000;\" href=\"https:\/\/sok.riksarkivet.se\/bildvisning\/A0054378_00084#?c=&amp;m=&amp;s=&amp;cv=83&amp;xywh=655%2C121%2C3505%2C1871\">folio 78<\/a>).<br \/>\n<\/span><\/span><\/span><span style=\"color: #000000; font-size: 10pt;\"><span style=\"color: #0000ff;\"><span style=\"color: #000000;\">5. <span style=\"font-size: 10pt;\">N<\/span>iet te vinden i<span style=\"font-size: 10pt;\">n de doopboeken van het Rahvusarhiiv Eesti, <\/span><span style=\"color: #000000; font-size: 13.3333px;\">1168.2.1,\u00a0<\/span><span style=\"font-size: 13.3333px; color: #0000ff;\"><a style=\"color: #0000ff;\" href=\"http:\/\/www.ra.ee\/dgs\/browser.php?tid=15&amp;iid=200220012269&amp;img=eaa1168_002_0000001_00001_m.png&amp;tbn=1&amp;pgn=1&amp;prc=100&amp;ctr=0&amp;dgr=0&amp;lst=2&amp;hash=1c7c2f7e11ccfbea6cc8801533818ac9\">folio 1 e.v.<\/a> <span style=\"color: #000000;\">Het jaar 1664 is te herleiden uit het <\/span><\/span><\/span><\/span>door hem zelf geschreven Memorial (<span class=\"s2\" style=\"font-size: 10pt;\">Sveriges Ridderskaps och Adels Riksdags-<\/span><span class=\"s3\" style=\"font-size: 10pt;\">Protokoll, <\/span><span style=\"color: #0000ff;\"><a style=\"color: #0000ff;\" href=\"https:\/\/weburn.kb.se\/riks\/st%C3%A5ndsriksdagen\/pdf\/roa_1740-1741__\/roa_1740-1741___01.pdf\">deel 12<\/a><\/span><span class=\"s3\"><strong>,<\/strong> <\/span><span style=\"color: #0000ff;\"><a style=\"color: #0000ff;\" href=\"https:\/\/meijenfeldt.nl\/?page_id=18799\">pag. 404<\/a>)<\/span> voorgelezen in de Riksdag van 17 juni 1741, waarin hij zegt dat zijn 77<sup>e<\/sup> levensjaar is ingetreden. Het jaar 1665 wordt door zijn weduwe op d<\/span><span style=\"color: #000000; font-size: 10pt;\">e\u00a0<\/span><span style=\"font-size: 10pt; color: #0000ff;\"><a style=\"color: #0000ff;\" href=\"https:\/\/meijenfeldt.nl\/?page_id=9165\">wijnkan<\/a><\/span><span style=\"color: #000000; font-size: 10pt;\"> van de kerk van T\u00e4by <\/span><span style=\"color: #000000; font-size: 10pt;\">gegraveerd. Volgens zijn <\/span><span style=\"color: #0000ff;\"><a style=\"color: #0000ff;\" href=\"https:\/\/meijenfeldt.nl\/?page_id=54227\"><span style=\"font-size: 10pt;\">Frijherre Bref<\/span><\/a> <\/span><span style=\"font-size: 10pt;\">ging<\/span><span style=\"color: #000000; font-size: 10pt;\"> hij in 1684 op 17-jarige leeftijd in dienst en zou daarmee in 1666 geboren zijn, maar meer jaartallen zijn in die brief onnauwkeurig (zoals zijn luitenants- en majoorsbenoeming)<\/span><span style=\"color: #000000; font-size: 10pt;\">. Auteurs van biografie\u00ebn noemen afwisselend 1664 en 1666, zonder bronvermelding. M. Ranft, &#8220;Leben und Thaten des Feld-Marschalls Graf Meyerfeld\u201d, in \u201cDie Merkw\u00fcrdige Lebengeschich derer vier ber\u00fcmten Schwedischen Feldmarschalle, Grafen Rehnschild, Steenbock, Meyerfeld und D\u00fccker\u201d, deel 3, Leipzig 1753, <\/span><a style=\"font-size: 10pt;\" href=\"https:\/\/digital.slub-dresden.de\/werkansicht\/?id=5363&amp;tx_dlf%5Bid%5D=68191&amp;tx_dlf%5Bpage%5D=354\"><span style=\"color: #0000ff;\">pag. 340<\/span><\/a><span style=\"color: #000000; font-size: 10pt;\">, schrijft dat hij bijna 80 jaar oud werd, waardoor hij zelfs pas in 1668 of 1669 geboren zou moeten zijn. Het door hemzelf en door de meeste bronnen genoemde jaar 1664 wordt hier verder gevolgd.<br \/>\n6. <span style=\"color: #0000ff;\"><span style=\"color: #000000;\"><span style=\"font-size: 10pt;\">N<\/span>iet te vinden i<span style=\"font-size: 10pt;\">n de doopboeken van het Rahvusarhiiv Eesti, <\/span><span style=\"color: #000000; font-size: 13.3333px;\">1168.2.1,\u00a0<\/span><span style=\"font-size: 13.3333px; color: #0000ff;\"><a style=\"color: #0000ff;\" href=\"http:\/\/www.ra.ee\/dgs\/browser.php?tid=15&amp;iid=200220012269&amp;img=eaa1168_002_0000001_00001_m.png&amp;tbn=1&amp;pgn=1&amp;prc=100&amp;ctr=0&amp;dgr=0&amp;lst=2&amp;hash=1c7c2f7e11ccfbea6cc8801533818ac9\">folio 1 e.v.<\/a> <\/span><\/span><\/span>Het jaar 1667 is <\/span><span style=\"color: #000000; font-size: 10pt;\">af te leiden uit<\/span><span style=\"color: #000000; font-size: 10pt;\"> zijn leeftijd in de militaire rollen: <\/span><span style=\"color: #000000; font-size: 10pt;\">Krigsarkivet Stockholm, 0022 Rullor, 1699\/4, <\/span><span style=\"font-size: 10pt; color: #0000ff;\"><a style=\"color: #0000ff;\" href=\"https:\/\/sok.riksarkivet.se\/bildvisning\/A0054440_00208#?c=&amp;m=&amp;s=&amp;cv=207&amp;xywh=278%2C1356%2C2968%2C1531\">folio 208<\/a><\/span><span style=\"font-size: 13.3333px;\">.<br \/>\n<\/span><span style=\"font-size: 10pt;\"><span style=\"color: #000000;\"><span style=\"font-size: 13.3333px;\">7. H. Bruiningk, N. Busch, \u201cLivl\u00e4ndische G\u00fcterurkunden\u201d, <\/span><span dir=\"ltr\" style=\"font-size: 13.3333px;\">Jonck &amp; Poliewsky<\/span><span style=\"font-size: 13.3333px;\">\u00a01908, deel 2,\u00a0<\/span><span style=\"color: #0000ff;\"><a style=\"font-size: 13.3333px; color: #0000ff;\" href=\"https:\/\/dspace.ut.ee\/bitstream\/handle\/10062\/16707\/bruiningk_livlandische_eod.pdf?sequence=1&amp;isAllowed=y\">pag. 329<\/a><\/span><span style=\"font-size: 13.3333px;\">\u00a0resp. deel 1,\u00a0<\/span><span style=\"color: #0000ff;\"><a style=\"font-size: 13.3333px; color: #0000ff;\" href=\"https:\/\/dspace.ut.ee\/handle\/10062\/14626\">pag. 328<\/a><\/span><span style=\"font-size: 13.3333px;\">.<\/span><br \/>\n<\/span><span style=\"color: #000000;\">8. A. Buchholtz, &#8220;Beitr\u00e4ge zur Lebensgeschichte Johann Reinhold Patkuls&#8221;, Riga, 1893, <span style=\"color: #0000ff;\"><a style=\"color: #0000ff;\" href=\"https:\/\/books.google.nl\/books?id=BQ8TyAEACAAJ&amp;printsec=frontcover&amp;redir_esc=y#v=onepage&amp;q=meyerfeldt&amp;f=false\">pag. 30-31<\/a><\/span>.<br \/>\n9. M. Ranft, <span style=\"color: #0000ff;\"><a style=\"color: #0000ff;\" href=\"http:\/\/digital.slub-dresden.de\/werkansicht\/dlf\/68191\/293\/0\/\">pag. 279-280<\/a><\/span>.<\/span><br \/>\n<\/span><\/p>\n","protected":false},"excerpt":{"rendered":"<p>Andreas Meijer start in 1661 als hoofdinspecteur over Oberpahlen (P\u00f5ltsamaa). Midden in Lijfland liggen negen hiertoe behorende landgoederen van totaal van totaal 750 km2, een gebied ongeveer zo groot als de Veluwe. \u00d6fwerpahlens Sl\u00e5tt och Gebiet afm\u00e4tt A:o 1688 af Jonas Book och\u00a0Israel Swedman (EAA.308.2.213) Op het grootste van de landgoederen staat de gelijknamige burcht &hellip; <a href=\"https:\/\/meijenfeldt.nl\/?page_id=27230\" class=\"more-link\">Verder lezen <span class=\"screen-reader-text\">1.3.3. Hoofdinspecteur Oberpahlen<\/span><\/a><\/p>\n","protected":false},"author":1,"featured_media":0,"parent":0,"menu_order":0,"comment_status":"closed","ping_status":"closed","template":"","meta":{"footnotes":""},"class_list":["post-27230","page","type-page","status-publish","hentry"],"_links":{"self":[{"href":"https:\/\/meijenfeldt.nl\/index.php?rest_route=\/wp\/v2\/pages\/27230","targetHints":{"allow":["GET"]}}],"collection":[{"href":"https:\/\/meijenfeldt.nl\/index.php?rest_route=\/wp\/v2\/pages"}],"about":[{"href":"https:\/\/meijenfeldt.nl\/index.php?rest_route=\/wp\/v2\/types\/page"}],"author":[{"embeddable":true,"href":"https:\/\/meijenfeldt.nl\/index.php?rest_route=\/wp\/v2\/users\/1"}],"replies":[{"embeddable":true,"href":"https:\/\/meijenfeldt.nl\/index.php?rest_route=%2Fwp%2Fv2%2Fcomments&post=27230"}],"version-history":[{"count":65,"href":"https:\/\/meijenfeldt.nl\/index.php?rest_route=\/wp\/v2\/pages\/27230\/revisions"}],"predecessor-version":[{"id":65818,"href":"https:\/\/meijenfeldt.nl\/index.php?rest_route=\/wp\/v2\/pages\/27230\/revisions\/65818"}],"wp:attachment":[{"href":"https:\/\/meijenfeldt.nl\/index.php?rest_route=%2Fwp%2Fv2%2Fmedia&parent=27230"}],"curies":[{"name":"wp","href":"https:\/\/api.w.org\/{rel}","templated":true}]}}