{"id":26161,"date":"2020-04-07T09:07:56","date_gmt":"2020-04-07T09:07:56","guid":{"rendered":"http:\/\/meijenfeldt.nl\/?page_id=26161"},"modified":"2024-06-25T21:09:11","modified_gmt":"2024-06-25T21:09:11","slug":"3-7-4-vogelsberg","status":"publish","type":"page","link":"https:\/\/meijenfeldt.nl\/?page_id=26161","title":{"rendered":"4.9.3. Vogelsberg"},"content":{"rendered":"<p style=\"text-align: justify;\"><span style=\"color: #000000;\">Eind zeventiende eeuw bepaalt vorst-abt Placidus von Droste dat Joden uit zijn gebied Fulda weg moeten. Een aantal van hen trekt enkele tientallen kilometers noord-westelijk naar het gebied Vogelsberg in het centrum van Hessen-Darmstadt. Het adelsgeslacht Von Nodung in de stad Alsfeld biedt bescherming en bouwt voor de gevluchte Joden een 12-tal huizen in 1736 in Angenrod. Zij mogen daar onderling en met anderen handel in vee en waren drijven. Dat gaat zo voortvarend, dat zij de plaats al snel \u201cNeu-Jerusalem\u201d noemen. Het aantal families breidt zich uit en gaat westelijk richting Marburg wonen, in naastgelegen dorpjes als Ober-Gleen en Kirtorf.<\/span><\/p>\n<p style=\"text-align: justify;\"><span style=\"color: #000000;\">In deze dorpen woonde een familie Mayerfeld\u00a0en een familie Rothschild, die onderlinge huwelijken sluiten. Het begint met Isaac die huwt met Hannchen Rothschild. Hun zoon\u00a0Abraham (1789-1859)<strong>\u00a0<\/strong>trouwt Giedel G\u00fctel Rothschild.\u00a0Adolf en zijn kinderen voeren Rothschild als doopnaam. Over Abraham\u00a0staat in een briefwisseling uit 1830 in het\u00a0gemeentearchief:<\/span><\/p>\n<p style=\"text-align: justify; padding-left: 40px;\"><span style=\"color: #000000; font-family: georgia, palatino, serif; font-size: 12pt;\"><em>\u00dcbrigens f\u00fcge ich auch bei, dass Abraham Meyerfeld erst 1816, wo er als Schutzjude aufgenommen, den 1. Baugulden [\u2026?] entrichtet habe, und im Jahr 1818 nach einer hohen Verf\u00fcgung s\u00e4mtl. Juden im Gro\u00dfherzogtum frohnfrei erkl\u00e4rt worden [\u2026].<\/em><\/span><\/p>\n<p style=\"text-align: justify;\"><span style=\"color: #000000;\">Markus (1880-) is in Kirchhain\u00a0handelaar in voedingsmiddelen en textiel en zijn vrouw Bella Moses (1902-1990) heeft een winkel voor dameshoeden. Zij hebben twee zoons: Gerhard Horst (1925-)<strong>\u00a0<\/strong>en Manfred\u00a0(1928-2005). Na de machtsovername door Hitler breken slechte tijden aan. Zoon Gerard wordt in 1935 naar\u00a0Bella\u2019s\u00a0zus Hermine Rosa Kahn-Moses\u00a0in\u00a0Merzing,\u00a0Saarland gestuurd.\u00a0Op 17 maart 1937 vertrekt het overige gezin naar Kassel en vervolgens naar Berlijn. Daar moeten zij\u00a0dwangarbeid verrichten\u00a0in de Osram\u00a0lampenfabriek. Dankzij deze arbeid en\u00a0valse persoonsbewijzen overleven zij de oorlog en keren\u00a0op\u00a09 juni 1945\u00a0in Kirchhain terug.\u00a0<\/span><\/p>\n<table>\n<tbody>\n<tr>\n<td><span style=\"color: #000000;\"><img loading=\"lazy\" decoding=\"async\" class=\"wp-image-2645 aligncenter\" src=\"http:\/\/celinevonmeijenfeldt.nl\/wp-content\/uploads\/2017\/02\/Gerhard-Horst-183x300.jpg\" sizes=\"auto, (max-width: 225px) 100vw, 225px\" srcset=\"https:\/\/meijenfeldt.nl\/wp-content\/uploads\/2017\/02\/Gerhard-Horst-183x300.jpg 183w, https:\/\/meijenfeldt.nl\/wp-content\/uploads\/2017\/02\/Gerhard-Horst.jpg 549w\" alt=\"Gerhard Horst Mayerfeld\" width=\"225\" height=\"369\" \/><\/span><span style=\"color: #000000; font-size: 10pt;\"><em>Gerhard Horst Mayerfeld<br \/>\nBar Mitvah 1939<\/em><\/span><\/td>\n<td><span style=\"color: #000000; font-size: 10pt;\"><img loading=\"lazy\" decoding=\"async\" class=\"size-medium wp-image-8506 aligncenter\" src=\"https:\/\/meijenfeldt.nl\/wp-content\/uploads\/2018\/02\/Gerhard-Horst-Olga-G-225x300.jpg\" sizes=\"auto, (max-width: 225px) 100vw, 225px\" srcset=\"https:\/\/meijenfeldt.nl\/wp-content\/uploads\/2018\/02\/Gerhard-Horst-Olga-G-225x300.jpg 225w, https:\/\/meijenfeldt.nl\/wp-content\/uploads\/2018\/02\/Gerhard-Horst-Olga-G.jpg 616w\" alt=\"KONICA MINOLTA DIGITAL CAMERA\" width=\"225\" height=\"300\" \/><\/span><span style=\"color: #000000; font-size: 10pt;\"><em>Gerhard Horst Mayerfeld<\/em><\/span><br \/>\n<span style=\"color: #000000; font-size: 10pt;\"><em>The Memory Project<\/em><\/span><br \/>\n<span style=\"color: #000000; font-size: 10pt;\"><em>Remembrance Portraits<\/em><\/span><br \/>\n<span style=\"color: #000000; font-size: 10pt;\"><em>Wloclawek 01-10-2013<\/em><\/span><\/td>\n<\/tr>\n<\/tbody>\n<\/table>\n<p style=\"text-align: justify;\"><span style=\"color: #000000;\">Gerhard intussen\u00a0komt in\u00a01941 in\u00a0Camp Saint-Antoine bij Albi terecht, gaat vanwege zijn zieke nicht Beatrice Heffes naar het kuuroord Vichy, werkt bij een Petain-gezinde boer,\u00a0zit in 1944 met Robert Gamzon een half jaar\u00a0in het verzet en voegt zich\u00a0na de bevrijding in 1945 bij\u00a0de Force Francaises de l\u2019Interieur. Vader\u00a0Markus werkt\u00a0tegen die tijd\u00a0opnieuw in de textiel. In 1950 besluit het gezin naar\u00a0Amerika te emigreren. Gerard\u00a0pendelt tussen zijn nicht Rosa in Alen\u00e7on,\u00a0\u00a0zijn ouders en broer in de VS en mogelijk ook nog Duitsland. Markus vordert in de jaren vijftig\u00a0\u2018Wiedergutmachung\u2019 van de staat Hessen. Het armenrecht\u00a0wordt met rente\u00a0toegewezen, maar de\u00a0gezondheidsschade na advies van het OLG Frankfurt niet.<\/span><\/p>\n<p style=\"text-align: center;\"><span style=\"color: #800000;\"><b>Genealogie<\/b><\/span><\/p>\n<p style=\"text-align: justify;\"><span style=\"color: #000000;\">Jv.a. <strong>Isaac<\/strong>, \u221e <em>Hannchen Rothschild<\/em>, kinderen:<\/span><\/p>\n<p style=\"text-align: justify;\"><span style=\"color: #000000;\">Jv.a1. <strong>Abraham<\/strong>, * Obergleen, Kirtorf 1789, \u2020 Obergleen 02-12-1859, \u221e <em>Giedel G\u00fctel Rothschild<\/em>, * Angenrod\/Ansfeld 1789, \u2020 Obergleen 02-05-1875, dochter van Moses David Rothschild (1742-) en Betti, kinderen:<\/span><\/p>\n<p style=\"text-align: justify;\"><span style=\"color: #000000;\">Jv.a11. <strong>David<\/strong>, * Homberg (an der Ohm) 1820, \u2020 1900, veehandelaar, Vorsteher, \u221e Neustadt 03-09-1845 <em>Hannchen Bacharach<\/em>, * 1823, dochter van Markus Bacharach (1787-1875) en Besgen Wallach (-1872),\u00a0# Homberg, haus 181, Frankfurter Str. 40, kinderen:<\/span><\/p>\n<p style=\"text-align: justify;\"><span style=\"color: #000000;\">Jv.a111. <strong>Dorah<\/strong>, * Homberg 02-12-1846.<\/span><\/p>\n<p style=\"text-align: justify;\"><span style=\"color: #000000;\">Jv.a112. <strong>Emma<\/strong>, * Homberg 15-03-1850, \u2020 Frankfurt 27-12-1902.<\/span><\/p>\n<p style=\"text-align: justify;\"><span style=\"color: #000000;\">Jv.a113. <strong>Salomon<\/strong>, * Neustadt ..-11-1852, \u2020 Homberg 21-02-1853.<\/span><\/p>\n<p style=\"text-align: justify;\"><span style=\"color: #000000;\">Jv.a114. (dood), * Homberg 04-01-1855.<\/span><\/p>\n<p style=\"text-align: justify;\"><span style=\"color: #000000;\">Jv.a115. <strong>Hilda<\/strong>, * Homberg 07-12-1855, \u221e Frankrijk 06-11-1878 <em>Emil Karl<\/em> <em>Salomon<\/em>, * Sprendlingen 10-07-1852,\u00a0Mainz, zoons Alfred Simon (1879) en Adolph Israel (1880).<\/span><\/p>\n<p style=\"text-align: justify;\"><span style=\"color: #000000;\">Jv.a116. <strong>Elias<\/strong>, * Homberg 17-10-1856, \u2020 Homberg 13-12-1856.<\/span><\/p>\n<p style=\"text-align: justify;\"><span style=\"color: #000000;\">Jv.a117. <strong>Alexander<\/strong>, * Homberg 12-05-1858.<\/span><\/p>\n<p style=\"text-align: justify;\"><span style=\"color: #000000;\">Jv.a12. kind.<\/span><\/p>\n<p style=\"text-align: justify;\"><span style=\"color: #000000;\">Jv.a13. kind.<\/span><\/p>\n<p style=\"text-align: justify;\"><span style=\"color: #000000;\">Jv.a14. kind.<\/span><\/p>\n<p style=\"text-align: justify;\"><span style=\"color: #000000;\">Jv.a15. <strong>Esther<\/strong>, * Kirtorf 02-06-1830, \u2020Homberg 25-08-1896, \u221e <em>Yosef Levi<\/em>, * Angenrod 1822, zeven kinderen.<\/span><\/p>\n<p style=\"text-align: justify;\"><span style=\"color: #000000;\">Jv.a16. kind.<\/span><\/p>\n<p style=\"text-align: justify;\"><span style=\"color: #000000;\">Jv.b. <b>Uri Schraga<\/b>, zoon:<\/span><\/p>\n<p style=\"text-align: justify;\"><span style=\"color: #000000;\">Jv.b1. <strong>Salomon<\/strong>, * Obergleen 21-02-1851, \u2020Butzbach (45 km ten zuiden Homberg) 01-11-1932, \u201cein redlicher und rechtschaffener Mann\u201d, koopman, \u221e <em>Johanette Bing<\/em>, # Homberg, kinderen:<\/span><\/p>\n<p style=\"text-align: justify;\"><span style=\"color: #000000;\">Jv.b11. <strong>Nanny<\/strong>, * Homberg 25-03-1889 of 23-03-1890, \u2020 10-1942 Treblinka, \u221e <em>Leo Spiro<\/em>, * Butzbach 01-10-1890, \u2020 10-1942 Treblinka,\u00a0koopman, zoon van Emil Spiro (1859-1920) en Rosa Rothschild (1859-1932), # Griedeler Stra\u03b2e 31, Butzbach, vijf kinderen.<\/span><\/p>\n<p>Jv.b12. <b>Moritz, <\/b>* ? 1891.<\/p>\n<p style=\"text-align: justify;\"><span style=\"color: #000000;\">Jv.b13. <strong>Max<\/strong>. * Homberg, 06-10-1893, \u2020 10-1942 Treblinka, # Griedeler Stra\u03b2e 31, Butzbach.<\/span><\/p>\n<p style=\"text-align: justify;\"><span style=\"color: #000000;\">Jv.c. <strong>N.N<\/strong>.,<strong>\u00a0<\/strong><em>\u221e Hannchen (Hanne) Rothschild<\/em>, * 31-07-1849, \u2020 Kirchhain 16-07-1927, dochter van Mordechai Rothschild uit Kirtorf.<\/span><\/p>\n<p style=\"text-align: justify;\"><span style=\"color: #000000;\">Jv.d1. <strong>Markus<\/strong>, * Kirtorf\/Alsfeld 12-03-1880, \u2020 Verenigde Staten na 1945, handelaar voedingsmiddelen en textiel, # 1721 Kirchhein nrs. 4, 361 en R\u00f6merstr. 525, \u221e 1925\u00a0<em>Bella Moses<\/em>, * Friedeldorf\/Frielendorf 24-12-1902, \u2020 San Diego CA 02-12-1990, dameshoedenzaak in Kirchhain, dochter van Juda Moses (<a style=\"color: #000000;\" href=\"tel:1859\/1869-1935\">1859\/1869-1935<\/a>) en Friederike Rebecka Stern (1871-1942),\u00a0Kirchhain, Kassel,\u00a0\u221e2 William Pardys (1897-1991).<\/span><\/p>\n<p style=\"text-align: justify;\"><span style=\"color: #000000;\">Jv.d11. <strong>Gerard Horst Juda<\/strong>, * Kirchhain 20-09-1925, \u2020 Bordeaux 31-03-1990, ondergedoken, verzet, # Alen\u00e7on, Frankrijk.<\/span><\/p>\n<p style=\"text-align: justify;\"><span style=\"color: #000000;\">Jv.d12. <strong>Manfred (Fred)<\/strong>, * Kirchhain 29-12-1928, \u2020 Verenigde Staten 2005, # Kirchhein nr. 361, reist 07-08-2936 met met schip &#8220;Berlin&#8221; van Bremen naar New York, 70 W 96 Str.<\/span><\/p>\n<p style=\"text-align: justify;\"><span style=\"color: #000000;\">Jv.d2. <strong>Ida<\/strong>, * Kirtorf 12-08-1881, \u221e <em>Kleeblatt<\/em>, ausgeb\u00fcr\u00adgert 27-05-1940, emigreren naar de VS.<\/span><\/p>\n<p style=\"text-align: justify;\"><span style=\"color: #000000;\">Jv.d3. <strong>Adolf Rothschild<\/strong>, * Kirtorf 26-06-1882, \u2020 1951 VS, manager klokwinkel, \u221e Whitley County\u00a0IN 01-07-1912 <em>Jeanette Kraus<\/em>, * Colombia City IN 19-02-1878, \u2020 IN \/ OH 03-1966, dochter van Leopold Kraus en Sarah Tranerman, reist in 1908 van Duitsland naar Amerika (maar woont er dan al).<\/span><\/p>\n<p style=\"text-align: justify;\"><span style=\"color: #000000;\">Jv.d31. <strong>Lawrence \/ Larry Adolph<\/strong>, * Tucson\u00a0AZ 18-03-1916, \u2020 Pima AZ 03-04-2002, studeert literatuur Universiteit van Michigan 1935-1936, retail manager, 1942-1946 militaire dienst Teledo OH, \u221e na 1942 <em>Helen Wolf<\/em>, dochter van Max Wolf uit Mannheim, * 1971 Tucson.<\/span><\/p>\n<p style=\"text-align: justify;\"><span style=\"color: #000000;\">Jv.d311. <strong>Bruce W.<\/strong>, <strong>* <\/strong>1950, cardiologie technoloog, \u221e <em>Joan Weber,<\/em> * Casa Grane, Las Vegas NV,\u00a02999W Sky Ranch Trl, Tucson AZ.<\/span><\/p>\n<p style=\"text-align: justify;\"><span style=\"color: #000000;\">Jv.d312. <strong>Robert Lee \/ Bob, <\/strong>1970 retail manager Neiman Marcus, Dallas TX, \u221e <em>Dale S., <\/em>samen 1976-2014 Table Talk, 3 winkels in Tucsonen 2 in Phoenix AZ,\u00a01663 S Reef Rock Pl, Tucson TX.<\/span><\/p>\n<p style=\"text-align: justify;\"><span style=\"color: #000000;\">Jv.d313. <strong>Sarah<\/strong>, \u221e Anguilo, 1988-1992 St. Gregory High School, Tucson TX.<\/span><\/p>\n<p style=\"text-align: justify;\"><span style=\"color: #000000;\">Jv.d32. <strong>Helen Rothschild, <\/strong>* 18-11-1918, \u2020 Pima AZ 02-11-2002.<\/span><\/p>\n<p style=\"text-align: center;\"><span style=\"font-size: 10pt; color: #000000;\"><span style=\"color: #0000ff;\"><a id=\"voetnoot\"><\/a>Terug\u00a0<\/span> \u00a0***\u00a0 \u00a0<span style=\"color: #0000ff;\">Verder<\/span><\/span><\/p>\n","protected":false},"excerpt":{"rendered":"<p>Eind zeventiende eeuw bepaalt vorst-abt Placidus von Droste dat Joden uit zijn gebied Fulda weg moeten. Een aantal van hen trekt enkele tientallen kilometers noord-westelijk naar het gebied Vogelsberg in het centrum van Hessen-Darmstadt. Het adelsgeslacht Von Nodung in de stad Alsfeld biedt bescherming en bouwt voor de gevluchte Joden een 12-tal huizen in 1736 &hellip; <a href=\"https:\/\/meijenfeldt.nl\/?page_id=26161\" class=\"more-link\">Verder lezen <span class=\"screen-reader-text\">4.9.3. Vogelsberg<\/span><\/a><\/p>\n","protected":false},"author":1,"featured_media":0,"parent":0,"menu_order":0,"comment_status":"closed","ping_status":"closed","template":"","meta":{"footnotes":""},"class_list":["post-26161","page","type-page","status-publish","hentry"],"_links":{"self":[{"href":"https:\/\/meijenfeldt.nl\/index.php?rest_route=\/wp\/v2\/pages\/26161","targetHints":{"allow":["GET"]}}],"collection":[{"href":"https:\/\/meijenfeldt.nl\/index.php?rest_route=\/wp\/v2\/pages"}],"about":[{"href":"https:\/\/meijenfeldt.nl\/index.php?rest_route=\/wp\/v2\/types\/page"}],"author":[{"embeddable":true,"href":"https:\/\/meijenfeldt.nl\/index.php?rest_route=\/wp\/v2\/users\/1"}],"replies":[{"embeddable":true,"href":"https:\/\/meijenfeldt.nl\/index.php?rest_route=%2Fwp%2Fv2%2Fcomments&post=26161"}],"version-history":[{"count":14,"href":"https:\/\/meijenfeldt.nl\/index.php?rest_route=\/wp\/v2\/pages\/26161\/revisions"}],"predecessor-version":[{"id":64983,"href":"https:\/\/meijenfeldt.nl\/index.php?rest_route=\/wp\/v2\/pages\/26161\/revisions\/64983"}],"wp:attachment":[{"href":"https:\/\/meijenfeldt.nl\/index.php?rest_route=%2Fwp%2Fv2%2Fmedia&parent=26161"}],"curies":[{"name":"wp","href":"https:\/\/api.w.org\/{rel}","templated":true}]}}