{"id":23462,"date":"2020-02-19T14:45:14","date_gmt":"2020-02-19T14:45:14","guid":{"rendered":"http:\/\/meijenfeldt.nl\/?page_id=23462"},"modified":"2020-02-19T17:56:30","modified_gmt":"2020-02-19T17:56:30","slug":"horn","status":"publish","type":"page","link":"https:\/\/meijenfeldt.nl\/?page_id=23462","title":{"rendered":"Horn"},"content":{"rendered":"<p><strong><span style=\"font-size: 14pt;\"><span style=\"color: #000000; font-family: georgia, palatino, serif;\">Johan Gustaf Horn, \u201cArvid Bernhard Horn. Hans levnad\u201d, Stockholm 1852.<\/span><\/span><\/strong><\/p>\n<article class=\"result\">\n<article class=\"result\">\n<h3 class=\"results-header\"><span style=\"font-family: georgia, palatino, serif; font-size: 12pt; color: #0000ff;\"><a style=\"color: #0000ff;\" href=\"https:\/\/babel.hathitrust.org\/cgi\/pt?q1=meijerfeldt;id=uiug.30112098690313;view=1up;seq=34;start=1;sz=10;page=search;num=26\" data-seq=\"34\">Pag. 26<\/a><\/span><\/h3>\n<p class=\"kwic\"><span style=\"font-family: georgia, palatino, serif; font-size: 12pt; color: #000000;\">&#8230;ralen Meijerfeldt ankom och gjorde en fullst\u00e4ndig ber\u00e4ttelse om hela f\u00f6rloppet samt Konungens tillst\u00e5nd, hvilken bekr\u00e4ftades af tvenne medf\u00f6rde Konun- gens egenh\u00e4ndige bref, det ena till Enkedrottningen och det andra till Prinsessan ULRIKA ELEONORA 2). Det var s\u00e5ledes satt utom allt tvifvelsm\u00e5l, att&#8230;<\/span><\/p>\n<\/article>\n<article class=\"result\">\n<h3 class=\"results-header\"><span style=\"font-family: georgia, palatino, serif; font-size: 12pt; color: #0000ff;\"><a style=\"color: #0000ff;\" href=\"https:\/\/babel.hathitrust.org\/cgi\/pt?q1=meijerfeldt;id=uiug.30112098690313;view=1up;seq=35;start=1;sz=10;page=search;num=27\" data-seq=\"35\">Pag. 27<\/a>\u00a0<\/span><\/h3>\n<p class=\"kwic\"><span style=\"font-family: georgia, palatino, serif; font-size: 12pt; color: #000000;\">&#8230;neral\u00a0Meijerfeldt\u00a0hade medf\u00f6rt Konun- gens befallning h\u00e4rom, och skyndsamhet fordrades i an- &#8216;) Kongl. Defens.-Commiss, prot. *) Defens.-Commiss, prot, d. 12 Jan. 1710.\u00a0&#8230;<\/span><\/p>\n<h3 class=\"results-header\"><span style=\"font-family: georgia, palatino, serif; font-size: 12pt; color: #0000ff;\"><a style=\"color: #0000ff;\" href=\"https:\/\/babel.hathitrust.org\/cgi\/pt?q1=meijerfelt;id=uiug.30112098690313;view=1up;seq=70;num=62;start=1;sz=10;page=search\" data-seq=\"70\">Pag. 62<\/a><\/span><\/h3>\n<p class=\"kwic\">&#8230;<span style=\"color: #000000; font-family: georgia, palatino, serif; font-size: 12pt;\">a Gr. <span class=\"solr_highlight_1\">Meijerfelt<\/span>, som var \u00e4ldst, \u0173nderskref expeditioner och trac- tater 2); men Gr. Carl Gyllenborg och Presidenten H\u00f6p- ken voro dock de, som vid alla tillf\u00e4llen g\u00e5fvo de mest verkande upplysningar *). Den nya Minist\u00e8ren fortfor v\u00e4l att t\u00e4nka p\u00e5 fred, men de gamla grund-reglorna blefvo h\u00e4rvid inte<\/span><\/p>\n<\/article>\n<article class=\"result\">\n<h3 class=\"results-header\"><span style=\"font-family: georgia, palatino, serif; font-size: 12pt; color: #0000ff;\"><a style=\"color: #0000ff;\" href=\"https:\/\/babel.hathitrust.org\/cgi\/pt?q1=meijerfeldt;id=uiug.30112098690313;view=1up;seq=71;start=1;sz=10;page=search;num=63\" data-seq=\"71\">Pag. 63<\/a>\u00a0<\/span><\/h3>\n<p class=\"kwic\"><span style=\"font-family: georgia, palatino, serif; font-size: 12pt; color: #000000;\">&#8230;; Gr.\u00a0Meijerfeldt\u00a0gaf sedan endast vid handen i R\u00e5det, att han detta p\u00e5 befallning gjort 4), och dervid hade ingen att p\u00e5minna, Alldeles obeh\u00f6rige personer blandade sig ocks\u00e5 denna ti- den i Cancellie-saker; General-major Coijet hade genom Gr. D\u00fccker inlemnat ett fredsf\u00f6rslag 5) vid underhandlin- ge&#8230;<\/span><\/p>\n<\/article>\n<article class=\"result\">\n<h3 class=\"results-header\"><span style=\"font-family: georgia, palatino, serif; font-size: 12pt; color: #0000ff;\"><a style=\"color: #0000ff;\" href=\"https:\/\/babel.hathitrust.org\/cgi\/pt?q1=meijerfeldt;id=uiug.30112098690313;view=1up;seq=115;start=1;sz=10;page=search;num=107\" data-seq=\"115\">Pag. 107<\/a>\u00a0<\/span><\/h3>\n<p class=\"kwic\"><span style=\"font-family: georgia, palatino, serif; font-size: 12pt; color: #000000;\">&#8230;arina\u00a0Meijerfeldt\u00a0efterlemnat en dotter, Brita, gift med General-majoren och Commen- deuren Gr. Claes Ekeblad, och en son Gustaf Horn.\u00a0&#8230;<\/span><\/p>\n<\/article>\n<article class=\"result\">\n<h3 class=\"results-header\"><span style=\"font-family: georgia, palatino, serif; font-size: 12pt; color: #000000;\"><span style=\"color: #0000ff;\"><a style=\"color: #0000ff;\" href=\"https:\/\/babel.hathitrust.org\/cgi\/pt?q1=meijerfeldt;id=uiug.30112098690313;view=1up;seq=126;start=1;sz=10;page=search;num=118\" data-seq=\"126\">Pag. 118<\/a><\/span>\u00a0<\/span><\/h3>\n<p class=\"kwic\"><span style=\"font-family: georgia, palatino, serif; font-size: 12pt; color: #000000;\">&#8230;ag p\u00e5 Meijerfeldts 5 \u00e0 6000 R:dr s\u00e5 kan I taga dem nu i afr\u00e4kning p\u00e5 de pengar som \u00e4r lofvade \u00e5t Kongen att re- stitueras af Dantziks-revenuerna. Det att att Meijerfeldt mister sina pengar l\u00e4rer s\u00e4tta Regementet i en faslig elak Labyrint. Jag f\u00f6rblifver gunstvillige CAROLUS. Herr C. L.<\/span><\/p>\n<\/article>\n<\/article>\n<article class=\"result\">\n<h3 class=\"results-header\"><span style=\"color: #0000ff; font-family: georgia, palatino, serif; font-size: 12pt;\"><a style=\"color: #0000ff;\" href=\"https:\/\/babel.hathitrust.org\/cgi\/pt?q1=mejerfeldt;id=uiug.30112098690313;view=1up;seq=153;start=1;sz=10;page=search;num=145\" data-seq=\"153\">Pag. 145<\/a>\u00a0<\/span><\/h3>\n<p class=\"kwic\"><span style=\"color: #000000; font-family: georgia, palatino, serif; font-size: 12pt;\">&#8230;joren\u00a0Mejerfeldt, som ock Ofverste Liljeh\u00f6k ang\u00e5ende fiendens ankomst. &#8211; Samma dag vid middagstiden ungef\u00e4r afreste Drottningen och Konungens Fru Moder till Elbingen, och s\u00e5 snart de voro borta, kom Konungen af Pohlen sjelf till Herr General Lieute- nanten, s\u00e4gandes sig vilja blifva h\u00e4r qvar, hvar&#8230;<\/span><\/p>\n<h3 class=\"results-header\"><a href=\"https:\/\/babel.hathitrust.org\/cgi\/pt?q1=meyerfeldt;id=uiug.30112098690313;view=1up;seq=154;num=146;start=1;sz=10;page=search\" data-seq=\"154\"><span style=\"font-family: georgia, palatino, serif; font-size: 12pt; color: #0000ff;\">Pag. 146<\/span><\/a><\/h3>\n<p class=\"kwic\">&#8230;<span style=\"color: #000000; font-family: georgia, palatino, serif; font-size: 12pt;\">Major <span class=\"solr_highlight_1\">Meyerfeldt<\/span>, som nu m\u00e5ste vi- ka f\u00f6r den i Stor Polen varande Sachsiska armeen, och s\u00e4kert vore f\u00f6rlorad, om icke Fienden h\u00e4r \u00e5tminstone n\u00e5gra dagar blefve uppeh\u00e5llen, s\u00e5 at han intet m\u00e5tte f\u00e5 coupera honom och s\u00f6ka att f\u00e5 honom emellan sig och ber\u00f6rde dess arm\u00e9e, kunde med hos sig hafvand\u0119 reg<\/span><\/p>\n<article class=\"result\">\n<h3 class=\"results-header\"><span style=\"font-family: georgia, palatino, serif; font-size: 12pt; color: #000000;\"><span style=\"color: #0000ff;\"><a style=\"color: #0000ff;\" href=\"https:\/\/babel.hathitrust.org\/cgi\/pt?q1=mejerfeldts;id=uiug.30112098690313;view=1up;seq=155;start=1;sz=10;page=search;num=147\" data-seq=\"155\">Pag. 147<\/a><\/span>\u00a0<\/span><\/h3>\n<p class=\"kwic\"><span style=\"font-family: georgia, palatino, serif; font-size: 12pt; color: #000000;\">&#8230;Major\u00a0Mejerfeldts\u00a0och de hos honom va- rande Kongl. Trouppers conservation, Herr General-Lieutenan- ten m\u00e5ste sacrifiera sig och denna lilla Guarnizonen, med hvil- ken ock utomdess Herr General-Lieutenanten, s\u00e5g sig till lands intet mera kunna undankomma, utan p\u00e5 den h\u00e4ndelsen blifva af Fiendens hel&#8230;<\/span><\/p>\n<\/article>\n<article class=\"result\">\n<p class=\"kwic\"><strong><span style=\"color: #0000ff;\"><a style=\"color: #0000ff;\" href=\"https:\/\/babel.hathitrust.org\/cgi\/pt?q1=mejerfeldt;id=uiug.30112098690313;view=1up;seq=160;start=1;sz=10;page=search;num=152\" data-seq=\"160\"><span style=\"font-family: georgia, palatino, serif; font-size: 12pt;\">Pag. 152<\/span><\/a><\/span><\/strong><\/p>\n<\/article>\n<\/article>\n<article class=\"result\">\n<p class=\"kwic\"><span style=\"color: #000000; font-family: georgia, palatino, serif; font-size: 12pt;\">&#8230;joren\u00a0Mejerfeldt\u00a0af intet annat inneh\u00e5ll, \u00e4n det han averterade, det han f\u00f6rnum- mit, det fienden varit g\u00e5ngen \u00f6fver Weichseln och till War\u00e7ka ankommen, hvarp\u00e5 Herr General-Lieutenanten honom dock be- svarade, ber\u00e4ttandes sitt tillst\u00e5nd, och bad honom taga sig i agt, blifvandes ocks\u00e5 Trumslagaren me&#8230;<\/span><\/p>\n<p class=\"kwic\"><strong><span style=\"font-family: georgia, palatino, serif; font-size: 12pt; color: #000000;\"><a style=\"color: #000000;\" href=\"https:\/\/babel.hathitrust.org\/cgi\/pt?q1=mejerfeldts;id=uiug.30112098690313;view=1up;seq=171;start=1;sz=10;page=search;num=163\" data-seq=\"171\"><span style=\"color: #0000ff;\">Pag. 163<\/span><\/a><span style=\"color: #0000ff;\">\u00a0<\/span><\/span><\/strong><\/p>\n<p class=\"kwic\"><span style=\"font-family: georgia, palatino, serif; font-size: 12pt; color: #000000;\">&#8230;\u00f6r af\u00a0Mejerfeldts\u00a0bref, att Hans Majest\u00e4ts verk deraf de- penderar. Vi ha \u00e4n intet f\u00e5tt n\u00e5got svar ifr\u00e5n Pomern; men likv\u00e4l m\u00e5ste man g\u00f6ra allt hvad man kan, p\u00e5 det att man med heder m\u00e5 kunna hjelpa sig utur ett s\u00e5 f\u00f6rtreteligt krig, hvarest alla oss abandonera. Kanske contributionerne \u00e4ro influtne\u00a0&#8230;<\/span><\/p>\n<\/article>\n<article class=\"result\">\n<h3 class=\"results-header\"><span style=\"color: #0000ff; font-family: georgia, palatino, serif; font-size: 12pt;\"><a style=\"color: #0000ff;\" href=\"https:\/\/babel.hathitrust.org\/cgi\/pt?q1=mejerfeldt;id=uiug.30112098690313;view=1up;seq=185;start=1;sz=10;page=search;num=177\" data-seq=\"185\">Pag. 177<\/a>\u00a0<\/span><\/h3>\n<p class=\"kwic\"><span style=\"color: #000000; font-family: georgia, palatino, serif; font-size: 12pt;\">&#8230;- det Mejerfeldt h\u00e4rom, d\u00e5 han beg\u00e4rt Hennes Kongl. H\u00f6ghets och R\u00e5dets Ordres till Kongl. Anuiralitetet i detta m\u00e5l, p\u00e5 det att creutzarna m\u00e5tte i anledning deraf instrueras, s\u00e5 att detta skepp icke m\u00e5tte uppbringas. Herr Kongl. R\u00e5det steenstierna uppl\u00e4ste Herr Kongl. R\u00e5- det Mejerfeldts bref till<\/span><span style=\"font-family: georgia, palatino, serif; font-size: 12pt; color: #000000;\">\u00a0honom, hvaruti han beg\u00e4r Hennes Kongl. H\u00f6ghets och R\u00e5dets expresse ordres till Amiralitetet om ett s\u00e5- dant skepps frihet f\u00f6r Assessor Tam. Herr Kongl. R\u00e5det Tessin: Kan G\u00f6theborg p\u00e5 n\u00e5got s\u00e4tt vara f\u00f6rsedt med hampa, s\u00e5 b\u00f6r detta alldeles intet ske. Och tror jag derjemte&#8230;<\/span><\/p>\n<\/article>\n<article class=\"result\">\n<h3 class=\"results-header\"><span style=\"color: #0000ff; font-family: georgia, palatino, serif; font-size: 12pt;\"><a style=\"color: #0000ff;\" href=\"https:\/\/babel.hathitrust.org\/cgi\/pt?q1=mejerfeldt;id=uiug.30112098690313;view=1up;seq=186;start=1;sz=10;page=search;num=178\" data-seq=\"186\">Pag. 178<\/a>\u00a0<\/span><\/h3>\n<p class=\"kwic\"><span style=\"color: #000000; font-family: georgia, palatino, serif; font-size: 12pt;\">&#8230;R\u00e5det\u00a0Mejerfeldt\u00a0p\u00e5 Amiralitetets v\u00e4gnar har reqvirerat och beg\u00e4rt; men om det \u00e4nnu kan st\u00e5 att \u00e4ndra, s\u00e5 att Tam ej n\u00e5got kommer derigenom att lida, synes det vara b\u00e4st och r\u00e5deligast, att Herr Kongl. R\u00e5det Reenstierna nu i dag med posten skrifver merbe- m\u00e4lte Tam derom till, och f\u00f6rs\u00f6ker huruvida\u00a0&#8230;<\/span><\/p>\n<p class=\"kwic\"><strong><span style=\"color: #0000ff;\"><span style=\"font-family: georgia, palatino, serif; font-size: 12pt;\"><a style=\"color: #0000ff;\" href=\"https:\/\/babel.hathitrust.org\/cgi\/pt?q1=mejerfeldt;id=uiug.30112098690313;view=1up;seq=202;start=1;sz=10;page=search;num=194\" data-seq=\"202\">Pag. 194<\/a>\u00a0<\/span><\/span><\/strong><\/p>\n<p class=\"kwic\"><span style=\"color: #000000; font-family: georgia, palatino, serif; font-size: 12pt;\">&#8230;\u00a0Gref\u00a0Mejerfeldt\u00a0inkom, och beg\u00e4rtes att Herr Kongl. R\u00e5det\u00a0Mejerfeldt\u00a0ville yttra sig h\u00e4r\u00f6fver; men som Herr Kongl. R\u00e5det hvarken vid begynnelsen eller slutet varit h\u00e4ruti, s\u00e5 h\u00f6lls ej n\u00f6digt, att Herr Kongl. R\u00e5det sig h\u00e4r\u00f6fver yttrar. &#8211; Herr Tessin: ang\u00e5ende Protten sjelf har jag det att p\u00e5min- na,&#8230;<\/span><\/p>\n<\/article>\n<article class=\"result\">\n<h3 class=\"results-header\"><span style=\"color: #000000; font-family: georgia, palatino, serif; font-size: 12pt;\"><span style=\"color: #0000ff;\"><a style=\"color: #0000ff;\" href=\"https:\/\/babel.hathitrust.org\/cgi\/pt?q1=mejerfeldt;id=uiug.30112098690313;view=1up;seq=203;start=1;sz=10;page=search;num=195\" data-seq=\"203\">Pag. 195<\/a><\/span>\u00a0<\/span><\/h3>\n<p class=\"kwic\"><span style=\"color: #000000; font-family: georgia, palatino, serif; font-size: 12pt;\">&#8230;\u00a0Gref\u00a0Mejerfeldt\u00a0hemst\u00e4lte, om metallstycken skulle myntas, och p\u00e5 Herr Gref Reenstiernas f\u00f6rest\u00e4llande, att han f\u00f6r sin del ej kan samtycka dertill, fr\u00e5gade om riket d\u00e5 skall g\u00e5 bort? blef af Herr Gref Reenstierna dertill svaradt: att han d\u00e5 ville be Konungen om f\u00f6rl\u00e5telse efter en \u00e4ldre af R\u00e5det s&#8230;<\/span><\/p>\n<\/article>\n<article class=\"result\">\n<h3 class=\"results-header\"><span style=\"color: #0000ff; font-family: georgia, palatino, serif; font-size: 12pt;\"><a style=\"color: #0000ff;\" href=\"https:\/\/babel.hathitrust.org\/cgi\/pt?q1=mejerfeldt;id=uiug.30112098690313;view=1up;seq=205;start=1;sz=10;page=search;num=197\" data-seq=\"205\">Pag. 197<\/a>\u00a0<\/span><\/h3>\n<p class=\"kwic\"><span style=\"color: #000000; font-family: georgia, palatino, serif; font-size: 12pt;\">&#8230;\u00a0Gref\u00a0Mejerfeldt\u00a0h\u00f6ll \u00e4fven f\u00f6r or\u00e5deligt att l\u00e5ta det- ta skeppet confisqueras, efter som Hans Majest\u00e4t heldre l\u00e4rer se det l\u00f6sgifvas, \u00e4n att det skulle underst\u00e4llas den vanliga processen. Herr Gref Stromberg och Herr Gref Spens voro ocks\u00e5 af samma tankar, att skeppet icke b\u00f6r confisqueras. Herr Gr&#8230;<\/span><\/p>\n<\/article>\n","protected":false},"excerpt":{"rendered":"<p>Johan Gustaf Horn, \u201cArvid Bernhard Horn. Hans levnad\u201d, Stockholm 1852. Pag. 26 &#8230;ralen Meijerfeldt ankom och gjorde en fullst\u00e4ndig ber\u00e4ttelse om hela f\u00f6rloppet samt Konungens tillst\u00e5nd, hvilken bekr\u00e4ftades af tvenne medf\u00f6rde Konun- gens egenh\u00e4ndige bref, det ena till Enkedrottningen och det andra till Prinsessan ULRIKA ELEONORA 2). Det var s\u00e5ledes satt utom allt tvifvelsm\u00e5l, att&#8230; &hellip; <a href=\"https:\/\/meijenfeldt.nl\/?page_id=23462\" class=\"more-link\">Verder lezen <span class=\"screen-reader-text\">Horn<\/span><\/a><\/p>\n","protected":false},"author":1,"featured_media":0,"parent":0,"menu_order":0,"comment_status":"closed","ping_status":"closed","template":"","meta":{"footnotes":""},"class_list":["post-23462","page","type-page","status-publish","hentry"],"_links":{"self":[{"href":"https:\/\/meijenfeldt.nl\/index.php?rest_route=\/wp\/v2\/pages\/23462","targetHints":{"allow":["GET"]}}],"collection":[{"href":"https:\/\/meijenfeldt.nl\/index.php?rest_route=\/wp\/v2\/pages"}],"about":[{"href":"https:\/\/meijenfeldt.nl\/index.php?rest_route=\/wp\/v2\/types\/page"}],"author":[{"embeddable":true,"href":"https:\/\/meijenfeldt.nl\/index.php?rest_route=\/wp\/v2\/users\/1"}],"replies":[{"embeddable":true,"href":"https:\/\/meijenfeldt.nl\/index.php?rest_route=%2Fwp%2Fv2%2Fcomments&post=23462"}],"version-history":[{"count":15,"href":"https:\/\/meijenfeldt.nl\/index.php?rest_route=\/wp\/v2\/pages\/23462\/revisions"}],"predecessor-version":[{"id":23488,"href":"https:\/\/meijenfeldt.nl\/index.php?rest_route=\/wp\/v2\/pages\/23462\/revisions\/23488"}],"wp:attachment":[{"href":"https:\/\/meijenfeldt.nl\/index.php?rest_route=%2Fwp%2Fv2%2Fmedia&parent=23462"}],"curies":[{"name":"wp","href":"https:\/\/api.w.org\/{rel}","templated":true}]}}