{"id":2175,"date":"2017-01-21T19:13:47","date_gmt":"2017-01-21T19:13:47","guid":{"rendered":"http:\/\/celinevonmeijenfeldt.nl\/?page_id=2175"},"modified":"2024-07-10T06:58:32","modified_gmt":"2024-07-10T06:58:32","slug":"3-1-1-oorsprong","status":"publish","type":"page","link":"https:\/\/meijenfeldt.nl\/?page_id=2175","title":{"rendered":"4.1.1. Zwarte ram"},"content":{"rendered":"<p style=\"text-align: center;\"><img loading=\"lazy\" decoding=\"async\" class=\"alignnone wp-image-64767 aligncenter\" src=\"https:\/\/meijenfeldt.nl\/wp-content\/uploads\/2024\/06\/Baden-300x131.png\" alt=\"\" width=\"607\" height=\"265\" srcset=\"https:\/\/meijenfeldt.nl\/wp-content\/uploads\/2024\/06\/Baden-300x131.png 300w, https:\/\/meijenfeldt.nl\/wp-content\/uploads\/2024\/06\/Baden-1024x447.png 1024w, https:\/\/meijenfeldt.nl\/wp-content\/uploads\/2024\/06\/Baden-768x335.png 768w, https:\/\/meijenfeldt.nl\/wp-content\/uploads\/2024\/06\/Baden-1536x670.png 1536w, https:\/\/meijenfeldt.nl\/wp-content\/uploads\/2024\/06\/Baden.png 1895w\" sizes=\"auto, (max-width: 607px) 100vw, 607px\" \/><span style=\"color: #000000;\"><em><span style=\"font-family: georgia, palatino, serif; font-size: 10pt;\">Bazel\u00a0 \u00a0 \u00a0 \u00a0 \u00a0 \u00a0 \u00a0 \u00a0 \u00a0 \u00a0 \u00a0 \u00a0 \u00a0 \u00a0 \u00a0 \u00a0 \u00a0 \u00a0 \u00a0 \u00a0 \u00a0 \u00a0 \u00a0 \u00a0 \u00a0 \u00a0 \u00a0 \u00a0 \u00a0 \u00a0 \u00a0 \u00a0 \u00a0 \u00a0 Schaffhausen\u00a0 \u00a0Stein\u00a0 \u00a0Konstanz<\/span><\/em><\/span><\/p>\n<p style=\"text-align: justify;\">In de vrije rijksstad <span style=\"color: #000000;\">Konstanz aan <\/span><span style=\"color: #000000;\">het Bo\u00adden\u00admeer, waar de Rijn een knik maakt naar het westen langs de Zwitsers-Duitse grens, leeft een familie Meijer (met vele spellingsvarianten). Hoewel een afkomst uit Augsburg of Salzburg niet is uit te sluiten, komen v<\/span><span style=\"color: #000000;\">anaf 1275 al burgers met de naam Meier voor. <\/span><\/p>\n<p style=\"text-align: justify;\"><span style=\"color: #000000;\">De eerste in een reeks vader op zoon is Ruprecht Meijer genaamd Bechtle. Hij is slager en lid van de gilde Rosgarten in Konstanz. Hij neemt succesvol deel aan het afslaan van een aanval door Spaanse troepen onder kolonel Alfonso Vivez in opdracht van keizer Karel V, die de stad in 1548 in de ban had gedaan omdat zij zich twintig jaar eerder bij de reformatie had aangesloten. Bange stadgenoten laten de vijand toch binnen en de stad vervalt aan Ferdinand I, broer van de keizer en aartshertog van Oostenrijk-Tirol. <\/span><\/p>\n<p style=\"text-align: justify;\"><span style=\"color: #000000;\">Ruperts zoon <\/span><span style=\"color: #000000;\">Georg, geboren in <\/span><span style=\"color: #000000; text-align: justify;\">1510 of 1520, is ook <\/span><span style=\"color: #000000;\">slager, lid van de\u00a0 gilde Rosgarten en <\/span><span style=\"color: #000000;\">burger van Konstanz. Hij treedt onder de aartshertog toe tot het stadsbestuur, in 1550 tot de Grote Raad en in 1556 tot de Kleine Raad. <\/span><span style=\"color: #0000ff;\"><a style=\"color: #0000ff;\" href=\"#voetnoot\">(1)<\/a><\/span><\/p>\n<p style=\"text-align: center;\"><span style=\"color: #000000;\"><em><span style=\"font-size: 10pt;\"><img loading=\"lazy\" decoding=\"async\" class=\" wp-image-2157 aligncenter\" src=\"https:\/\/meijenfeldt.nl\/wp-content\/uploads\/2017\/01\/Erzherzog_Ferdinand_von_\u00d6sterreich_besucht_Konstanz_1573-300x166.jpg\" alt=\"\" width=\"527\" height=\"292\" srcset=\"https:\/\/meijenfeldt.nl\/wp-content\/uploads\/2017\/01\/Erzherzog_Ferdinand_von_\u00d6sterreich_besucht_Konstanz_1573-300x166.jpg 300w, https:\/\/meijenfeldt.nl\/wp-content\/uploads\/2017\/01\/Erzherzog_Ferdinand_von_\u00d6sterreich_besucht_Konstanz_1573-768x425.jpg 768w, https:\/\/meijenfeldt.nl\/wp-content\/uploads\/2017\/01\/Erzherzog_Ferdinand_von_\u00d6sterreich_besucht_Konstanz_1573-1024x567.jpg 1024w\" sizes=\"auto, (max-width: 527px) 100vw, 527px\" \/>Aartshertog Ferdinand II van Oostenrijk-Tirol bezoekt Konstanz in 1573<\/span><\/em><\/span><br \/>\n<span style=\"color: #000000;\"> <em> <span style=\"font-size: 10pt;\">\u00a0Landesarchiv Baden-W\u00fcrttemberg GLAK J-D, Nr. K 14<\/span><\/em><\/span><\/p>\n<p style=\"text-align: justify;\"><span style=\"color: #000000;\">De nieuwe aartshertog Ferdinand II bezoekt de stad in 1573. Georg Meijer verzorgt een gastvrije ontvangt en krijgt een gunst terug: hij krijgt een op 30 decem\u00adber 1577 in Innsbruck getekende <\/span><span style=\"color: #0000ff;\"><span style=\"color: #000000;\">adelsbrief\u00a0<\/span><\/span><span style=\"color: #000000;\">met leenartikel. In het wapenschild staat de ram van zijn gilde.<\/span>\u00a0<a href=\"#voetnoot\"><span style=\"color: #0000ff;\">(2)<\/span><\/a><\/p>\n<p style=\"text-align: center;\"><img loading=\"lazy\" decoding=\"async\" class=\"alignnone wp-image-64781\" src=\"https:\/\/meijenfeldt.nl\/wp-content\/uploads\/2024\/06\/1577-Meyer-208x300.png\" alt=\"\" width=\"251\" height=\"362\" srcset=\"https:\/\/meijenfeldt.nl\/wp-content\/uploads\/2024\/06\/1577-Meyer-208x300.png 208w, https:\/\/meijenfeldt.nl\/wp-content\/uploads\/2024\/06\/1577-Meyer.png 330w\" sizes=\"auto, (max-width: 251px) 100vw, 251px\" \/><\/p>\n<p style=\"text-align: center;\"><em><span style=\"font-family: georgia, palatino, serif; font-size: 10pt; color: #000000;\">Wapenschild Meijer, Innsbruck 30-12-1577<br \/>\n<\/span><\/em><span style=\"font-family: georgia, palatino, serif; font-size: 10pt; color: #000000;\">Op zilveren veld een steigerende zwarte ram met gouden hoorns en rode tong,<\/span><span style=\"font-family: georgia, palatino, serif; font-size: 10pt; color: #000000;\"><br \/>\ngesloten helm, wrong en dekkleed b<\/span><span style=\"font-family: georgia, palatino, serif; font-size: 10pt; color: #000000;\">lauw-zilver, de <\/span><span style=\"font-family: georgia, palatino, serif; font-size: 10pt; color: #000000;\">ram<\/span><span style=\"font-family: georgia, palatino, serif; font-size: 10pt; color: #000000;\"> boven klimmend<\/span><\/p>\n<p style=\"text-align: justify;\"><span style=\"color: #000000;\">Nadat Georg Meijer in 1580 is overleden vertrekken zijn vier zoons net als veel notabelen <\/span><span style=\"color: #000000;\">over de grens van het bisdom Konstanz<\/span><span style=\"color: #000000;\">. Reden is <\/span><span style=\"color: #000000;\">de geloofsonvrijheid waardoor de stad <\/span><span style=\"color: #000000;\">tot <\/span><span style=\"color: #000000;\">een provinciestad met teruglopende economie vervalt. <\/span><span style=\"color: #000000;\">De eerste drie zoons worden burger van <\/span><span style=\"color: #000000;\">Stein am Rhein, een stad 30 km stroomafwaarts in het Lutherse St. Gallen. <\/span><span style=\"color: #000000;\">De oudste Caspar trouwt in de belangrijke familie Blarer. Daardoor verkrijgt hij samen met zijn broers Hans en Ruprecht de eigendom van Alt en Mittel Girsberg en verkoopt deze door. Vierde zoon Melchior is in 1586 nog wild\u00adsla\u00adger en burger van Kon\u00adstanz, maar koopt uiterlijk 1597 aan de overkant van het Bodenmeer <\/span><span style=\"color: #000000;\">het\u00a0<\/span><span style=\"color: #000000;\">erfleen H\u00f6rnli in<\/span><span style=\"color: #000000;\"> het protestantse Kreuzlingen <\/span><span style=\"color: #000000;\">om daar linnenhandel te bedrijven. Hij is weldoener van de evangelische kerk van Kurzrickenbach, getuige zijn naam boven de ingang, op de klokken en een kelk. Ten gevolge van een jarenlang proces met de pastor trekt ook hij in 1604 naar <\/span><span style=\"color: #000000;\">Stein, koopt daar <\/span><span style=\"color: #000000;\">het herengoed<\/span><span style=\"color: #000000;\"> Fortenbach en <\/span><span style=\"color: #000000;\">zet de linnenhandel voort. Bij <\/span><span style=\"color: #000000;\">zijn vrouw Ursula Schu\u00adma\u00adcher<\/span><span style=\"color: #000000;\"> en tweede vrouw Eva Pfau krijgt hij tien kinderen. Hij is weduwnaar als hij o<\/span><span style=\"color: #000000;\">p 71-jarige leeftijd voor de derde keer trouwt met de weduwe Elisa\u00adbeth Zolli\u00adkofer uit de hoge Zwitserse adel. Hij <\/span><span style=\"color: #000000;\">wordt regelmatig Meijer von Meijerburg genoemd. <\/span><span style=\"color: #000000;\">Enkele jaren later overlijdt hij.<\/span><\/p>\n<table style=\"border-collapse: collapse; width: 100%; height: 540px;\">\n<tbody>\n<tr style=\"height: 295px;\">\n<td style=\"width: 50%; height: 295px;\">\n<p><figure id=\"attachment_2211\" aria-describedby=\"caption-attachment-2211\" style=\"width: 211px\" class=\"wp-caption aligncenter\"><img loading=\"lazy\" decoding=\"async\" class=\"size-full wp-image-2211\" src=\"https:\/\/meijenfeldt.nl\/wp-content\/uploads\/2017\/01\/image001-1.jpg\" alt=\"\" width=\"211\" height=\"259\" \/><figcaption id=\"caption-attachment-2211\" class=\"wp-caption-text\"><span style=\"color: #000000;\"><em><span style=\"font-family: georgia, palatino, serif; font-size: 10pt;\">Melchior Meijer<\/span><\/em><\/span><\/figcaption><\/figure><\/td>\n<td style=\"width: 50%; height: 295px;\">\n<p><figure id=\"attachment_2212\" aria-describedby=\"caption-attachment-2212\" style=\"width: 177px\" class=\"wp-caption aligncenter\"><img loading=\"lazy\" decoding=\"async\" class=\"size-full wp-image-2212\" src=\"https:\/\/meijenfeldt.nl\/wp-content\/uploads\/2017\/01\/image002.jpg\" alt=\"\" width=\"177\" height=\"259\" \/><figcaption id=\"caption-attachment-2212\" class=\"wp-caption-text\"><span style=\"font-size: 10pt; font-family: georgia, palatino, serif; color: #000000;\"><em> \u221e1 Ursula Schumacher<\/em><\/span><\/figcaption><\/figure><\/td>\n<\/tr>\n<tr style=\"height: 245px;\">\n<td style=\"width: 50%; height: 245px;\">\n<div class=\"mceTemp\"><\/div>\n<p style=\"text-align: center;\"><img loading=\"lazy\" decoding=\"async\" class=\"wp-image-2209 aligncenter\" src=\"https:\/\/meijenfeldt.nl\/wp-content\/uploads\/2017\/01\/image003-300x186.jpg\" sizes=\"auto, (max-width: 300px) 100vw, 300px\" srcset=\"https:\/\/meijenfeldt.nl\/wp-content\/uploads\/2017\/01\/image003-300x186.jpg 300w, https:\/\/meijenfeldt.nl\/wp-content\/uploads\/2017\/01\/image003.jpg 332w\" alt=\"H\u00f6rnli bij Kreuzlingen\" width=\"277\" height=\"172\" \/><em><span style=\"font-size: 10pt;\">H\u00f6rnli bij Kreuzlingen<\/span><\/em><\/p>\n<\/td>\n<td style=\"width: 50%; height: 245px;\">\n<div class=\"mceTemp\"><\/div>\n<p style=\"text-align: center;\"><img loading=\"lazy\" decoding=\"async\" class=\"wp-image-2210 aligncenter\" src=\"https:\/\/meijenfeldt.nl\/wp-content\/uploads\/2017\/01\/image004-1.jpg\" alt=\"Fortenbach bij Stein am Rhein\" width=\"241\" height=\"171\" \/><em><span style=\"color: #000000; font-size: 10pt;\">Fortenbach bij Stein am Rhein<\/span><\/em><\/p>\n<\/td>\n<\/tr>\n<\/tbody>\n<\/table>\n<p style=\"text-align: justify;\"><span style=\"color: #000000;\">De tien kinderen en <\/span><span style=\"color: #000000;\">hun echtgenoten\u00a0<\/span><span style=\"color: #000000;\">procederen 14 jaar lang o<\/span><span style=\"color: #000000;\">ver Melchiors grote erfenis, mede omdat de Dertigjarige Oorlog hun vermogen aantast. Zoon Melchior jr is bakker en verhuist in 1621 naar Arbon vanwege de inbezitneming van drie leengoederen. Arbon ligt <\/span><span style=\"color: #000000;\">bij Kreuzlingen en <\/span><span style=\"color: #000000;\">behoort tot het bisdom Konstanz, maar heeft zich aangesloten bij de protestantse Eidgenossenschaft. Hij overlijdt in 1633 en laat onvolwassen kinderen achter. Oudste zoon Melchior Meijer III is de belangrijkste erfgenaam, wordt burger van Arbon en zet daar een familie Mayer op. Broer Hans Georg (J\u00f6rg) Meijer wordt kunstschilder en trekt stroomafwaarts naar Bazel.<\/span><\/p>\n<table style=\"width: 90.4988%; height: 664px;\">\n<tbody>\n<tr>\n<td>\n<p><figure id=\"attachment_6776\" aria-describedby=\"caption-attachment-6776\" style=\"width: 300px\" class=\"wp-caption aligncenter\"><img loading=\"lazy\" decoding=\"async\" class=\"size-medium wp-image-6776\" src=\"https:\/\/meijenfeldt.nl\/wp-content\/uploads\/2017\/10\/Schilderij-Hans-Georg-Meyer-300x205.jpg\" alt=\"Hans Georg Meyer, &quot;Stilleven met fruit, stenen kan, glazen en halve kaas. Inscriptie op achterzijde 'Haarlem fecit 1621'&quot;, olie op canvas, 88 x 128 cm, ingelijst, geschilderd in Bazel tussen 1656 en 1687, waarde 20.000 tot 30.000 euro.\" width=\"300\" height=\"205\" srcset=\"https:\/\/meijenfeldt.nl\/wp-content\/uploads\/2017\/10\/Schilderij-Hans-Georg-Meyer-300x205.jpg 300w, https:\/\/meijenfeldt.nl\/wp-content\/uploads\/2017\/10\/Schilderij-Hans-Georg-Meyer.jpg 400w\" sizes=\"auto, (max-width: 300px) 100vw, 300px\" \/><figcaption id=\"caption-attachment-6776\" class=\"wp-caption-text\"><span style=\"font-family: georgia,palatino,serif;\"><em><span style=\"color: #000000; font-size: 10pt;\">Hans Georg Meijer, &#8220;Stilleven met fruit, stenen kan, glazen en halve kaas\u201d, inscriptie op achterzijde &#8216;Haarlem fecit 1621&#8217;, olie op canvas, 88 x 128 cm, ingelijst, geschilderd in Bazel tussen 1656 en 1667, waarde 20.000 tot 30.000 euro.<\/span><\/em><\/span><\/figcaption><\/figure><\/td>\n<td>\n<p><figure id=\"attachment_6779\" aria-describedby=\"caption-attachment-6779\" style=\"width: 300px\" class=\"wp-caption aligncenter\"><img loading=\"lazy\" decoding=\"async\" class=\"size-medium wp-image-6779\" src=\"https:\/\/meijenfeldt.nl\/wp-content\/uploads\/2017\/10\/Schilderij-Hans-Georg-Meyer-2-300x213.jpg\" alt=\"Hans Georg Meyer, &quot;Vis op een plank, koperen potten, citroenen,, sleutel, doos met specerijen en andere objecten op een tafel&quot;, 1667, 56.5 x 75.7 cm.\" width=\"300\" height=\"213\" srcset=\"https:\/\/meijenfeldt.nl\/wp-content\/uploads\/2017\/10\/Schilderij-Hans-Georg-Meyer-2-300x213.jpg 300w, https:\/\/meijenfeldt.nl\/wp-content\/uploads\/2017\/10\/Schilderij-Hans-Georg-Meyer-2.jpg 512w\" sizes=\"auto, (max-width: 300px) 100vw, 300px\" \/><figcaption id=\"caption-attachment-6779\" class=\"wp-caption-text\"><span style=\"font-family: georgia,palatino,serif;\"><em><span style=\"color: #000000; font-size: 10pt;\">Hans Georg Meijer, &#8220;Vis op een plank, koperen potten, citroenen,, sleutel, doos met specerijen en andere objecten op een tafelblad&#8221;, 56.5 x 75.7 cm, geschilderd in 1667.<\/span><\/em><\/span><\/figcaption><\/figure><\/td>\n<\/tr>\n<tr>\n<td colspan=\"2\">\n<p><figure id=\"attachment_6780\" aria-describedby=\"caption-attachment-6780\" style=\"width: 300px\" class=\"wp-caption aligncenter\"><img loading=\"lazy\" decoding=\"async\" class=\"size-medium wp-image-6780\" src=\"https:\/\/meijenfeldt.nl\/wp-content\/uploads\/2017\/10\/Schilderij-Hans-Georg-Meyer-3-300x213.jpg\" alt=\"Hans Georg Meyer, &quot;Kaas op zilveren drager, appels, worsten, slakken in een mand, koperen pot, een glas-zilveren karaf en aardenwerken kan op een tafelblad, 1656, 53.9 x 70.7 cm. \" width=\"300\" height=\"213\" srcset=\"https:\/\/meijenfeldt.nl\/wp-content\/uploads\/2017\/10\/Schilderij-Hans-Georg-Meyer-3-300x213.jpg 300w, https:\/\/meijenfeldt.nl\/wp-content\/uploads\/2017\/10\/Schilderij-Hans-Georg-Meyer-3.jpg 512w\" sizes=\"auto, (max-width: 300px) 100vw, 300px\" \/><figcaption id=\"caption-attachment-6780\" class=\"wp-caption-text\"><em><span style=\"color: #000000; font-family: georgia,palatino,serif; font-size: 10pt;\">Hans Georg Meijer, &#8220;Kaas op zilveren drager, appels, worsten, slakken in een mand, koperen pot, een glas-zilveren karaf en aardenwerken kan op een tafelblad&#8221;53.9 x 70.7 cm, geschilderd in 1656.<\/span><\/em><\/figcaption><\/figure><\/td>\n<\/tr>\n<\/tbody>\n<\/table>\n<p style=\"text-align: justify;\"><span style=\"color: #000000;\">Ook J\u00f6rgs zoon Hans Caspar is \u00adschil\u00adder, vooral van portretten, en lid van de Grote Raad van Bazel. Hij wordt niet erg bekend omdat zijn techniek nogal werktuiglijk is. Hij heeft wel enkele bekende leerlingen en blaast het oude kunstenaarsgilde &#8220;zum Himmel&#8221; in 1674 nieuw\u00a0 leven in en voegt er in 1684 een zesde kamer voor kopergraveurs aan toe. Hij trouwt met Ursula Wer\u00adden\u00admann, dochter van een taartenbakker in Bazel en zelf schrijfster van een boek over bouwwerken. T<\/span><span style=\"color: #000000;\">ijdgenoten treuren om zijn vroege dood in <\/span><span style=\"color: #000000;\">1685. Op 37-jarige leeftijd laat hij vijf kinderen achter, vari\u00ebrend van elf tot slechts \u00e9\u00e9n jaar oud.<\/span><\/p>\n<p style=\"text-align: justify;\"><span style=\"color: #000000;\">Oudste zoon Hans Georg Meijer <\/span><span style=\"color: #000000;\">studeert vanaf 1692 theologie aan de Universiteit van Bazel, is in 1694 Magister en in 1699 gepromoveerd. Dan kiest hij een andere loopbaan, namelijk\u00a0<\/span><span style=\"color: #000000;\">hofmeester <\/span><span style=\"color: #000000;\">van de jonge broers baron Johann Caspar II en Wilhelm Ludwig von D\u00f6rnberg in Hessen, die in 1703 in Marburg studeren. Zij trekken verder naar de universiteiten van <\/span><span style=\"color: #000000;\">Halle bij Leipzig in 1704 en niet toevallig naar Bazel<\/span><span style=\"color: #000000;\">\u00a0i<\/span><span style=\"color: #000000;\">n 1706. Daarna wordt hij <\/span><span style=\"color: #000000;\">huisleraar bij Albrecht Wolfgang, <\/span><span style=\"color: #000000;\">de toekomstige graaf<\/span><span style=\"color: #000000;\">\u00a0<\/span><span style=\"color: #000000;\">zu Schaumburg-Lippe<\/span><span style=\"color: #000000;\">. Op 16 april 1712 trouwt hij in Kassel met de daar geboren Helena Sophia Berisch. Dat jaar wordt hij tot zijn dood ambtsman in het Hessische Breitenbach bij de moeder van zijn pupil Hedwig Sophie v<\/span><span style=\"color: #000000;\">on D\u00f6rnberg in het slot Herzberg. D<\/span><span style=\"color: #000000;\">ankzij de alomvattende Vrede van Utrecht<\/span><span style=\"color: #000000;\"> h<\/span><span style=\"color: #000000;\">et jaar daarop komt het landgraafschap Hessen-Kassel tot verdere bloei. Meijer heeft zitting in de Raad. In 1717 worden hijzelf, zijn vrouw en zijn inmiddels vijf kinderen burger van Bazel.<\/span><\/p>\n<p style=\"text-align: justify;\"><span style=\"color: #000000;\">Ursula Wer\u00adden\u00admann volgt haar zoon Hans Georg en overlijdt in Breitenbach in 1728. Ook haar andere zoons en dochter reizen naar Hessen. <\/span><span style=\"color: #000000;\">Johann Caspar gaat als streng Zwitsers dominee preken voor barones von D\u00f6rnberg, is veldprediker bij de Hessische troepen in Noord-Itali\u00eb en de Provence en leeft in Sachsenhausen bij Treysa en Wasenberg, waar hij overlijdt. <\/span><span style=\"color: #000000;\">E\u00e9n van de in Bazel gebleven nakomelingen Johann Rudolf Meijer wordt rond 1740 <\/span><span style=\"color: #000000;\">zijdekoopman in <\/span><span style=\"color: #000000;\">Amsterdam, waar hij trouwt\u00a0 en twee dochters krijgt. Hij overlijdt in Baarn.<\/span><\/p>\n<p style=\"text-align: justify;\"><span style=\"color: #000000;\">Hans Georg Meijer en Helena Sophia Berisch krijgen in Breitenbach\u00a0<\/span><span style=\"color: #000000;\">am Herzberg <\/span><span style=\"color: #000000;\">totaal elf kinderen. Hun eerste dochter wordt vernoemd naar zijn werkgeefster de barones. Zij is peetmoeder bij de doop van de eerste zoon, die vernoemd wordt naar de jonge baron Johann Caspar bij wie hij hofmeester is geweest. <\/span><span style=\"color: #000000;\">Een andere zoon Alexander uit 1715 krijgt <\/span><span style=\"color: #000000;\">een dochter die naar Zuid-Afrika emigreert en een schoonzoon baron von Buchenr\u00f6der die na de scheiding terugkeert naar Europa en kolonel in Nederlandse dienst wordt. <\/span><span style=\"color: #0000ff;\"><span style=\"color: #000000;\">De andere jonge baron Wilhelm Ludwig is <\/span><span style=\"color: #000000;\">op 5 augustus 1723<\/span><span style=\"color: #000000;\"> peetvader bij de doop van het negende kind dat zijn namen ook krijgt. Over hem gaat het verhaal verder. <\/span><\/span><a style=\"color: #0000ff;\" href=\"#voetnoot\">(3)<\/a><span style=\"color: #0000ff;\">\u00a0<\/span><\/p>\n<p style=\"text-align: center;\"><span style=\"font-size: 10pt; color: #000000;\"><span style=\"color: #0000ff;\"><a id=\"voetnoot\"><\/a><a style=\"color: #0000ff;\" href=\"https:\/\/meijenfeldt.nl\/?page_id=2133\">Terug<\/a>\u00a0<\/span> \u00a0***\u00a0 \u00a0<span style=\"color: #0000ff;\"><a style=\"color: #0000ff;\" href=\"https:\/\/meijenfeldt.nl\/?page_id=2178\">Verder<\/a><\/span><\/span><\/p>\n<p style=\"text-align: justify;\"><span style=\"font-family: georgia, palatino, serif; font-size: 10pt;\"><span style=\"color: #000000;\">1. G.A. von Tammann, \u201cAus der Handels- und Familiengeschichte der Familie Meyer\/Mayr in Arbon\u201d, Der Schweizer Familienforscher, Mitteilungen der Schweizerischen Gesellschaft f\u00fcr Familienforschungen 1964-1\/3,\u00a0<span style=\"color: #0000ff;\"><a style=\"color: #0000ff;\" href=\"https:\/\/meijenfeldt.nl\/wp-content\/uploads\/2024\/06\/Tammann-SFf.pdf\">pag. 1-27<\/a><\/span>. Idem, \u201cDer Basler Stamm der Meyer mit dem Widder und die v. Meyerfeld\u201d, in: Archiv f\u00fcr Sippenforschung 1964, pag. 299-305 en 1965, pag. 217-221, Portr.<\/span><span style=\"color: #000000;\"><br \/>\n<\/span><span style=\"color: #000000;\">2. O.T. von Hefner, \u201cDer Adel des Kurfurstenthums, Grossherzogthums und der Landgraf\u00adschaft Hessen\u201d, afdeling 4 van &#8220;Bl\u00fchender Adel deutscher Landschaften unter preu\u00dfischer Vorherrschaft&#8221;, deel 3 van J. Siebmacher\u2019s grosses und algemeines Wappenbuch, N\u00fcrnberg 1859, <span style=\"color: #0000ff;\"><a style=\"color: #0000ff;\" href=\"https:\/\/play.google.com\/books\/reader?id=eIS-anjXsMcC&amp;pg=GBS.PA18&amp;hl=nl\">pag. 19<\/a> <\/span>en <span style=\"color: #0000ff;\"><a style=\"color: #0000ff;\" href=\"https:\/\/play.google.com\/books\/reader?id=eIS-anjXsMcC&amp;pg=GBS.PT43&amp;hl=nl\">taf. 21<\/a><\/span>. Tiroler Wappenb\u00fccher 1564-1665, deel IV, Folium 168, Regest 368. J. <\/span><span style=\"color: #000000;\">Kindler von Knobloch, O. von Stotsingen, \u201cOberbadisches Geschlechterbuch\u201d, Badischen Historischen Kommission, Heilderberg 1919, <span style=\"color: #0000ff;\"><a style=\"color: #0000ff;\" href=\"https:\/\/digi.ub.uni-heidelberg.de\/diglit\/kindlervonknobloch1919bd3\/0081\/image\">deel 3, pag. 77<\/a>. <\/span><\/span><\/span><span style=\"color: #000000; font-size: 10pt;\"><span style=\"font-family: georgia, palatino, serif;\">G.A. Tammann, \u201cMeyerfeld (des Stammes Meyer) Erloschen\u201d, in: von H\u00fcck, Genealogisch Handbuch der Adeligen H\u00e4user, deel B 7, in: Genealogisches Handbuch des Adels, deel 36, Limburg an der Lahn 1965, <a href=\"https:\/\/meijenfeldt.nl\/wp-content\/uploads\/2022\/09\/Tammann.pdf\"><span style=\"color: #0000ff;\">pag. 285-290, Portr<\/span>.<\/a><br \/>\n<\/span>3. <span style=\"color: #000000; font-size: 10pt; font-family: georgia, palatino, serif;\">J.B. Knobel, &#8220;The <span style=\"color: #0000ff;\"><a style=\"color: #0000ff;\" href=\"https:\/\/play.google.com\/books\/reader?id=P_BvAwAAQBAJ&amp;pg=GBS.PP1\">Knobel family<\/a><\/span> and relationships as far as know to me in 1894&#8243;, Pretoria 2014.<\/span><\/span><\/p>\n","protected":false},"excerpt":{"rendered":"<p>Bazel\u00a0 \u00a0 \u00a0 \u00a0 \u00a0 \u00a0 \u00a0 \u00a0 \u00a0 \u00a0 \u00a0 \u00a0 \u00a0 \u00a0 \u00a0 \u00a0 \u00a0 \u00a0 \u00a0 \u00a0 \u00a0 \u00a0 \u00a0 \u00a0 \u00a0 \u00a0 \u00a0 \u00a0 \u00a0 \u00a0 \u00a0 \u00a0 \u00a0 \u00a0 Schaffhausen\u00a0 \u00a0Stein\u00a0 \u00a0Konstanz In de vrije rijksstad Konstanz aan het Bo\u00adden\u00admeer, waar de Rijn een knik maakt naar het westen langs &hellip; <a href=\"https:\/\/meijenfeldt.nl\/?page_id=2175\" class=\"more-link\">Verder lezen <span class=\"screen-reader-text\">4.1.1. Zwarte ram<\/span><\/a><\/p>\n","protected":false},"author":1,"featured_media":0,"parent":0,"menu_order":0,"comment_status":"closed","ping_status":"closed","template":"","meta":{"footnotes":""},"class_list":["post-2175","page","type-page","status-publish","hentry"],"_links":{"self":[{"href":"https:\/\/meijenfeldt.nl\/index.php?rest_route=\/wp\/v2\/pages\/2175","targetHints":{"allow":["GET"]}}],"collection":[{"href":"https:\/\/meijenfeldt.nl\/index.php?rest_route=\/wp\/v2\/pages"}],"about":[{"href":"https:\/\/meijenfeldt.nl\/index.php?rest_route=\/wp\/v2\/types\/page"}],"author":[{"embeddable":true,"href":"https:\/\/meijenfeldt.nl\/index.php?rest_route=\/wp\/v2\/users\/1"}],"replies":[{"embeddable":true,"href":"https:\/\/meijenfeldt.nl\/index.php?rest_route=%2Fwp%2Fv2%2Fcomments&post=2175"}],"version-history":[{"count":82,"href":"https:\/\/meijenfeldt.nl\/index.php?rest_route=\/wp\/v2\/pages\/2175\/revisions"}],"predecessor-version":[{"id":65146,"href":"https:\/\/meijenfeldt.nl\/index.php?rest_route=\/wp\/v2\/pages\/2175\/revisions\/65146"}],"wp:attachment":[{"href":"https:\/\/meijenfeldt.nl\/index.php?rest_route=%2Fwp%2Fv2%2Fmedia&parent=2175"}],"curies":[{"name":"wp","href":"https:\/\/api.w.org\/{rel}","templated":true}]}}