{"id":21148,"date":"2019-11-15T12:55:39","date_gmt":"2019-11-15T12:55:39","guid":{"rendered":"http:\/\/meijenfeldt.nl\/?page_id=21148"},"modified":"2025-06-11T13:27:01","modified_gmt":"2025-06-11T13:27:01","slug":"schirren","status":"publish","type":"page","link":"https:\/\/meijenfeldt.nl\/?page_id=21148","title":{"rendered":"Schirren"},"content":{"rendered":"<p style=\"text-align: justify;\"><strong><span style=\"color: #000000; font-size: 14pt;\">C.\u00a0Schirren, \u201cDie recesse der livl\u00e4ndische Landtage \u00e4us den Jahre 1681 bis 1711. Theils im Wortlaute, theils im Ausz\u00fcge\u201d, Dorpat 1865.<\/span><\/strong><\/p>\n<p style=\"text-align: justify;\"><strong><span style=\"color: #000000;\">Recess des Landtages zu Riga Januar bis Juli 1710.<\/span><\/strong><\/p>\n<p style=\"text-align: justify;\"><span style=\"color: #0000ff;\"><a style=\"color: #0000ff;\" href=\"https:\/\/play.google.com\/books\/reader?id=x4JeAAAAcAAJ&amp;pg=GBS.PA304&amp;hl=nl\">Pag. 305<\/a><\/span><\/p>\n<p style=\"text-align: justify;\"><span style=\"color: #000000;\"><em>Specification der zur Ritter- und Landschaft geh\u00f6hrigen Familien, welche G\u00fcter in Lettland besitzen und zus Zeit abwesend sind.<br \/>\nIn Riga anwesend 30-04-1710 &#8230; Zahl d. Personen:<\/em><br \/>\nFr. LandR. Hastfer &#8230; 5<br \/>\nOberstL. MeyerKrantz &#8230; 11<br \/>\nFr. OberstL. v. Meierfeldt &#8230; 7<\/span><\/p>\n<p style=\"text-align: justify;\"><span style=\"color: #0000ff;\"><a style=\"color: #0000ff;\" href=\"https:\/\/play.google.com\/books\/reader?id=x4JeAAAAcAAJ&amp;pg=GBS.PA306&amp;hl=nl\">Pag. 307<\/a><\/span><\/p>\n<p style=\"text-align: justify;\"><em>Specification der zur R. u. Ldsch. geh\u00f6hrigen Familien, welche G\u00fcter in Letland besitzen und anitzo abwesend sind, oder sich anderwertz hin vor dem Feinde salviret.<br \/>\n<\/em>Hr. Gen.-Lieut. Meyerfelt wegen Bewershoff.<em><br \/>\n<\/em><\/p>\n<p><span style=\"color: #0000ff;\"><a style=\"color: #0000ff;\" href=\"https:\/\/play.google.com\/books\/reader?id=x4JeAAAAcAAJ&amp;pg=GBS.PA320&amp;hl=nl\">Pag. 320<\/a><\/span><\/p>\n<p style=\"text-align: justify;\"><em><span style=\"color: #000000;\">Liste derjenigen Personen die unter der R. und L. dieser province Liefland geh\u00f6hren, und was zu der vorhabenden Deputation wegen des Accords und \u00dcbergabe des Landes und der Stadt vor die denominirten Deputirten und von jener Seite eingekommenen Geisseln an Ausgaben erfordert werden m\u00f6chte w\u00fcrcklich und wie viel von jedwedem in antecessum zugetragen worden 29-06-1710 &#8230; Rthlr. Alb.<br \/>\n<\/span><\/em><span style=\"color: #000000;\">die Fr. LandR. v. Hastfer &#8230; &#8211;<br \/>\nder Hr. OberstL. MeyerKrantz &#8230; 1<br \/>\ndie Fr. OberstL. Meyerfeldt &#8230; &#8211;<\/span><em><span style=\"color: #000000;\"><br \/>\n<\/span><\/em><\/p>\n<p><span style=\"color: #0000ff;\"><a style=\"color: #0000ff;\" href=\"https:\/\/play.google.com\/books\/reader?id=x4JeAAAAcAAJ&amp;pg=GBS.PA328&amp;hl=nl\">Pag. 329<\/a><\/span><\/p>\n<p style=\"text-align: justify;\"><em><span style=\"color: #000000;\">Designation derjenigen Familien von E.E.R. und Landschaft der province Liefland, welche bewehrender Belagerung alhie in Riga sich befunden und angegeben haben.<br \/>\n1<sup>mo<\/sup> von der Noblesse 09-07-1710.<br \/>\n<\/span><\/em><span style=\"color: #000000;\">die Fr. LandR\u00e4thin v. Hastfer<br \/>\nder Hr. OberstLt. Meiercrantz<br \/>\ndie Fr. OberstLt. v. Meyerfelt<\/span><\/p>\n","protected":false},"excerpt":{"rendered":"<p>C.\u00a0Schirren, \u201cDie recesse der livl\u00e4ndische Landtage \u00e4us den Jahre 1681 bis 1711. Theils im Wortlaute, theils im Ausz\u00fcge\u201d, Dorpat 1865. Recess des Landtages zu Riga Januar bis Juli 1710. Pag. 305 Specification der zur Ritter- und Landschaft geh\u00f6hrigen Familien, welche G\u00fcter in Lettland besitzen und zus Zeit abwesend sind. In Riga anwesend 30-04-1710 &#8230; Zahl &hellip; <a href=\"https:\/\/meijenfeldt.nl\/?page_id=21148\" class=\"more-link\">Verder lezen <span class=\"screen-reader-text\">Schirren<\/span><\/a><\/p>\n","protected":false},"author":1,"featured_media":0,"parent":0,"menu_order":0,"comment_status":"closed","ping_status":"closed","template":"","meta":{"footnotes":""},"class_list":["post-21148","page","type-page","status-publish","hentry"],"_links":{"self":[{"href":"https:\/\/meijenfeldt.nl\/index.php?rest_route=\/wp\/v2\/pages\/21148","targetHints":{"allow":["GET"]}}],"collection":[{"href":"https:\/\/meijenfeldt.nl\/index.php?rest_route=\/wp\/v2\/pages"}],"about":[{"href":"https:\/\/meijenfeldt.nl\/index.php?rest_route=\/wp\/v2\/types\/page"}],"author":[{"embeddable":true,"href":"https:\/\/meijenfeldt.nl\/index.php?rest_route=\/wp\/v2\/users\/1"}],"replies":[{"embeddable":true,"href":"https:\/\/meijenfeldt.nl\/index.php?rest_route=%2Fwp%2Fv2%2Fcomments&post=21148"}],"version-history":[{"count":6,"href":"https:\/\/meijenfeldt.nl\/index.php?rest_route=\/wp\/v2\/pages\/21148\/revisions"}],"predecessor-version":[{"id":73393,"href":"https:\/\/meijenfeldt.nl\/index.php?rest_route=\/wp\/v2\/pages\/21148\/revisions\/73393"}],"wp:attachment":[{"href":"https:\/\/meijenfeldt.nl\/index.php?rest_route=%2Fwp%2Fv2%2Fmedia&parent=21148"}],"curies":[{"name":"wp","href":"https:\/\/api.w.org\/{rel}","templated":true}]}}