{"id":20292,"date":"2019-10-06T09:10:40","date_gmt":"2019-10-06T09:10:40","guid":{"rendered":"http:\/\/meijenfeldt.nl\/?page_id=20292"},"modified":"2023-02-24T13:00:34","modified_gmt":"2023-02-24T13:00:34","slug":"agrell","status":"publish","type":"page","link":"https:\/\/meijenfeldt.nl\/?page_id=20292","title":{"rendered":"Agrell"},"content":{"rendered":"<p style=\"text-align: justify;\"><span style=\"color: #000000; font-size: 14pt;\"><strong>Sven\u00a0Agrell, \u201cAndre legationspredikanten vid Svenska beskickning i Konstantinopel Sven Agrells Dagbok 1707-1713\u201d, Karolinska Krigares Dagb\u00f6cker j\u00e4mte andra samtida skrifter\u201d, deel 5, Lund 1909.<\/strong><\/span><\/p>\n<p><span style=\"color: #0000ff;\"><a style=\"color: #0000ff;\" href=\"http:\/\/runeberg.org\/karolikrig\/5\/0053.html\">Pag. 14<\/a><\/span>\u00a0(3 september 1708)<\/p>\n<p style=\"text-align: justify;\"><span style=\"color: #000000;\">Voor het eerst staat het gehele leger op \u00e9\u00e9n plaats. Op de lijst staat onder de 6 regimenten Tyska Dragounder die van Gen. Major Mejerfeldtz.\u00a0<\/span><\/p>\n<p><span style=\"color: #0000ff;\"><a style=\"color: #0000ff;\" href=\"http:\/\/runeberg.org\/karolikrig\/5\/0059.html\">Pag. 20<\/a><\/span> (7 januari 1709)<\/p>\n<p style=\"text-align: justify;\"><span style=\"color: #000000;\">De koning laat een kleine stad Wiprech o.a. bestormen door M\u2019s regiment.<\/span><\/p>\n<p><span style=\"color: #0000ff;\"><a style=\"color: #0000ff;\" href=\"http:\/\/runeberg.org\/karolikrig\/5\/0063.html\">Pag. 24<\/a><\/span> (7 april 1709)<\/p>\n<p>Aankomst bij Kurpi, waar M\u2019s regiment staat.<\/p>\n<p style=\"text-align: justify;\"><span style=\"color: #000000;\"><span style=\"color: #0000ff;\"><a style=\"color: #0000ff;\" href=\"http:\/\/runeberg.org\/karolikrig\/5\/0070.html\">Pag. 31<\/a> <\/span>(29 juni 1709)<\/span><\/p>\n<p style=\"text-align: justify;\"><span style=\"color: #000000;\">Aankomst in Nova Siansara, waar M\u2019s regiment staat.<\/span><\/p>\n<p><span style=\"color: #000000;\"><span style=\"color: #0000ff;\"><a style=\"color: #0000ff;\" href=\"http:\/\/runeberg.org\/karolikrig\/5\/0079.html\">Pag. 40-41<\/a><\/span>\u00a0(3 augustus 1709)<\/span><\/p>\n<table style=\"border-collapse: collapse; width: 100%;\">\n<tbody>\n<tr>\n<td style=\"width: 50%;\"><span style=\"color: #000000; font-size: 10pt;\">kom General Major Meijerfeldt \/: som strax effter actionen uti wissa \u00e4hrender blefwet skickat till Ryssen :\/ tillbakars, och med honom fingo wij weeta Gref Piper, Gref Rheinschi\u00f6ld och alla Generalerna, som blefwo borte uti actionen, wara f\u00e5ngne, men \u00d6f:rste Torstenson af cavalleriet och 8 infanterie \u00d6f:rstar slagne. \u00c4fwen blef och kunnogt, General Lejonhufvud och Creutz, som med dhet lembnade af armeen blefwo qwar wijd Nieperen, hafwa gifwet sig f\u00e5ngna och s\u00e5ledz alla tillijka med artolleriet kommet uti fiendens h\u00e4nder, som lijkw\u00e4ll skall honet handtera dhem: m\u00e5nga af w\u00e4ra, besynnerligen dhe tyska, hafwa taget tienst.<\/span><\/td>\n<td style=\"width: 50%;\">\n<p id=\"tw-target-text\" class=\"tw-data-text tw-text-large tw-ta\" dir=\"ltr\" data-placeholder=\"Vertaling\"><span class=\"Y2IQFc\" lang=\"nl\" style=\"font-size: 10pt;\">kwam generaal-majoor Meijerfeldt \/: die kort na de actie voor bepaalde zaken naar de Russen werd gestuurd: \/ terug, en door hem kregen wij te weten dat Graaf Piper, Graaf Rheinschi\u00f6ld en alle generaals, die bij de actie vermist waren,\u00a0 gevangenen <\/span><span style=\"font-size: 10pt;\">waren, maar kolonel Torstenson van de cavalerie en 8 infanteriekolonels gedood. Het werd ook bekend dat generaal Lejonhufvud en Creutz, die met de restanten van het leger aan de Nieperen bleven, zich gevangen hadden laten nemen en dat ze dus allemaal, samen met de artillerie, in handen van de vijand waren gevallen, zoals ze zouden moeten doen. pak ze aan: velen van hen, vooral de Duitsers, dienst hadden genomen.<\/span><\/p>\n<\/td>\n<\/tr>\n<\/tbody>\n<\/table>\n<p><span style=\"color: #0000ff;\"><a style=\"color: #0000ff;\" href=\"http:\/\/runeberg.org\/karolikrig\/5\/0159.html\">Pag. 120<\/a><\/span> (29 juni 1710)<\/p>\n<table style=\"border-collapse: collapse; width: 100%;\">\n<tbody>\n<tr>\n<td style=\"width: 50%;\"><span style=\"font-size: 10pt;\"><span style=\"color: #000000;\">General Leutnant Mejerfeldt skall uhr Swerige till\u00a0<\/span><span style=\"color: #000000;\">Pommern wara ankommen med stoora wexlar, att\u00a0<\/span><span style=\"color: #000000;\">\u00f6f:rbringa penningar till Hans Maij:tt.<\/span><\/span><\/td>\n<td style=\"width: 50%;\">\n<p id=\"tw-target-text\" class=\"tw-data-text tw-text-large tw-ta\" dir=\"ltr\" data-placeholder=\"Vertaling\"><span class=\"Y2IQFc\" lang=\"nl\" style=\"font-size: 10pt;\">Generaal Leutnant Mejerfeldt moet met grote wissels vanuit Zweden naar Pommeren zijn gekomen om geld over te maken naar Zijne Majesteit.<\/span><\/p>\n<\/td>\n<\/tr>\n<\/tbody>\n<\/table>\n<p><span style=\"color: #000000;\"><span style=\"color: #0000ff;\"><a style=\"color: #0000ff;\" href=\"http:\/\/runeberg.org\/karolikrig\/5\/0177.html\">Pag. 138<\/a><\/span> (10 augustus 1710)<\/span><\/p>\n<p><span style=\"color: #000000;\">Brief van 4\/14 juli uit Stralsund van M.<\/span><\/p>\n<p><span style=\"color: #0000ff;\"><a style=\"color: #0000ff;\" href=\"http:\/\/runeberg.org\/karolikrig\/5\/0237.html\">Pag. 198<\/a><\/span> (8 januari 1711)<\/p>\n<table style=\"border-collapse: collapse; width: 100%;\">\n<tbody>\n<tr>\n<td style=\"width: 50%;\"><span style=\"color: #000000; font-size: 13.3333px; text-align: justify;\">Dito arriverade ifr\u00e5n Bender Cron-marschalken af P\u00e5hlen, Woivod och Grefwe H:r Tarlov, som f\u00f6r een tijd sedan utur Ungeren kommet till w\u00e5r n\u00e5digste konungh. Brefwena med honom ber\u00e4ttade, att General Leutnanten Mejerfeldt w\u00e4re nyligen ankommen till Bender; som och hwad f\u00f6r stora och m\u00e5nga avangementer som nyligen g\u00e5dt f\u00f6r sig uti Swerige.<\/span><\/td>\n<td style=\"width: 50%;\">\n<p id=\"tw-target-text\" class=\"tw-data-text tw-text-large tw-ta\" dir=\"ltr\" data-placeholder=\"Vertaling\"><span class=\"Y2IQFc\" lang=\"nl\" style=\"font-size: 10pt;\">Dito kwam van Bender de Kroonmaarschalk van Polen, Voivod en Graaf Heer Tarlov, die enige tijd geleden uit Hongarije naar onze meest genadige koning kwam. De correspondentie met hem vertelde ons dat luitenant-generaal Mejerfeldt onlangs in Bender was aangekomen; wie en wat\u00a0 de grote en vele ontwikkelingen van de laatste tijd in Zweden hebben plaatsgevonden.<\/span><\/p>\n<\/td>\n<\/tr>\n<\/tbody>\n<\/table>\n<p><span style=\"color: #0000ff;\"><a style=\"color: #0000ff;\" href=\"http:\/\/runeberg.org\/karolikrig\/5\/0241.html\">Pag. 202<\/a><\/span> (26 januari 1711)<\/p>\n<table style=\"border-collapse: collapse; width: 100%;\">\n<tbody>\n<tr>\n<td style=\"width: 50%;\"><span style=\"color: #000000; font-size: 13.3333px; text-align: justify;\">Dito ankom General Leutnanten H:r lean August Mejerf\u00e4ldt ifr\u00e5n Bender, och med hans Auditeur hade iag bref ifr\u00e5n H:r Tursenio, med swar p\u00e5 mit af d. 13 Decembr. och effterr\u00e4ttelse att Regements-pr\u00e4sten af Krusens H:r Lutteman blefwet skickat \u00e5t Chrim med H:r \u00d6f:rst-Leutnant Lagerbergh.<\/span><\/td>\n<td style=\"width: 50%;\">\n<p id=\"tw-target-text\" class=\"tw-data-text tw-text-large tw-ta\" dir=\"ltr\" data-placeholder=\"Vertaling\"><span class=\"Y2IQFc\" lang=\"nl\" style=\"font-size: 10pt;\">Dito arriveerde luitenant-generaal Iean August Mejerf\u00e4ldt uit Bender, en met zijn accountant had ik een brief van Heer Tursenio, met een antwoord op de mijne gedateerd 13 december. En informatie dat de regimentsaalmoezenier door kruisheer Lutteman naar Chrim werd gestuurd met de heer luitenant-kolonel Lagerbergh.<\/span><\/p>\n<\/td>\n<\/tr>\n<\/tbody>\n<\/table>\n<p><span style=\"color: #0000ff;\"><a style=\"color: #0000ff;\" href=\"http:\/\/runeberg.org\/karolikrig\/5\/0245.html\">Pag. 206<\/a> <\/span>(4 februari 1711)<\/p>\n<table style=\"border-collapse: collapse; width: 100%; height: 500px;\">\n<tbody>\n<tr style=\"height: 500px;\">\n<td style=\"width: 50%; height: 500px;\">\n<p style=\"text-align: justify;\"><span style=\"color: #000000;\"><span style=\"font-size: 10pt;\">reste H:r General Leutnanten Mejerf\u00e4ldt \/: som han f\u00f6regaf :\/ \u00e5t Bender, d\u00e4rf\u00f6re iag i g\u00e5r lefwererade ofwann\u00e4mde bref \u00e5t hans Auditor H:r L\u00f6fvenheim. <\/span><\/span><span style=\"color: #000000; font-size: 10pt;\">Men som iag i dag af alla omst\u00e4nder kunde m\u00e4rkia, bar w\u00e4ll reesan \u00e5t sw\u00e4nska orterna; och m\u00e5tte han g\u00e5 hemligen p\u00e5 det w\u00e5ra fiender icke m\u00e5tte f\u00e5 kundskap om honom och sl\u00e5 effter honom, ty p\u00e5 utreesan hade Curfursten af Hannover, ibland andra, gifwet ordres, att inh\u00e4mpta honom d\u00f6d eller lefwandes *).<\/span><\/p>\n<p style=\"text-align: justify;\"><span style=\"color: #000000; font-size: 10pt;\">*) Orimlig uppgift! Kurfursten stod \u00e4nnu ej i n\u00e5got \u00f6ppet fjendtligt f\u00f6rh\u00e5llande till Sverige. Men andra kunde nog t\u00e4nkas vilja passa p\u00e5 Meijerfeld, hvarf\u00f6re han enl. v. Kochens uppgift tog hemv\u00e4gen \u00bb\u00f6fver Konstantinopel och Italien\u00bb.<\/span><\/p>\n<\/td>\n<td style=\"width: 50%; height: 500px;\">\n<p id=\"tw-target-text\" class=\"tw-data-text tw-text-large tw-ta\" dir=\"ltr\" data-placeholder=\"Vertaling\"><span class=\"Y2IQFc\" lang=\"nl\" style=\"font-size: 10pt;\">Heer Luitenant-Generaal Mejerf\u00e4ldt reisde \/: wat hij veinsde :\/ naar Bender, daarom heb ik gisteren de bovengenoemde brief aan zijn auditor H:r L\u00f6fvenheim overhandigd. Maar zoals ik vandaag uit alle omstandigheden kon opmaken, was de reis naar de Zweedse plaatsen goed; en hij moet in het geheim gaan, zodat onze vijanden hem niet herkennen en achtervolgen, want op de heenreis had onder andere de keurvorst van Hannover het bevel gekregen hem dood of levend gevangen te nemen *).<\/span><\/p>\n<p class=\"tw-data-text tw-text-large tw-ta\" dir=\"ltr\" data-placeholder=\"Vertaling\"><span class=\"Y2IQFc\" lang=\"nl\" style=\"font-size: 10pt;\">*) Foute opgave! De keurvorst had nog geen openlijk vijandige relatie met Zweden. Maar anderen zouden waarschijnlijk voor Meijerfeld willen zorgen, waarom hij volgens v. Kochen opgave de thuisreis aanvaardde &#8220;over Constantinopel en Itali\u00eb&#8221;.<\/span><\/p>\n<\/td>\n<\/tr>\n<\/tbody>\n<\/table>\n<p style=\"text-align: justify;\">\n","protected":false},"excerpt":{"rendered":"<p>Sven\u00a0Agrell, \u201cAndre legationspredikanten vid Svenska beskickning i Konstantinopel Sven Agrells Dagbok 1707-1713\u201d, Karolinska Krigares Dagb\u00f6cker j\u00e4mte andra samtida skrifter\u201d, deel 5, Lund 1909. Pag. 14\u00a0(3 september 1708) Voor het eerst staat het gehele leger op \u00e9\u00e9n plaats. Op de lijst staat onder de 6 regimenten Tyska Dragounder die van Gen. Major Mejerfeldtz.\u00a0 Pag. 20 (7 &hellip; <a href=\"https:\/\/meijenfeldt.nl\/?page_id=20292\" class=\"more-link\">Verder lezen <span class=\"screen-reader-text\">Agrell<\/span><\/a><\/p>\n","protected":false},"author":1,"featured_media":0,"parent":0,"menu_order":0,"comment_status":"closed","ping_status":"closed","template":"","meta":{"footnotes":""},"class_list":["post-20292","page","type-page","status-publish","hentry"],"_links":{"self":[{"href":"https:\/\/meijenfeldt.nl\/index.php?rest_route=\/wp\/v2\/pages\/20292","targetHints":{"allow":["GET"]}}],"collection":[{"href":"https:\/\/meijenfeldt.nl\/index.php?rest_route=\/wp\/v2\/pages"}],"about":[{"href":"https:\/\/meijenfeldt.nl\/index.php?rest_route=\/wp\/v2\/types\/page"}],"author":[{"embeddable":true,"href":"https:\/\/meijenfeldt.nl\/index.php?rest_route=\/wp\/v2\/users\/1"}],"replies":[{"embeddable":true,"href":"https:\/\/meijenfeldt.nl\/index.php?rest_route=%2Fwp%2Fv2%2Fcomments&post=20292"}],"version-history":[{"count":3,"href":"https:\/\/meijenfeldt.nl\/index.php?rest_route=\/wp\/v2\/pages\/20292\/revisions"}],"predecessor-version":[{"id":53918,"href":"https:\/\/meijenfeldt.nl\/index.php?rest_route=\/wp\/v2\/pages\/20292\/revisions\/53918"}],"wp:attachment":[{"href":"https:\/\/meijenfeldt.nl\/index.php?rest_route=%2Fwp%2Fv2%2Fmedia&parent=20292"}],"curies":[{"name":"wp","href":"https:\/\/api.w.org\/{rel}","templated":true}]}}