{"id":19551,"date":"2019-09-17T18:07:17","date_gmt":"2019-09-17T18:07:17","guid":{"rendered":"http:\/\/meijenfeldt.nl\/?page_id=19551"},"modified":"2020-04-24T17:14:24","modified_gmt":"2020-04-24T17:14:24","slug":"riksdagsakter","status":"publish","type":"page","link":"https:\/\/meijenfeldt.nl\/?page_id=19551","title":{"rendered":"Riksdagsakter"},"content":{"rendered":"<p style=\"text-align: justify;\"><span style=\"color: #000000; font-size: 14pt;\"><strong>\u201cSvenska Riksdagsakter j\u00e4mte andra handlingar som h\u00f6ra till statsf\u00f6rfattningens historia\u201d, Stockholm. <\/strong><\/span><span style=\"color: #000000; font-size: 14pt;\"><strong>Serie 2. 1719-1800. Rikets St\u00e4nders och Sekreta Utskottets skrifvelser till Kungl. Majest\u00e4t.<\/strong><\/span><\/p>\n<p><span style=\"color: #000000;\"><strong>Deel 1 (1719-1723)<\/strong><\/span><\/p>\n<p><span style=\"color: #000000;\"><span style=\"color: #0000ff;\"><a style=\"color: #0000ff;\" href=\"https:\/\/babel.hathitrust.org\/cgi\/pt?id=uc1.d0000413997&amp;view=1up&amp;seq=154\">Pag. 125<\/a><\/span><br \/>\n117. RSt. ang. r\u00e5dets f\u00f6rdelning p\u00e5 tv\u00e5 divisioner. Den 18 juni 1720.<\/span><\/p>\n<p style=\"text-align: justify;\"><span style=\"color: #0000ff;\"><a style=\"color: #0000ff;\" href=\"https:\/\/babel.hathitrust.org\/cgi\/pt?id=uc1.d0000413997&amp;view=1up&amp;seq=223\">Pag. 193<\/a><br \/>\n<\/span><span style=\"color: #000000;\">179. SU. ang. en till\u00e4rnad sammandragning af preussiska trupper till Stettin och utv\u00e4gar att afv\u00e4rje den m\u00f6jliga faran daraf f\u00f6r Svenska Pommern. Den 23 April 1723.\u00a0<\/span><\/p>\n<p style=\"text-align: justify;\"><span style=\"color: #000000;\"><span style=\"color: #0000ff;\"><a style=\"color: #0000ff;\" href=\"https:\/\/babel.hathitrust.org\/cgi\/pt?id=uc1.d0000413997&amp;view=1up&amp;seq=719\">Pag. 689<\/a><\/span><br \/>\nBihang 2. RSt:s deputerades (\u2026) f\u00e4rst\u00e4rkning Stralsunds garnison. 4 maj 1723.<br \/>\n<\/span><\/p>\n<p style=\"text-align: justify;\"><span style=\"color: #000000;\"><span style=\"color: #0000ff;\"><a style=\"color: #0000ff;\" href=\"https:\/\/babel.hathitrust.org\/cgi\/pt?id=uc1.d0000413997&amp;view=1up&amp;seq=733\">Pag. 703<\/a><\/span><br \/>\nBihang 10. Prst. ang. unders\u00f6kning af de mellan lerarna vid akademien I Greifswald uppkomma religi\u00f6se tvister. Den 12 octorber 1723.<br \/>\n<\/span><\/p>\n<p><span style=\"color: #000000;\"><strong>Deel 2 (1726-1727)<\/strong><\/span><\/p>\n<p>Pag. 9.<\/p>\n<p><span style=\"color: #0000ff;\"><a style=\"color: #0000ff;\" href=\"https:\/\/babel.hathitrust.org\/cgi\/pt?id=uc1.d0000414011&amp;view=1up&amp;seq=361\">Pag. 337<\/a><\/span><br \/>\n675. R\u00e4t ang. r\u00e5dets divisioner. Den 4 augusti 1727.<\/p>\n<p>Pag. 343-344.<\/p>\n<p>Pag. 602.<\/p>\n<p><span style=\"color: #000000;\"><strong>Deel 3, <\/strong><\/span><span style=\"color: #000000;\"><strong>afdeling 1 (1731-1734)<\/strong><\/span><\/p>\n<p><span style=\"color: #0000ff;\"><a style=\"color: #0000ff;\" href=\"https:\/\/babel.hathitrust.org\/cgi\/pt?id=uc1.d0000414037;view=2up;seq=270;skin=mobile\">Pag. 245-246<\/a><br \/>\n<\/span>960. RSt. ang. riksr\u0101det och generalgouverneuren grefve Johan August Meijerfeldts s\u00f6kta j\u00f6rdabyte. Den 17 juni.<br \/>\n<span style=\"color: #000000;\">\u00abInk. d. 5 juli 1731. Upl\u00e4sit i r\u00e5det d. 13 julii 1731 och v\u00e4rkst\u00e4lles\u00bb<br \/>\n<\/span>Sticklinge, Ella, T\u00e4by.<br \/>\n<em>N.B. Zie hierover ook \u201cHandlingar r\u00f6rande Skandinaviens historia\u201d, deel 37, III. Relation om hwad p\u00e5 Rijkzdagen i Stockholm f\u00f6refallit \u00e5hr 1731, Expeditions Deputations bet\u00e4nckande, Gr: <span class=\"solr_highlight_1\">Meijerfelts<\/span> begi\u00e4rte byte med Cronan, 27 april, <span style=\"color: #0000ff;\"><a style=\"color: #0000ff;\" href=\"https:\/\/babel.hathitrust.org\/cgi\/pt?id=wu.89107728321;view=2up;seq=374;skin=mobile\">pag. 355<\/a><\/span>.<\/em><\/p>\n<p><span style=\"color: #0000ff;\"><a style=\"color: #0000ff;\" href=\"https:\/\/babel.hathitrust.org\/cgi\/pt?id=uc1.d0000414037;view=2up;seq=292;skin=mobile\">Pag. 267<\/a><br \/>\n<\/span><span style=\"color: #000000;\">972. RSt. ang. riksr\u0101det och generalgouverneuren grefve Johan August Meijerfeldts j\u00f6rdabyte med kronan. Den 17 juni.<br \/>\n<\/span><span style=\"color: #000000;\">\u00abDen 17 juni. Upl\u00e4sit i r\u00e5det d. 13 julii 1731 och v\u00e4rkst\u00e4lles\u00bb<br \/>\n<\/span><span style=\"color: #000000;\">N\u00e4sby.<br \/>\n<\/span><span style=\"color: #000000;\"><em>N.B. Zie hierover ook \u201cHandlingar r\u00f6rande Skandinaviens historia\u201d, deel 37, III. Relation om hwad p\u00e5 Rijkzdagen i Stockholm f\u00f6refallit \u00e5hr 1731, Gr. Meyerfelt anh\u00e2lla at f\u00e2 utbyta hem, 17 juni,\u00a0<span style=\"color: #0000ff;\"><a style=\"color: #0000ff;\" href=\"https:\/\/babel.hathitrust.org\/cgi\/pt?id=wu.89107728321;view=2up;seq=454;skin=mobile\">pag. 434<\/a><\/span>.\u00a0<\/em><\/span><\/p>\n<p><span style=\"color: #0000ff;\"><a style=\"color: #0000ff;\" href=\"https:\/\/babel.hathitrust.org\/cgi\/pt?id=uc1.d0000414037;view=2up;seq=498;skin=mobile\">Pag. 473-274<\/a><br \/>\n<\/span>1087. SU. uppgifver n\u00e5gra oafgjorda \u00e4renden till KM::s afg\u00f6rande.\u00a0Den 17 juni.<br \/>\n\u00abInkom d. 17 juli 1731\u00bb<br \/>\nBilagor 2, 3, 4 och 7.<\/p>\n<p><span style=\"color: #0000ff;\"><a style=\"color: #0000ff;\" href=\"https:\/\/babel.hathitrust.org\/cgi\/pt?id=uc1.d0000414037;view=2up;seq=612;skin=mobile\">Pag. 587-589<\/a><br \/>\n<\/span><span style=\"color: #000000;\">1139. SU. ang. riksr\u0101det och generalgouverneuren i Pommern grefve Johan August Meijerfeldts kronofordran. Den 27 augusti.<br \/>\n<\/span>\u00abPres. d. 31 aug. 1734. Upl\u00e4st i r\u00e5det d. 9 september 1734 och v\u00e4rkst\u00e4lles.\u00bb<\/p>\n<p><span style=\"color: #0000ff;\"><a style=\"color: #0000ff;\" href=\"https:\/\/babel.hathitrust.org\/cgi\/pt?id=uc1.d0000414037;view=2up;seq=794;skin=mobile\">Pag. 769<\/a><br \/>\n<\/span>1267. SU. ang. Pommerske commissionens und. ber\u00e4ttelse den 23 april 1734.<\/p>\n<p><span style=\"color: #000000;\"><b>Deel 3, afdeling 2 (1734)<\/b><\/span><\/p>\n<p><span style=\"color: #0000ff;\"><a style=\"color: #0000ff;\" href=\"https:\/\/babel.hathitrust.org\/cgi\/pt?id=uc1.d0000414045;view=2up;seq=108;skin=mobile\">Pag. 900<\/a><br \/>\n<\/span><span style=\"color: #000000;\">1346. SU. ang. Pommerske landtr\u00e4ntm\u00e4staren.<\/span><\/p>\n<p><span style=\"color: #0000ff;\"><a style=\"color: #0000ff;\" href=\"https:\/\/babel.hathitrust.org\/cgi\/pt?id=uc1.d0000414045;view=2up;seq=348;skin=mobile\">Pag. 1140<\/a><br \/>\n<\/span>1498. RSt.\u00a0ang. riksr\u0101det och generalgouverneuren grefve Johan August Meijerfeldts jordabyte med kronan. Den 13 december.<br \/>\nSticklinge 1735.<\/p>\n<p><span style=\"color: #0000ff;\"><a style=\"color: #0000ff;\" href=\"https:\/\/babel.hathitrust.org\/cgi\/pt?id=uc1.d0000414045&amp;view=1up&amp;seq=602\">Pag. 1394<\/a><\/span><\/p>\n<p><span style=\"color: #0000ff;\"><a style=\"color: #0000ff;\" href=\"https:\/\/babel.hathitrust.org\/cgi\/pt?id=uc1.d0000414045&amp;view=1up&amp;seq=606\">Pag. 1398<\/a><\/span><\/p>\n","protected":false},"excerpt":{"rendered":"<p>\u201cSvenska Riksdagsakter j\u00e4mte andra handlingar som h\u00f6ra till statsf\u00f6rfattningens historia\u201d, Stockholm. Serie 2. 1719-1800. Rikets St\u00e4nders och Sekreta Utskottets skrifvelser till Kungl. Majest\u00e4t. Deel 1 (1719-1723) Pag. 125 117. RSt. ang. r\u00e5dets f\u00f6rdelning p\u00e5 tv\u00e5 divisioner. Den 18 juni 1720. Pag. 193 179. SU. ang. en till\u00e4rnad sammandragning af preussiska trupper till Stettin och utv\u00e4gar &hellip; <a href=\"https:\/\/meijenfeldt.nl\/?page_id=19551\" class=\"more-link\">Verder lezen <span class=\"screen-reader-text\">Riksdagsakter<\/span><\/a><\/p>\n","protected":false},"author":1,"featured_media":0,"parent":0,"menu_order":0,"comment_status":"closed","ping_status":"closed","template":"","meta":{"footnotes":""},"class_list":["post-19551","page","type-page","status-publish","hentry"],"_links":{"self":[{"href":"https:\/\/meijenfeldt.nl\/index.php?rest_route=\/wp\/v2\/pages\/19551","targetHints":{"allow":["GET"]}}],"collection":[{"href":"https:\/\/meijenfeldt.nl\/index.php?rest_route=\/wp\/v2\/pages"}],"about":[{"href":"https:\/\/meijenfeldt.nl\/index.php?rest_route=\/wp\/v2\/types\/page"}],"author":[{"embeddable":true,"href":"https:\/\/meijenfeldt.nl\/index.php?rest_route=\/wp\/v2\/users\/1"}],"replies":[{"embeddable":true,"href":"https:\/\/meijenfeldt.nl\/index.php?rest_route=%2Fwp%2Fv2%2Fcomments&post=19551"}],"version-history":[{"count":36,"href":"https:\/\/meijenfeldt.nl\/index.php?rest_route=\/wp\/v2\/pages\/19551\/revisions"}],"predecessor-version":[{"id":20001,"href":"https:\/\/meijenfeldt.nl\/index.php?rest_route=\/wp\/v2\/pages\/19551\/revisions\/20001"}],"wp:attachment":[{"href":"https:\/\/meijenfeldt.nl\/index.php?rest_route=%2Fwp%2Fv2%2Fmedia&parent=19551"}],"curies":[{"name":"wp","href":"https:\/\/api.w.org\/{rel}","templated":true}]}}