{"id":19536,"date":"2019-09-17T10:23:58","date_gmt":"2019-09-17T10:23:58","guid":{"rendered":"http:\/\/meijenfeldt.nl\/?page_id=19536"},"modified":"2019-09-17T17:07:46","modified_gmt":"2019-09-17T17:07:46","slug":"malmstrom","status":"publish","type":"page","link":"https:\/\/meijenfeldt.nl\/?page_id=19536","title":{"rendered":"Malmstr\u00f6m"},"content":{"rendered":"<p style=\"text-align: justify;\"><strong><span style=\"color: #000000; font-size: 14pt;\">Carl Gustaf Malmstr\u00f6m, &#8220;Sveriges politiska historia fr\u00e5n konung Karl XII:s d\u00f6d till statshv\u00e4lfningen 1772&#8221;, 6 delen, Stockholm 1855-1877.<\/span><\/strong><\/p>\n<p><strong><span style=\"color: #000000;\">Deel 1<\/span><\/strong><\/p>\n<p><span style=\"color: #0000ff;\"><a style=\"color: #0000ff;\" href=\"https:\/\/babel.hathitrust.org\/cgi\/pt?id=wu.89070866132&amp;view=1up&amp;seq=71\">Pag. 53<\/a>. <span style=\"color: #000000;\">Inleiding.<\/span><\/span><\/p>\n<p><span style=\"color: #0000ff;\"><a style=\"color: #0000ff;\" href=\"https:\/\/babel.hathitrust.org\/cgi\/pt?id=wu.89070866132&amp;view=1up&amp;seq=84\">Pag. 66<\/a>. <span style=\"color: #000000;\">Brief 08-12-1718.<\/span><\/span><\/p>\n<p><span style=\"color: #000000;\"><span style=\"color: #0000ff;\"><a style=\"color: #0000ff;\" href=\"https:\/\/babel.hathitrust.org\/cgi\/pt?id=wu.89070866132&amp;view=1up&amp;seq=162\">Pag. 144<\/a>. <\/span>Krig och underhandlingar 1719.<\/span><\/p>\n<p><span style=\"color: #0000ff;\"><a style=\"color: #0000ff;\" href=\"https:\/\/babel.hathitrust.org\/cgi\/pt?id=wu.89070866132&amp;view=1up&amp;seq=215\">Pag. 197<\/a>. <span style=\"color: #000000;\">M. var af olika mening och yrkade p\u00e5 uppskof, till dess man hunnit inh\u00e4mta Frankrikes och kejsarens tanke.<\/span><\/span><\/p>\n<p><span style=\"color: #000000;\"><span style=\"color: #0000ff;\"><a style=\"color: #0000ff;\" href=\"https:\/\/babel.hathitrust.org\/cgi\/pt?id=wu.89070866132&amp;view=1up&amp;seq=238\">Pag. 220<\/a><\/span>. Ulrike Eleonore inre styrelse.<\/span><\/p>\n<p><span style=\"color: #000000;\"><span style=\"color: #0000ff;\"><a style=\"color: #0000ff;\" href=\"https:\/\/babel.hathitrust.org\/cgi\/pt?id=wu.89070866132&amp;view=1up&amp;seq=241\">Pag. 223<\/a><\/span>. 18-09-1719 en 26-10-1719.<\/span><\/p>\n<p><span style=\"color: #000000;\"><span style=\"color: #0000ff;\"><a style=\"color: #0000ff;\" href=\"https:\/\/babel.hathitrust.org\/cgi\/pt?id=wu.89070866132&amp;view=1up&amp;seq=254\">Pag. 236<\/a><\/span>. Riksdagen 1720.<\/span><\/p>\n<p><span style=\"color: #000000;\"><span style=\"color: #0000ff;\"><a style=\"color: #0000ff;\" href=\"https:\/\/babel.hathitrust.org\/cgi\/pt?id=wu.89070866132&amp;view=1up&amp;seq=322\">Pag. 304.<\/a><\/span> M.s vorslag<\/span>.<\/p>\n<p><span style=\"color: #000000;\"><span style=\"color: #0000ff;\"><a style=\"color: #0000ff;\" href=\"https:\/\/babel.hathitrust.org\/cgi\/pt?id=wu.89070866132&amp;view=1up&amp;seq=367\">Pag. 349<\/a><\/span>. Konungens hopp att vinna store makt.<\/span><\/p>\n<p><strong><span style=\"color: #000000;\">Deel 2<\/span><\/strong><\/p>\n<p><span style=\"color: #000000;\"><span style=\"color: #0000ff;\"><a style=\"color: #0000ff;\" href=\"https:\/\/babel.hathitrust.org\/cgi\/pt?id=wu.89070866132&amp;view=1up&amp;seq=322\">Pag. 14<\/a><\/span>. Riksdagen 1726-1727. F\u00f6rs\u00f6k att hindra accessionen.<\/span><\/p>\n<p><span style=\"color: #000000;\"><span style=\"color: #0000ff;\"><a style=\"color: #0000ff;\" href=\"https:\/\/babel.hathitrust.org\/cgi\/pt?id=wu.89070866074&amp;view=1up&amp;seq=309\">Pag. 295-297<\/a><\/span>. Riksdagen 1738-1739. Hattspartiet seger.<\/span><\/p>\n<p><span style=\"color: #0000ff;\"><a style=\"color: #0000ff;\" href=\"https:\/\/babel.hathitrust.org\/cgi\/pt?id=wu.89070866074&amp;view=1up&amp;seq=368\">Pag. 354<\/a><\/span>.<\/p>\n<p><span style=\"color: #000000;\"><span style=\"color: #0000ff;\"><a style=\"color: #0000ff;\" href=\"https:\/\/babel.hathitrust.org\/cgi\/pt?id=wu.89070866074&amp;view=1up&amp;seq=381\">Pag. 367<\/a><\/span>. Beslut om f\u00f6rbund med Turkiet.<\/span><\/p>\n<p><span style=\"color: #0000ff;\"><a style=\"color: #0000ff;\" href=\"https:\/\/babel.hathitrust.org\/cgi\/pt?id=wu.89070866074&amp;view=1up&amp;seq=383\">Pag. 369<\/a><\/span>.<\/p>\n<p><span style=\"color: #0000ff;\"><a style=\"color: #0000ff;\" href=\"https:\/\/babel.hathitrust.org\/cgi\/pt?id=wu.89070866074&amp;view=1up&amp;seq=368\">Pag. 423<\/a><\/span>.<\/p>\n<p><strong><span style=\"color: #000000;\">Deel 3<\/span><\/strong><\/p>\n<p><span style=\"color: #000000;\"><span style=\"color: #0000ff;\"><a style=\"color: #0000ff;\" href=\"https:\/\/babel.hathitrust.org\/cgi\/pt?id=wu.89070866017&amp;view=1up&amp;seq=439\">Pag. 425<\/a><\/span>, Regeringen efter 1748 \u00e5rs riksdag.<\/span><\/p>\n<p><strong><span style=\"color: #000000;\">Deel 4<\/span><\/strong><\/p>\n<p><span style=\"color: #000000;\"><span style=\"color: #0000ff;\"><a style=\"color: #0000ff;\" href=\"https:\/\/babel.hathitrust.org\/cgi\/pt?id=wu.89070865951&amp;view=1up&amp;seq=32\">Pag. 18<\/a><\/span>. Riksdagen 1751-1752.<\/span><\/p>\n<p><span style=\"color: #000000;\"><a href=\"https:\/\/babel.hathitrust.org\/cgi\/pt?id=wu.89070865951&amp;view=1up&amp;seq=206\"><span style=\"color: #0000ff;\">Pag. 192<\/span><\/a>. Riksdagen 1755-1756.<\/span><\/p>\n<p><span style=\"color: #000000;\"><span style=\"color: #0000ff;\"><a style=\"color: #0000ff;\" href=\"https:\/\/babel.hathitrust.org\/cgi\/pt?id=wu.89070865951&amp;view=1up&amp;seq=396\">Pag. 382<\/a><\/span>. Pommerska krig.<\/span><\/p>\n<p><span style=\"color: #000000;\"><b>Deel 5<\/b><\/span><\/p>\n<p><span style=\"color: #000000;\"><span style=\"color: #0000ff;\"><a style=\"color: #0000ff;\" href=\"https:\/\/babel.hathitrust.org\/cgi\/pt?id=wu.89070866157&amp;view=1up&amp;seq=280\">Pag. 266<\/a><\/span>. Riksdagen 1756-1766.<\/span><\/p>\n<p><span style=\"color: #000000;\"><b>Deel 6<\/b><\/span><\/p>\n<p><span style=\"color: #000000;\"><span style=\"color: #0000ff;\"><a style=\"color: #0000ff;\" href=\"https:\/\/babel.hathitrust.org\/cgi\/pt?id=wu.89070866090&amp;view=1up&amp;seq=481\">Pag. 465<\/a><\/span>. Register.<\/span><\/p>\n","protected":false},"excerpt":{"rendered":"<p>Carl Gustaf Malmstr\u00f6m, &#8220;Sveriges politiska historia fr\u00e5n konung Karl XII:s d\u00f6d till statshv\u00e4lfningen 1772&#8221;, 6 delen, Stockholm 1855-1877. Deel 1 Pag. 53. Inleiding. Pag. 66. Brief 08-12-1718. Pag. 144. Krig och underhandlingar 1719. Pag. 197. M. var af olika mening och yrkade p\u00e5 uppskof, till dess man hunnit inh\u00e4mta Frankrikes och kejsarens tanke. Pag. 220. &hellip; <a href=\"https:\/\/meijenfeldt.nl\/?page_id=19536\" class=\"more-link\">Verder lezen <span class=\"screen-reader-text\">Malmstr\u00f6m<\/span><\/a><\/p>\n","protected":false},"author":1,"featured_media":0,"parent":0,"menu_order":0,"comment_status":"closed","ping_status":"closed","template":"","meta":{"footnotes":""},"class_list":["post-19536","page","type-page","status-publish","hentry"],"_links":{"self":[{"href":"https:\/\/meijenfeldt.nl\/index.php?rest_route=\/wp\/v2\/pages\/19536","targetHints":{"allow":["GET"]}}],"collection":[{"href":"https:\/\/meijenfeldt.nl\/index.php?rest_route=\/wp\/v2\/pages"}],"about":[{"href":"https:\/\/meijenfeldt.nl\/index.php?rest_route=\/wp\/v2\/types\/page"}],"author":[{"embeddable":true,"href":"https:\/\/meijenfeldt.nl\/index.php?rest_route=\/wp\/v2\/users\/1"}],"replies":[{"embeddable":true,"href":"https:\/\/meijenfeldt.nl\/index.php?rest_route=%2Fwp%2Fv2%2Fcomments&post=19536"}],"version-history":[{"count":3,"href":"https:\/\/meijenfeldt.nl\/index.php?rest_route=\/wp\/v2\/pages\/19536\/revisions"}],"predecessor-version":[{"id":19550,"href":"https:\/\/meijenfeldt.nl\/index.php?rest_route=\/wp\/v2\/pages\/19536\/revisions\/19550"}],"wp:attachment":[{"href":"https:\/\/meijenfeldt.nl\/index.php?rest_route=%2Fwp%2Fv2%2Fmedia&parent=19536"}],"curies":[{"name":"wp","href":"https:\/\/api.w.org\/{rel}","templated":true}]}}