{"id":18458,"date":"2019-08-21T18:27:40","date_gmt":"2019-08-21T18:27:40","guid":{"rendered":"http:\/\/meijenfeldt.nl\/?page_id=18458"},"modified":"2019-10-24T19:52:44","modified_gmt":"2019-10-24T19:52:44","slug":"petre","status":"publish","type":"page","link":"https:\/\/meijenfeldt.nl\/?page_id=18458","title":{"rendered":"Petre"},"content":{"rendered":"<p style=\"text-align: justify;\"><span style=\"color: #000000; font-size: 14pt;\"><strong>R. <span style=\"color: #000000;\">Petre<\/span>, \u201cF\u00e4nrik Robert P:s Dagbok 1702-1709\u201d, Karolinska Krigares Dagb\u00f6cker j\u00e4mte andra samtida skrifter, \u00a0deel 1, Lund 1901.<\/strong><\/span><\/p>\n<p><i>Carl Fredrik Meijerfeldt sr.<\/i><\/p>\n<p><span style=\"color: #000000;\"><span style=\"color: #0000ff;\"><a style=\"color: #0000ff;\" href=\"http:\/\/runeberg.org\/karolikrig\/1\/0181.html\">Pag. 137<\/a><\/span>\u00a0(30 juni 1708)<\/span><\/p>\n<p style=\"text-align: justify;\"><span style=\"color: #000000;\">J dagning kom jag till compagniet med mitt manskapp, som warit med mig commenderadt, och marcherade\u00a0compagniet middagztijden gehnaste w\u00e4gen till Frauenburg, derest hela regementet skulle st\u00f6ta tillsammans, och marchera tillijka derifr\u00e5n med en battaljon af \u00d6fwerste Vittinghofz regemente, som der legat och commenderades af Ofwerste Leutnant Meyerfellt, och taga sin marche gehnaste w\u00e4gen \u00e5tt Samogiten och staden Schaggaren, derest regementet skulle f\u00e5\u00e5 sin marche ruta. Men jag blef effter undf\u00e5ngen permission qvar i mitt qvarter, till des jag har stellt mitt bagage i s\u00e5dant st\u00e5nd, att jag en l\u00e5ng marche der med gi\u00f6ra kunde, behollandes qvar hoos mig till dr\u00e4ngarnas hielp 3:ne solldater.<\/span><\/p>\n<p style=\"text-align: justify;\"><span style=\"color: #0000ff;\"><a style=\"color: #0000ff;\" href=\"http:\/\/runeberg.org\/karolikrig\/1\/0184.html\">Pag. 140<\/a><\/span><span style=\"color: #000000;\">\u00a0(Nowemeasto, 31 juli 1708) <\/span><\/p>\n<p style=\"text-align: justify;\"><span style=\"color: #000000;\">Om affton ankom regementet och blef inlogerat i staden, och som den contribuerade till Meyerfelltska <\/span><span style=\"color: #000000;\">battaljonen, ty blef regementet allenast en dag der liggandes.<\/span><\/p>\n<p style=\"text-align: justify;\"><span style=\"color: #000000;\"><span style=\"color: #0000ff;\"><a style=\"color: #0000ff;\" href=\"http:\/\/runeberg.org\/karolikrig\/1\/0206.html\">Pag. 162<\/a><\/span>\u00a0(Jesna, 28 september 1708)<\/span><\/p>\n<p style=\"text-align: justify;\"><span style=\"color: #000000;\">Tot de verzamelden onder Lewenhaupt behoort \u201c\u00d6sterbotten, 1 battaljon, \u00f6fwerst-leutnant Mejerfellt, 600 corporaler och gemena\u201d, zonder kolonel, zonder majoors.<\/span><\/p>\n<p style=\"text-align: justify;\"><span style=\"color: #000000;\"><span style=\"color: #0000ff;\"><a style=\"color: #0000ff;\" href=\"http:\/\/runeberg.org\/karolikrig\/1\/0209.html\">Pag. 165<\/a><\/span>\u00a0(29 september 1708) <\/span><\/p>\n<p style=\"text-align: justify;\"><span style=\"color: #000000;\">Samma tijd utgick ock avangardie, som bestod effter wahnligheten af 1,000 man och commenderades af\u00a0Ofwerste Lieutnant Mejerfellt och Major Berg. <\/span><\/p>\n<p><em><span style=\"color: #000000;\">Johan August Meijerfeldt sr.<\/span><\/em><\/p>\n<p style=\"text-align: justify;\"><span style=\"color: #0000ff;\"><a style=\"color: #0000ff;\" href=\"http:\/\/runeberg.org\/karolikrig\/1\/0021.html\">Pag. XXI, voetnoot *<\/a><\/span><\/p>\n<p style=\"text-align: justify;\"><span style=\"color: #000000;\">* L\u00e5ngsamt gick det p\u00e5 marschen, men han hade ocks\u00e5 en <\/span><span style=\"color: #000000;\">ob\u00e4k-lig tr\u00e4ng, som det var sv\u00e5rt att f\u00e5 fram p\u00e5 de af regn och tramp <\/span><span style=\"color: #000000;\">f\u00f6r-d\u00e4rfvade v\u00e4garna. Omkring d. 30 Juni tyckes uppbrottet ha skett ur <\/span><span style=\"color: #000000;\">kvarteren. D. 16 Aug. var han \u00e4ndtligen hunnen till Dolhinow. H\u00e4r <\/span><span style=\"color: #000000;\">kvarstod han \u00e4nda till d. 31 och h\u00e4r l\u00e4r han d. 29 ha f\u00e5tt konungens <\/span><span style=\"color: #000000;\">order att s\u00e5 fort som m\u00f6jligt m\u00f6ta vid Mohilow. D\u00e4r hade Carl <\/span><span style=\"color: #000000;\">st\u00e5tt d. 8 Juli\u201418 Aug. Budb\u00e4raren har s\u00e5ledes blifvit mycket <\/span><span style=\"color: #000000;\">f\u00f6rsenad. I Czereja stod sedan Lewenhaupt stilla d. 8\u201415 Sept. D\u00e4r <\/span><span style=\"color: #000000;\">fick han \u00e5nyo, samma dag han kom dit, ett bref fr\u00e4n Mejerfelt, som <\/span><span style=\"color: #000000;\">\u00e5 Carls v\u00e4gnar manade honom till skyndsamhet. Det var just d\u00e5 <\/span><span style=\"color: #000000;\">Carl gjorde sin flankr\u00f6relse mot Tatarsk. Sedan stod Lewenhaupt <\/span><span style=\"color: #000000;\">vid Woronczewitz d. 17\u201418 Sept., d\u00e5 han mottog underr\u00e4ttelsen om <\/span><br \/>\n<span style=\"color: #000000;\">Carls t\u00e5g till Ukrajna. Se vidare noten sid. 324. <\/span><\/p>\n<p style=\"text-align: justify;\"><span style=\"color: #000000;\">Lewenhaupt medgifver sj\u00e4lf att oordningen under t\u00e5get var <\/span><span style=\"color: #000000;\">v\u00e4rre \u00e4n v\u00e4garna, men han skyller den p\u00e5 \u00bbsystemet\u00bb.<\/span><\/p>\n<p style=\"text-align: justify;\"><span style=\"color: #0000ff;\"><a style=\"color: #0000ff;\" href=\"http:\/\/runeberg.org\/karolikrig\/1\/0228.html\">Pag. 184-185, voetnoot *<\/a><\/span><\/p>\n<p style=\"text-align: justify;\"><span style=\"color: #000000;\">* Den 10 Okt. skref Lewenhaupt ett bref till konungen som <\/span><span style=\"color: #000000;\">besvarade det den 12 fr\u00e5n Bialahorst (&#8230;) Den 13 kom Karl till Rakowitz (f\u00f6rmodligen &#8230; i granskapet m\u00f6ta dock ytterligare ett par namn med en viss ljudlikhet, p\u00e5 hvilke man kan gissa) d\u00e4r Generalmajor Mejerfelt stod och d\u00e4r Lewenhaupt nu sammantr\u00e4ffade med konungen och fick redog\u00f6ra f\u00f6r sina \u00f6den. Vid Sokolovka \u2014 \u00bbSkolkow\u00bb XVIII, 11 stod Carl d. 14-16 Oktober.<\/span><\/p>\n","protected":false},"excerpt":{"rendered":"<p>R. Petre, \u201cF\u00e4nrik Robert P:s Dagbok 1702-1709\u201d, Karolinska Krigares Dagb\u00f6cker j\u00e4mte andra samtida skrifter, \u00a0deel 1, Lund 1901. Carl Fredrik Meijerfeldt sr. Pag. 137\u00a0(30 juni 1708) J dagning kom jag till compagniet med mitt manskapp, som warit med mig commenderadt, och marcherade\u00a0compagniet middagztijden gehnaste w\u00e4gen till Frauenburg, derest hela regementet skulle st\u00f6ta tillsammans, och marchera &hellip; <a href=\"https:\/\/meijenfeldt.nl\/?page_id=18458\" class=\"more-link\">Verder lezen <span class=\"screen-reader-text\">Petre<\/span><\/a><\/p>\n","protected":false},"author":1,"featured_media":0,"parent":0,"menu_order":0,"comment_status":"closed","ping_status":"closed","template":"","meta":{"footnotes":""},"class_list":["post-18458","page","type-page","status-publish","hentry"],"_links":{"self":[{"href":"https:\/\/meijenfeldt.nl\/index.php?rest_route=\/wp\/v2\/pages\/18458","targetHints":{"allow":["GET"]}}],"collection":[{"href":"https:\/\/meijenfeldt.nl\/index.php?rest_route=\/wp\/v2\/pages"}],"about":[{"href":"https:\/\/meijenfeldt.nl\/index.php?rest_route=\/wp\/v2\/types\/page"}],"author":[{"embeddable":true,"href":"https:\/\/meijenfeldt.nl\/index.php?rest_route=\/wp\/v2\/users\/1"}],"replies":[{"embeddable":true,"href":"https:\/\/meijenfeldt.nl\/index.php?rest_route=%2Fwp%2Fv2%2Fcomments&post=18458"}],"version-history":[{"count":15,"href":"https:\/\/meijenfeldt.nl\/index.php?rest_route=\/wp\/v2\/pages\/18458\/revisions"}],"predecessor-version":[{"id":20615,"href":"https:\/\/meijenfeldt.nl\/index.php?rest_route=\/wp\/v2\/pages\/18458\/revisions\/20615"}],"wp:attachment":[{"href":"https:\/\/meijenfeldt.nl\/index.php?rest_route=%2Fwp%2Fv2%2Fmedia&parent=18458"}],"curies":[{"name":"wp","href":"https:\/\/api.w.org\/{rel}","templated":true}]}}