{"id":179,"date":"2016-09-04T16:53:43","date_gmt":"2016-09-04T16:53:43","guid":{"rendered":"http:\/\/wordpress.celinevonmeijenfeldt.nl\/?page_id=179"},"modified":"2024-04-03T14:58:44","modified_gmt":"2024-04-03T14:58:44","slug":"1-7-3-een-voorname-familie","status":"publish","type":"page","link":"https:\/\/meijenfeldt.nl\/?page_id=179","title":{"rendered":"1.7.6. Staatsgreep 1772"},"content":{"rendered":"<p style=\"text-align: justify;\"><span style=\"color: #000000;\">Johann August von Meijerfeldt treedt als 132ste lid toe tot de Vrijmetselarij in de loge \u201cAdolf Fredrik\u201d, die bestaan heeft tussen 1753 en 1775 en maar 135 leden heeft geteld. Ook is hij actief in de <\/span><span style=\"color: #000000;\">de adellijke fractie van de <\/span><span style=\"color: #000000;\">Rijksdag. Hij had al deelgenomen aan de zitting 1751-1752 en i<\/span><span style=\"color: #000000;\">n de jaren zestig toont hij zich bij uitstek een representant van de Hofpartij. Hij is kritisch over de toenadering van de konin\u00adgin tot de Hoedenpartij en tracht via de koning een coalitie te voorkomen. In verband met deze houding weet hij zich te handhaven, als de Mutsenpartij in 1765 de macht in alle staatsinstellingen verovert. In de Rijksdag 1765-1766 behoort hij binnen de 50 leden tellende delegatie van de adel tot de weinige representanten van de Hofpartij. Toch schijnt hij daarin nog zoveel mogelijk de zienswijze van de koningin te hebben uitgedragen.<\/span><\/p>\n<p style=\"text-align: justify;\"><span style=\"color: #000000;\">Brita Margareta Horn, de dochter van Anna Catharina von Meijerfeldt, wordt in 1764 op 20-jarige leeftijd hofmeisje bij koningin Lovisa Ulrika. Zij krijgt een serieuze liefdesaffaire met haar tweede zoon, prins Karel. Dienst vertrouweling en haar latere schoonvader &#8211; Claes Julius Ekeblad &#8211; kenschetst haar als melancholiek en neurotisch, wegkwijnend, preuts en snel te beledigen. De jonge geliefden wisselen verlovingsringen uit.\u00a0<\/span><\/p>\n<p style=\"text-align: justify;\"><span style=\"color: #000000;\">Brita Barnekow houdt zich bezig met de sociale ontwikkeling op de landgoederen in Sk\u00e5ne, S\u00f6fdeborg en Ugerup. In 1765 laat zij een nieuw armenhuis bij de kerk van S\u00f6fde bouwen. Het bestaat uit twee huisjes van vier verwarmde kamers. Zijzelf en parochianen betalen regelmatig 20 \u00d6re voor kleding. In 1766 betaalt zij voor een stenen muur met tegels rondom het noordelijke deel van het kerkhof. Ugerup wordt goed verzorgd door inspecteur Hindrichsson en daarom geeft zij hem op 7 juni van dat jaar Nym\u00f6lla, linksonder op het landgoed, als persoonlijk bezit.<\/span><\/p>\n<p style=\"text-align: justify;\"><span style=\"color: #000000;\">Op 12 november 1766 baart Louise haar eerste kind, een zoon met de weinig opzienbarende namen Johann August, die vanaf hier de toevoeging III krijgt. Twee dagen later vindt een grote doopplechtigheid plaats in de Riddarholmskyrkan in de oude stad (<em>Gamla Stan<\/em>) van Stockholm. Getuigen zijn graaf Tessin, gravin von Meijerfeldt (de grootmoeder van vaderszijde Brita Barnekow), graaf Horn (de oom), gravin T\u00f6rnflycht (de grootmoeder van moederszijde), graaf Wrede-Sparre (de grootvader van moederszijde), gravin Bjelke, baron Adlerfeld, overste Wrangel, graaf Pehr Brahe en Brita Horn. <span style=\"color: #0000ff;\"><a style=\"color: #0000ff;\" href=\"#voetnoot\">(1)<\/a><\/span><\/span><\/p>\n<p style=\"text-align: justify;\"><span style=\"color: #000000;\">O<\/span><span style=\"color: #000000;\">p 19 december 1766<\/span><span style=\"color: #000000;\"> ziet Johann August jr zijn kans schoon <\/span><span style=\"color: #000000;\">het regiment Sprengtporten (L\u00f6wensfels was in 1763 overleden)<\/span><span style=\"color: #000000;\"> in te wisselen voor het <\/span><span style=\"color: #000000;\">Lijfregiment van de Koningin\u00a0<\/span><span style=\"color: #000000;\">onder kolonel H\u00f6pken <\/span><span style=\"color: #000000;\">te Stralsund. Hij had hierin in de periode 1744-1751 gediend en kan door het vertrek van <\/span><span style=\"color: #000000;\">Blixen in elk geval de rang van luitenant-kolonel hierarchisch vervullen, hoewel hij titulair al vier jaar kolonel is. Hij wordt <\/span><span style=\"color: #000000;\">tevens benoemd tot a<\/span><span style=\"color: #000000;\">djudant-generaal bij koning Adolf Frederik<\/span><span style=\"color: #000000;\">.<\/span><span style=\"color: #000000;\">\u00a0<span style=\"color: #0000ff;\"><a style=\"color: #0000ff;\" href=\"#voetnoot\">(2)<\/a><\/span><\/span><\/p>\n<p style=\"text-align: justify;\"><span style=\"color: #000000;\">Eind 1768 steunt Johann August jr kroonprins Gustaaf III in een dramatische Senaatszitting, waarin koning Adolf Frederik &#8211; door enkele dagen werkelijk af te treden &#8211; een paar van zijn geringe bevoegdheden terugkrijgt. <span style=\"color: #0000ff;\"><a style=\"color: #0000ff;\" href=\"#voetnoot\">(3)<\/a><\/span><\/span><\/p>\n<p style=\"text-align: justify;\"><span style=\"color: #000000;\">Op 11 november 1769 wordt e<\/span><span style=\"color: #000000;\">en tweede zoon, Axel Friedrich, geboren. Hij is vernoemd naar zijn moeder&#8217;s vader en zijn oom Carl Friedrich jr. De doopplechtigheid vindt twee dagen later plaats in de Jacobskerk, met als getuigen Rijksraad baron Mauritz Posse, kolonel Rutger Barnekow (oom van de vader) en baron Anders Reinhold Wrangel. <\/span><a href=\"#voetnoot\"><span style=\"color: #0000ff;\">(4)<\/span><\/a><\/p>\n<p style=\"text-align: justify;\"><span style=\"color: #000000;\">Carl Friedrich jr wordt door de koning op 28 april 1770 jaar onderscheiden als Ridder van de Zwaard Orde (R.S.O.). Op 21 juni van dat jaar raakt de post adjudant-generaal bij de koning vacant, omdat deze qua tijdsbeslag niet te verenigen is met de benoeming van Johann August jr tot chef van het regiment van V\u00e4sterbotten. <span style=\"color: #0000ff;\"><a style=\"color: #0000ff;\" href=\"#voetnoot\">(5)<\/a><\/span><\/span><\/p>\n<p style=\"text-align: justify;\"><span style=\"color: #000000;\">In 1770 komt de apotheose in de relatie tussen Brita Horn en prins Karel. Zij stevenen af op een huwelijk, <\/span><span style=\"color: #000000;\">zonder hun relatie overigens nog &#8216;geconsumeerd&#8217; te hebben. De <\/span><span style=\"color: #000000;\">familie Horn heeft er wel oren naar, maar het Hof is tegen, net als tegen een huwelijk van prins Fredrik met hofdame Ulla von Fersen. <\/span><span style=\"color: #000000;\">In 1769 werpt de politiek zich op de kwestie. De Hoeden bieden Horn en Von Fersen steun aan in ruil voor hun steun aan de partij. Horn hapt toe, maar Von Fersen niet, zodat beide relaties stranden. Prins Karel wordt <\/span><span style=\"color: #000000;\">op een buitenlandse reis gestuurd <\/span><span style=\"color: #000000;\">en Brita volgt de koningin naar haar familie in Berlijn<\/span><\/p>\n<p style=\"text-align: justify;\"><span style=\"color: #000000;\">Brita Horn kan niet loskomen van haar affaire met hertog Karel. Zij zoekt vergetelheid bij haar grootmoeder Brita Barnekow in Pommeren, die daar de laatste jaren van haar leven verblijft. Op 17 december 1771 schrijft Adam Horn een brief aan Brita op Nehringen. De inhoud van deze brief onthult veel over de familie: <a style=\"color: #000000;\" href=\"https:\/\/meijenfeldt.nl\/?page_id=10609#voetnoot\"><span style=\"color: #0000ff;\">(6)<\/span><\/a><\/span><\/p>\n<p style=\"text-align: justify; padding-left: 40px;\"><span style=\"color: #000000; font-size: 10pt;\"><em>La malad\u00e9 de Notre Grand Mere me fait de la peine, mais a son age les infirmit\u00e9s sont communes et ont doit ce preparer alors aux evenemens que la Providence ordonne. Je suis bien ai se qu\u2019Elle Vous aye remis Les Diamans de Votre Mere, qui a sa mort auroient pu ce perdre sans qu\u2019on auriot sec ce qu\u2019ils seroit dcvenus, et comme Votre Mere ce trouve dans une situation trop triste et malheuresement pour jamais esperer qu\u2019elle puisse en faire usage je Vous en fait present et je Vous Les donne toutes<\/em>.<\/span><\/p>\n<p style=\"text-align: center;\"><img loading=\"lazy\" decoding=\"async\" class=\"aligncenter\" src=\"https:\/\/meijenfeldt.nl\/wp-content\/uploads\/2022\/02\/Anna-Catharina-Horn-Meijerfeldt-249x300.jpg\" width=\"332\" height=\"400\" \/><span style=\"color: #000000;\"><span style=\"font-size: 10pt;\"><em>Gravin Anna Catharina von Meijerfeldt<br \/>\nZeer laag uitgesneden blauwgroen jurk, wit gedrapeerd, gepoederd haar,<br \/>\nklein boeket bloemen, donker buine ogen&#8221; (tekst 190 in<br \/>\nC. Bonde, &#8220;Portr\u00e4ttsamlingen vid Vibyholm&#8221;, 1876)<br \/>\nTechniek: <\/em>Olieverf op canvas, 84 x 66 cm<em><br \/>\n<\/em><\/span><\/span><span style=\"color: #000000;\"><span style=\"font-size: 10pt;\"><em>Artiest: Olaf Arenius (1700-1766)<br \/>\nBezit: Vibyholm<br \/>\nBronnen: Nationalmuseum 1917:407,\u00a0Str\u00f6mbom 681<br \/>\nFoto: Vibyholm<\/em><\/span><\/span><\/p>\n<p style=\"text-align: justify;\"><span style=\"color: #000000;\">Adam Horn schrijft over de ziekte van grootmoeder. Hij is er bij het schrijven van zijn brief blijkbaar nog niet van op de hoogte dat zij al op 1 december op Nehringen overleden is. Zij is 71 jaar oud geworden. In de St. Andreas Kirche vindt op 9 december de uitvaartdienst plaats. Zij wordt begraven in het familiegraf onder de vloer als laatste van de tweede generatie Von Meijerfeldts.\u00a0<\/span><\/p>\n<p style=\"text-align: justify;\"><span style=\"color: #000000;\">Naast de juwelen die Anna Catharina eerder van haar moeder kreeg en door Adam Horn aan dochter Brita zijn gegeven tekenen de drie erfgenamen begin mei 1772 enkele akkoorden.\u00a0<\/span><\/p>\n<p style=\"text-align: justify;\"><span style=\"color: #000000;\">Adam Horn tracht van Anna Catharina von Meijerfeldt te scheiden, maar slaagt niet in die opzet. <span style=\"color: #0000ff;\"><a style=\"color: #0000ff;\" href=\"https:\/\/meijenfeldt.nl\/?page_id=10609#voetnoot\">(7)<\/a><\/span> Hij concludeert dat het huwelijk hem weinig voordelen bracht, omdat hij naast de ziekte van zijn vrouw geen voordeel had van zijn beroemde schoonvader, vanwege diens impopulariteit bij de legertop sinds de uitwisseling bij Poltava. Kort hierop overlijdt hij zelf, eind januari 1772, op 55-jarige leeftijd. Veel adellijke families zijn angstig dat zijn correspondentie met alle affaires nu naar buiten gaan komen, maar dat gebeurt niet.<\/span><\/p>\n<p style=\"text-align: center;\"><img loading=\"lazy\" decoding=\"async\" class=\"wp-image-50962 aligncenter\" src=\"https:\/\/meijenfeldt.nl\/wp-content\/uploads\/2022\/11\/Pasch-248x300.jpg\" alt=\"\" width=\"449\" height=\"543\" srcset=\"https:\/\/meijenfeldt.nl\/wp-content\/uploads\/2022\/11\/Pasch-248x300.jpg 248w, https:\/\/meijenfeldt.nl\/wp-content\/uploads\/2022\/11\/Pasch.jpg 638w\" sizes=\"auto, (max-width: 449px) 100vw, 449px\" \/><em style=\"color: #000000; font-size: 13.3333px;\">Graaf Johann August von Meijerfeldt jr<br \/>\n<span style=\"color: #000000; font-size: 10pt;\">Techniek:\u00a0<\/span><\/em><span style=\"color: #000000; font-size: 10pt;\">Olieverf op canvas doek<br \/>\n<\/span><em><span style=\"color: #000000; font-size: 10pt;\">Kleding: <\/span><\/em><span style=\"color: #000000; font-size: 10pt;\">Uniform Zweeds leger (boven)<\/span><em><span style=\"color: #000000; font-size: 10pt;\"><br \/>\n<\/span><\/em><em><span style=\"color: #000000; font-size: 10pt;\">Afmeting: <\/span><\/em><span style=\"color: #000000; font-size: 10pt;\">83 cm hoog x 66 cm breed<\/span><em><span style=\"color: #000000; font-size: 10pt;\"><br \/>\nArtiest: <\/span><\/em><span style=\"color: #000000; font-size: 10pt;\">Lorenz Pasch jr (1733-1805), kopie van <span style=\"font-size: 10pt;\">Gustaf Lundberg (1695-1786)<\/span><\/span><em><span style=\"color: #000000; font-size: 10pt;\"><br \/>\nBezit: <\/span><\/em><span style=\"color: #000000; font-size: 10pt;\">N<\/span><span style=\"color: #000000; font-size: 10pt;\">orbotten Regimente Garnisonsmuseet, Boden <\/span><span style=\"color: #0000ff;\"><a style=\"color: #0000ff;\" href=\"#voetnoot\"><span style=\"font-size: 10pt;\">(8)<\/span><span style=\"font-size: 10pt;\"><br \/>\n<\/span> <\/a><\/span><em><span style=\"color: #000000; font-size: 10pt;\">Bronnen: <\/span><\/em><span style=\"color: #000000; font-size: 10pt;\">Nationalmuseum 1923:461, Str\u00f6bom 683<\/span><em><span style=\"color: #000000; font-size: 10pt;\"><br \/>\nFoto: <\/span><\/em><span style=\"color: #000000; font-size: 10pt;\">Garnisonsmuseet<\/span><\/p>\n<p style=\"text-align: justify;\"><span style=\"color: #000000;\">De royalistische houding van Johann August tijdens de Rijksdagen 1769-1770 en 1771-1772 gaat steeds meer reli\u00ebf krijgen. K<\/span><span style=\"color: #000000;\">oning Adolf Frederik was op<\/span><span style=\"color: #000000;\"> 12 februari 1771 overleden en zijn 25-jarige oudste zoon Gustaaf III washem opgevolgd. Deze krachtige persoon wil een einde maken aan de door de Mutsen veroorzaakte onderhorigheid aan Rusland. <\/span><span style=\"color: #000000;\">Als traditioneel lid van de Hofpartij kan Johann August zich tot de vertrouwelingen van de nieuwe koning rekenen. <\/span><span style=\"color: #000000;\">Zo gedraagt hij zich ook aan het hof, vaak tot ongenoegen van anderen. De volgende anekdote illustreert dat: admiraal Tersmeden wacht op 22 juli 1772 met spanning op de dingen die te gebeuren staan. Om de tijd te doden doet hij niet zonder succes mee aan een kaartspel, waarbij gravin Gyldenstolpe en graaf Posse, zijn voogd, aan zijn zijde staan. Als de koning eindelijk arriveert, wordt hem geen blik waardig gekeurd. Als hij dan graaf von Meijerfeldt aanklampt, merkt deze slechts smalend op: &#8220;<i>Tersmeden heeft goede voogden in het spel!<\/i>\u201d <span style=\"color: #0000ff;\"><a style=\"color: #0000ff;\" href=\"#voetnoot\">(9)<\/a><\/span><\/span><\/p>\n<p style=\"text-align: justify;\"><span style=\"color: #000000;\">In de Zweedse kranten van die tijd zijn de reisbewegingen van de graven von Meijerfeldt tussen hun landgoederen goed te volgen. Zo reisde Johann August jr eerder op 30 juni 1770 van Karlskrona naar Sk\u00e5ne en maakt Carl Friedrich jr dezelfde\u00a0 reis op 30 mei 1772. Op 8 juli van dat jaar komt de eerste in Ystad aan na een oversteek van Stralsund en herhaalt Carl Friedrich dat op 16 juni 1774. <a style=\"color: #000000;\" href=\"https:\/\/meijenfeldt.nl\/wp-admin\/post.php?post=177&amp;action=edit#voetnoot\"><span style=\"color: #0000ff;\">(10)<\/span><\/a><\/span><\/p>\n<p style=\"text-align: justify;\"><span style=\"color: #000000;\">Voor de tweede maal is Johann August von Meijerfeldt jr betrokken bij een koninklijke couppoging. Met behulp van het leger en Franse steunbeloften pleegt Gustaaf III in augustus 1772 een geslaagde coup, herstelt het autoritaire koninklijk gezag en geeft de toon aan voor een grote culturele bloei naar Franse snit. Johann August profiteert buitengewoon van deze omwenteling.<\/span><\/p>\n<p style=\"text-align: center;\"><span style=\"color: #000000;\"><img loading=\"lazy\" decoding=\"async\" class=\"alignnone wp-image-790\" src=\"https:\/\/meijenfeldt.nl\/wp-content\/uploads\/2016\/10\/IMG_0310-246x300.jpg\" alt=\"\" width=\"400\" height=\"488\" srcset=\"https:\/\/meijenfeldt.nl\/wp-content\/uploads\/2016\/10\/IMG_0310-246x300.jpg 246w, https:\/\/meijenfeldt.nl\/wp-content\/uploads\/2016\/10\/IMG_0310.jpg 455w\" sizes=\"auto, (max-width: 400px) 100vw, 400px\" \/><br \/>\n<i><span style=\"font-size: 10pt;\">Koning Gustaaf III (regeert 1771-1792)<\/span><\/i><\/span><\/p>\n<p style=\"text-align: center;\"><span style=\"color: #000000; font-size: 10pt;\"><span style=\"color: #0000ff;\"><a id=\"voetnoot\"><\/a><a style=\"color: #0000ff;\" href=\"https:\/\/meijenfeldt.nl\/?page_id=177\">Terug<\/a><\/span>\u00a0 \u00a0***\u00a0 \u00a0<a href=\"https:\/\/meijenfeldt.nl\/?page_id=63037\"><span style=\"color: #0000ff;\">Verder<\/span><\/a><\/span><\/p>\n<p><span style=\"color: #000000; font-size: 10pt;\">1. Kyroarchiv Riddarholmskyrkan, F\u00f6delse- och dopb\u00f6cker 1738-1793, <span style=\"color: #0000ff;\"><a style=\"color: #0000ff;\" href=\"https:\/\/sok.riksarkivet.se\/bildvisning\/C0055335_00177#?c=&amp;m=&amp;s=&amp;cv=176&amp;xywh=3634%2C3402%2C2825%2C1743\">folio 177<\/a>.<\/span><br \/>\n2. Krigarkivet Sverige, 023 Generalm\u00f6nsterrullor, 0\/1359 <span style=\"font-size: 10pt;\">Drottningens livregemente till fot, kolonel H\u00f6pken,\u00a0 \u00d6fwerste=Lietenants<span style=\"color: #0000ff;\"><span style=\"color: #000000;\"> Compagnies, <\/span><a style=\"color: #0000ff;\" href=\"https:\/\/sok.riksarkivet.se\/bildvisning\/A0029457_00054#?c=&amp;m=&amp;s=&amp;cv=53&amp;xywh=-451%2C305%2C5157%2C3411\">fol. 54<\/a>, <\/span><\/span><\/span><span style=\"font-size: 10pt;\">0\/1360, <\/span><span style=\"color: #000000; font-size: 10pt;\"><span style=\"font-size: 10pt;\"><span style=\"color: #0000ff;\"><a style=\"color: #0000ff;\" href=\"https:\/\/sok.riksarkivet.se\/bildvisning\/A0029458_00049#?c=&amp;m=&amp;s=&amp;cv=48&amp;xywh=393%2C730%2C4165%2C2755\">fol. 49<\/a>.<\/span><\/span><br \/>\n3. L. Lundquist, lemma in &#8220;Svenskt Biografiskt Lexikon&#8221;, Stockholm 1986, pag. 476. M.F. Metcalf, &#8220;Russia, England and Swedish Party Politics 1762-1766&#8221;, Stockholm 1977, pag. 139. J. Breevoort, \u201cVerhalen uit het Zweedse hofleven\u201d, deel 1 \u201cDe koningin boven den koning\u201d, Rotterdam 1916, pag. 172-173.<br \/>\n4. Kyrckoarchiv Jacobskyrka, F\u00f6delse- och dopb\u00f6cker 1768-1775, <span style=\"color: #0000ff;\"><a style=\"color: #0000ff;\" href=\"https:\/\/sok.riksarkivet.se\/bildvisning\/C0054703_00077#?c=&amp;m=&amp;s=&amp;cv=76&amp;xywh=-380%2C1906%2C4212%2C2755\">folio 64<\/a><\/span>.<br \/>\n5. Krigarkivet Sverige, 023 Generalm\u00f6nsterrullor, 0\/747 V\u00e4sterbottens regemente 1774, <a style=\"color: #000000;\" href=\"https:\/\/sok.riksarkivet.se\/bildvisning\/A0028750_00009#?c=&amp;m=&amp;s=&amp;cv=8&amp;xywh=-175%2C574%2C5532%2C3476\"><span style=\"color: #0000ff;\">folio 2-3<\/span><\/a>.<br \/>\n<\/span><span style=\"font-size: 10pt;\">6. Riksarkivet Sverige, Biographica M 8 b.<br \/>\n<\/span><span style=\"font-size: 10pt;\"><span style=\"color: #000000;\">7. M.J. Petry in zijn vertaling van Carl von Linn\u00e9, \u201cNemesis Divina\u201d, pag. 357.<br \/>\n<\/span>8. Post- Och Inrikes Tidningar, <span style=\"color: #0000ff;\"><a style=\"color: #0000ff;\" href=\"https:\/\/tidningar.kb.se\/8206782\/1878-06-18\/edition\/144010\/part\/1\/page\/3\/?q=%20meijerfeldt\"><span class=\"date\" data-reactid=\".0.1.2.6.1\">18-06-1878<\/span><\/a><\/span>, met beschrijving van zijn uiterlijk en de inscriptie.<br \/>\n<\/span><span style=\"color: #000000; font-size: 10pt;\">9. N. Erdmann, \u201cAdmiral Carl Tersmedens Memoarer\u201d, Stock\u00adholm 1915, deel 5, <a href=\"https:\/\/digital.ub.umu.se\/node\/323596\/search?fulltext-query=Meijerfeldt&amp;preview=323596%2F70%2Fsimple%2F0#overlay=admin\/nainuwa\/content\/323396\/hocr\"><span style=\"color: #0000ff;\">pag. 64<\/span><\/a>.<br \/>\n10. Carlscronas Wekoblad, Politie- och Commerce-Tidningar, <span style=\"color: #0000ff;\"><a style=\"color: #0000ff;\" href=\"https:\/\/tidningar.kb.se\/9422417\/1770-06-30\/edition\/145063\/part\/1\/page\/1\/?q=mejerfeldt\">30-06-<span class=\"date\" data-reactid=\".0.1.2.6.1\">1770<\/span><\/a><\/span> en <span style=\"color: #0000ff;\"><a style=\"color: #0000ff;\" href=\"https:\/\/tidningar.kb.se\/9422417\/1772-05-30\/edition\/145063\/part\/1\/page\/1\/?q=%20meijerfeldt\">30-05-1772<\/a><\/span>. Inrikes Tidningar, <span style=\"color: #0000ff;\"><a style=\"color: #0000ff;\" href=\"https:\/\/tidningar.kb.se\/2509100\/1772-07-16\/edition\/145120\/part\/1\/page\/2\/?q=%20mejerfelt\">16-07-1772<\/a><\/span> en <span style=\"color: #0000ff;\"><a style=\"color: #0000ff;\" href=\"https:\/\/tidningar.kb.se\/2509100\/1774-06-27\/edition\/145120\/part\/1\/page\/2\/?q=%20meijerfelt&amp;from=1774-01-01&amp;to=1774-12-31\">27-06-1774<\/a><\/span>.<\/span><span style=\"color: #000000; font-size: 10pt;\"><br \/>\n<\/span><\/p>\n","protected":false},"excerpt":{"rendered":"<p>Johann August von Meijerfeldt treedt als 132ste lid toe tot de Vrijmetselarij in de loge \u201cAdolf Fredrik\u201d, die bestaan heeft tussen 1753 en 1775 en maar 135 leden heeft geteld. Ook is hij actief in de de adellijke fractie van de Rijksdag. Hij had al deelgenomen aan de zitting 1751-1752 en in de jaren zestig &hellip; <a href=\"https:\/\/meijenfeldt.nl\/?page_id=179\" class=\"more-link\">Verder lezen <span class=\"screen-reader-text\">1.7.6. Staatsgreep 1772<\/span><\/a><\/p>\n","protected":false},"author":1,"featured_media":0,"parent":173,"menu_order":0,"comment_status":"closed","ping_status":"closed","template":"","meta":{"footnotes":""},"class_list":["post-179","page","type-page","status-publish","hentry"],"_links":{"self":[{"href":"https:\/\/meijenfeldt.nl\/index.php?rest_route=\/wp\/v2\/pages\/179","targetHints":{"allow":["GET"]}}],"collection":[{"href":"https:\/\/meijenfeldt.nl\/index.php?rest_route=\/wp\/v2\/pages"}],"about":[{"href":"https:\/\/meijenfeldt.nl\/index.php?rest_route=\/wp\/v2\/types\/page"}],"author":[{"embeddable":true,"href":"https:\/\/meijenfeldt.nl\/index.php?rest_route=\/wp\/v2\/users\/1"}],"replies":[{"embeddable":true,"href":"https:\/\/meijenfeldt.nl\/index.php?rest_route=%2Fwp%2Fv2%2Fcomments&post=179"}],"version-history":[{"count":72,"href":"https:\/\/meijenfeldt.nl\/index.php?rest_route=\/wp\/v2\/pages\/179\/revisions"}],"predecessor-version":[{"id":63034,"href":"https:\/\/meijenfeldt.nl\/index.php?rest_route=\/wp\/v2\/pages\/179\/revisions\/63034"}],"up":[{"embeddable":true,"href":"https:\/\/meijenfeldt.nl\/index.php?rest_route=\/wp\/v2\/pages\/173"}],"wp:attachment":[{"href":"https:\/\/meijenfeldt.nl\/index.php?rest_route=%2Fwp%2Fv2%2Fmedia&parent=179"}],"curies":[{"name":"wp","href":"https:\/\/api.w.org\/{rel}","templated":true}]}}