{"id":17374,"date":"2019-07-09T13:13:20","date_gmt":"2019-07-09T13:13:20","guid":{"rendered":"http:\/\/meijenfeldt.nl\/?page_id=17374"},"modified":"2024-08-12T13:34:54","modified_gmt":"2024-08-12T13:34:54","slug":"conflict-met-dantzig","status":"publish","type":"page","link":"https:\/\/meijenfeldt.nl\/?page_id=17374","title":{"rendered":"1.4.6. Danzig &#038; baron"},"content":{"rendered":"<p style=\"text-align: justify;\"><span style=\"color: #000000;\">Carl Friedrich von Meijerfeldt verliest op 28 februari 1705 zijn regimentschef Von Campenhausen, die op 65-jarige leeftijd in Riga overlijdt. Hij gaat een tijd lang zelf het commando voeren omdat generaal Lewenhaupt niet meteen een vervanger benoemt. Pas op 14 juni 1706 zal het bevel overgaan op kolonel Eric G\u00f6ran von Vitinghoff.<\/span><\/p>\n<p style=\"text-align: justify;\"><span style=\"color: #000000;\">Zijn broer Johann August von Meijerfeldt is in 1705 aan de zijde van de Zweedse koning Karel XII te vinden. Het winterkwartier slaat hij weer zo dicht mogelijk bij de thuishaven van zijn soldaten op: in Dirschau (<i>Tczew<\/i>) aan de Weichsel, vlakbij de havenstad Danzig, destijds door de Hollandse kooplui Danswijk genoemd (<i>Gda\u00f1sk<\/i>). <span style=\"color: #0000ff;\"><a style=\"color: #0000ff;\" href=\"#voetnoot\">(1)<\/a>\u00a0<span style=\"color: #000000;\">Hij raakt daar Duitse soldaten kwijt, maar weet er veel meer te werven tot een sterkte van 1.350 man. Op 12 juni breekt de koning met zijn hoofdmacht op naar Blonie en laat Johann August bij Danzig achter.\u00a0<\/span><\/span><\/span><\/p>\n<p style=\"text-align: justify;\"><span style=\"color: #000000;\">Danzig is internationaal erkend als neutrale en vrije handelshaven, die dankzij de Poolse export tot de grootste en rijkste stad aan de Oostzee is uitgegroeid. Er wonen katholieke Polen, lutherse Duitsers en calvinistische Hollanders. Vanwege de afwezigheid van een leger en vloot had de stad zich lange tijd geleden onder de bescherming van de Poolse koning geplaatst. Die koning was inmiddels een afgezworen buitenlander en daarin ziet Karel XII aanleiding de stad zijn wil op te leggen. Johann August rapporteert hem tijdens zijn vele bezoeken aan de stad over de aanzienlijke sterkte van de vesting. Bovendien waarschuwen de Engelse gezant Robinson en Hollandse gezant Van Haersolte de Zweedse gezant Cuypercrona hun handelspartner en bezittingen in de stad met rust te laten.<\/span><\/p>\n<p style=\"text-align: justify;\"><span style=\"color: #000000;\">Dat brengt Karel XII op het idee niet aan de positie van de stad te tornen, maar de dankzij hem medio 1704 gekozen Poolse koning Stanislaus zonder reserve als beschermheer te erkennen. Daarover<\/span><span style=\"color: #000000;\"> ontstaat een conflict. Twee Poolse vorsten die August de Sterke nog steunen verblijven in de stad. Carl XII ziet dit als aantasting van de neutraliteit, het stadsbestuur juist als teken van neutraliteit. Op 22 juni rijdt Johann August de stad Danzig binnen en laat de Raadspresident weten dat er geen ruimte voor discussie is. Hij dreigt zijn naam als stedenbrander eer aan te doen. De Raadspresident schrikt hevig en verzekert dat de twee vorsten de stad al weer hebben verlaten. Dat wekt nog meer woede bij Karel XII op en Johann August eist nu van de stad uitlevering van de twee, waar ze zich ook maar bevinden.<\/span><\/p>\n<p style=\"text-align: justify;\"><span style=\"color: #000000;\">Een tweede conflict zou zijn opgekomen, doordat het bestuur van Danzig met een beroep op neutraliteit een met voorraden en troepen aangekomen Zweedse vloot de doorgang over de Weichsel zou hebben geweigerd. Het lijkt er op dat dit het conflict is dat Stenbock in 1703 met de stad had, toen Karel XII bezig was de vrije zustersteden Thorn en Elbing te veroveren.<\/span><\/p>\n<p style=\"text-align: justify;\"><span style=\"color: #000000;\">Johann August maakt nog geen aanstalten zijn vurige dreigement te volvoeren. De stad is geneigd de kwestie af te kopen voor \u00a050 of 60.000 rijksdaalder. Enerzijds wordt gezegd dat de koning nog geen shilling wil aannemen, anderzijds dat het bedrag eerder 400.000 rijksdaalder zou moeten zijn. <span style=\"color: #0000ff;\"><a style=\"color: #0000ff;\" href=\"#voetnoot\">(2)<\/a><\/span><\/span><\/p>\n<p style=\"text-align: center;\"><span style=\"font-size: 10pt;\"><em><img loading=\"lazy\" decoding=\"async\" class=\"alignnone wp-image-17394\" src=\"https:\/\/meijenfeldt.nl\/wp-content\/uploads\/2019\/07\/Danzig1730-300x272.jpg\" alt=\"\" width=\"636\" height=\"577\" srcset=\"https:\/\/meijenfeldt.nl\/wp-content\/uploads\/2019\/07\/Danzig1730-300x272.jpg 300w, https:\/\/meijenfeldt.nl\/wp-content\/uploads\/2019\/07\/Danzig1730-768x697.jpg 768w, https:\/\/meijenfeldt.nl\/wp-content\/uploads\/2019\/07\/Danzig1730-1024x929.jpg 1024w\" sizes=\"auto, (max-width: 636px) 100vw, 636px\" \/><br \/>\nDe Danziger Werder, rechts van de stad<\/em><\/span><\/p>\n<p style=\"text-align: justify;\"><span style=\"color: #000000;\">Karel XII maant Johann August met het platbranden van \u00a0voorsteden en hoeven te beginnen. Met dat doel arriveert hij op 8 juli met 2.000 \u00e0 3.000 dragonders in de Danziger Werder. De bevolking wil tegenstand bieden, maar het stadsbestuur hoopt nog op een vergelijk. In die zin schrijft ook Johann August terug aan zijn koning. <\/span><span style=\"color: #000000;\">De adviseurs van Karel XII bedenken een gematigder pressiemiddel. Hij moet voor het onderhoud van zijn troepen dagelijks 4.441 broden, 4.441 stukken vlees, 2.221 stukken spek, evenveel gort, 8.840 maten bier, 12.660 balen hooi, 660 schepel haver en 420 rijksdaalder in contanten eisen. <span style=\"color: #0000ff;\"><a style=\"color: #0000ff;\" href=\"#voetnoot\">(3)<\/a><\/span><\/span><\/p>\n<p style=\"text-align: justify;\"><span style=\"color: #000000;\">Koning Karel XII geeft Johann August von Meijerfeldt regelmatig promoties in de militaire rangen vanwege zijn moed. Hij is inmiddels generaal-majoor met een eigen regiment. Hij geeft hem vanwege diens loyaliteit een andersoortige promotie: in zijn Hof te velde in <\/span><span style=\"color: #000000;\">het aan Silezi\u00eb grenzende Rawicz <\/span><span style=\"color: #000000;\">verheft hij hem op <\/span><span style=\"color: #000000;\">12 juli 1705<\/span> <span style=\"color: #000000;\">tot baron (<i>friherre<\/i>)<\/span><span style=\"color: #000000;\">. Of Johan August de grote afstand overbrugt om persoonlijk voor een ceremonie over te komen mag worden betwijfeld. In de brief worden zijn vele militaire verdiensten beschreven, die in de voorgaande paragrafen als primaire bron zijn gebruikt<span style=\"color: #008000;\">. <\/span>Broer Wolmar\u00a0<\/span><span style=\"color: #000000;\">Johann<\/span><span style=\"color: #000000;\">\u00a0<\/span><span style=\"color: #000000;\">wordt in de brief bijgeschreven.<\/span> <a href=\"#voetnoot\"><span style=\"color: #0000ff;\">(4)<\/span><\/a><\/p>\n<p style=\"text-align: center;\"><img loading=\"lazy\" decoding=\"async\" class=\"alignnone wp-image-54237 aligncenter\" src=\"https:\/\/meijenfeldt.nl\/wp-content\/uploads\/2023\/03\/Wapenschild-300x262.jpg\" alt=\"\" width=\"451\" height=\"394\" srcset=\"https:\/\/meijenfeldt.nl\/wp-content\/uploads\/2023\/03\/Wapenschild-300x262.jpg 300w, https:\/\/meijenfeldt.nl\/wp-content\/uploads\/2023\/03\/Wapenschild-1024x895.jpg 1024w, https:\/\/meijenfeldt.nl\/wp-content\/uploads\/2023\/03\/Wapenschild-768x671.jpg 768w, https:\/\/meijenfeldt.nl\/wp-content\/uploads\/2023\/03\/Wapenschild-1536x1342.jpg 1536w, https:\/\/meijenfeldt.nl\/wp-content\/uploads\/2023\/03\/Wapenschild-2048x1790.jpg 2048w\" sizes=\"auto, (max-width: 451px) 100vw, 451px\" \/><span style=\"font-size: 10pt;\"><em>Wapenschild getekend in de Frijherre Bref, Ridderhus Finland<\/em><\/span><span style=\"font-size: 10pt;\"><em><br \/>\n<\/em><\/span><\/p>\n<p style=\"text-align: justify;\"><span style=\"color: #000000;\">Het adelschild is nu hartschild, waarin de geharnaste arm is gedraaid. Rondom vier kwartieren: in het eerste en vierde drie zilveren adelaarskoppen in een azuren veld; in het tweede en derde drie kelen kogels tussen twee kelen schuinbalken in een gouden veld. De helmversiering bestaat uit twee open toernooihelmen. Daarop en -tussen totaal drie baronkronen. Daarboven rechts gekruiste zwaarden en links een adelaarskop met vier vaandels. Lofwerk zilver-azuur en goud-keel.\u00a0<\/span><span style=\"color: #000000;\">De gekozen schildstukken refereren aan zijn militaire verdiensten: adelaarskoppen, kogels, helmen, zwaarden en vaandels. In het lofwerk <\/span><span style=\"color: #000000;\">van het vorige wapen<\/span><span style=\"color: #000000;\">\u00a0<\/span><span style=\"color: #000000;\">heeft het sinopel (groen) plaats gemaakt voor keel (rood).<\/span><\/p>\n<p style=\"text-align: justify;\"><span style=\"color: #000000;\">Omdat de broers v\u00f3\u00f3r introductie in het Zweedse Ridderhuis al weer verhoogd waren tot graaf, is afgezien van introductie van de wapenbrief. Volgens het register van het Ridderhuis had het baronnenwapen tussen de nummers 111 en 112 geplaatst moeten worden. In sommige wapenboeken is desalniettemin toch een afbeelding gemaakt:<\/span><\/p>\n<table style=\"border-collapse: collapse; width: 100%;\">\n<tbody>\n<tr>\n<td style=\"width: 50%; text-align: center;\" colspan=\"2\"><img loading=\"lazy\" decoding=\"async\" class=\" wp-image-50281 aligncenter\" src=\"https:\/\/meijenfeldt.nl\/wp-content\/uploads\/2022\/10\/1705-Baron-212x300.jpg\" alt=\"\" width=\"312\" height=\"442\" srcset=\"https:\/\/meijenfeldt.nl\/wp-content\/uploads\/2022\/10\/1705-Baron-212x300.jpg 212w, https:\/\/meijenfeldt.nl\/wp-content\/uploads\/2022\/10\/1705-Baron.jpg 629w\" sizes=\"auto, (max-width: 312px) 100vw, 312px\" \/><span style=\"color: #000000; font-size: 10pt;\"><em>C.A. Klingspor, &#8220;Sveriges Ridderskaps och Adels Vapenbok&#8221;, Stockholm 1890, <span style=\"color: #0000ff;\"><a style=\"color: #0000ff;\" href=\"https:\/\/www.digitale-bibliothek-mv.de\/viewer\/image\/PPN755781104\/125\/\">pag. 113<\/a><\/span><br \/>\n<\/em><em style=\"text-align: start;\">G. Elgenstierna, &#8220;Den introducerade svenska Adelns \u00e4ttertavlor&#8221;, Stockholm 1930, deel V, <span style=\"color: #0000ff;\"><a style=\"color: #0000ff;\" href=\"https:\/\/meijenfeldt.nl\/wp-content\/uploads\/2022\/09\/Elgenstierna.pdf\">pag. 227<\/a><\/span><\/em><em><br \/>\n<\/em><\/span><\/td>\n<\/tr>\n<\/tbody>\n<\/table>\n<p style=\"text-align: justify;\"><span style=\"color: #000000;\">Carl Friedrich is zeker niet bij een ceremonie, want hij neemt als interimchef van het \u00d6sterbottenregiment op 16 juli deel aan de gewonnen Slag bij Gem\u00e4uerthof (Muhrenhoff, <em>M\u016brmuiza<\/em>), waar hij met Horn succesvol de rechterflank aanvoert, tegen de Russen onder Sjerementjev, die Koerland stap voor stap proberen te veroveren. Ondanks deze wapenfeiten en zijn huwelijk op hoog niveau wordt hij niet op de baronnenbrief bijgeschreven. <span style=\"color: #0000ff;\"><a style=\"color: #0000ff;\" href=\"#voetnoot\">(5)<\/a><\/span><br \/>\n<\/span><\/p>\n<p style=\"text-align: justify;\"><span style=\"color: #000000;\">Het conflict met Danzig loopt met een sisser af. Johann August weet het stadsbestuur te bewegen zich in een brief aan Karel XII zonder trots beroep op de neutraliteit en privileges om de genade van de Zweedse koning te smeken. Daarmee is voor Karel XII inderdaad de kous af. Voor Johann August nog niet. Pas als hij op 22 augustus orders krijgt met zijn troepen naar Warschau te trekken voor de kroningsplechtigheid van Stanislaus, begeeft hij zich naar het Raadhuis van Danzig. Tot verrassing en opluchting van de Raad deelt hij mee met zijn troepen uit de Werder en Dirschau weg te trekken. De Raadspresident noteert zelfs dat hij \u201c<i>sich endlich f\u00fcr gute bewirtung<\/i>\u201d bedankt. Per saldo is de betaalde contributie heel wat lager dan de schade die ontstaan was als Johann August zijn opdracht tot verbranding had uitgevoerd. De angst van de stad is nog niet compleet verdwenen, want de Zweden kunnen zomaar weer terugkeren en dat geldt ook voor de Saksen en de Russen.<span style=\"color: #0000ff;\"> <a style=\"color: #0000ff;\" href=\"#voetnoot\">(6)<\/a><\/span><\/span><\/p>\n<p style=\"text-align: justify;\"><span style=\"color: #000000;\">Er ontstaat een probleem, als Johann August de door hem uit de Danziger Werder gehaalde contributies als soldij aan zijn soldaten wil uitbetalen. Koning Stanislaus eist het bedrag niet zonder grond op als de jaarlijks belasting die de stad aan de Poolse koning moet betalen, maar Karel XII wijst dit af: <span style=\"color: #0000ff;\"><a style=\"color: #0000ff;\" href=\"#voetnoot\">(7)<\/a><\/span><\/span><span style=\"color: #000000;\"><i>\u00a0\u201cDa\u03b2 Meijerfeldt sein Geld verliert, wird sein Regiment in einen schauerlich h\u00e4\u03b2liches Labyrinth versetzen.\u201d\u00a0<\/i><\/span><span style=\"color: #000000;\">Johann August had voor vuistgevechten en wanordelijk gedrag onder de buitenlandse huurlingen gewaarschuwd. <\/span><\/p>\n<p style=\"text-align: justify;\"><span style=\"color: #000000;\">De altijd lichtgeraakte generaal Magnus Stenbock, die het eerder aan de stok had met Wolmar Johann, trekt zich deze waarschuwing aan alsof gericht tegen zijn eigen vreemde troepen. Hij spreekt Johann August daarom aan op de slechte staat van zijn troepen en eist een financi\u00eble afrekening. Als hij niets hoort zegt de arrogante Stenbock misprijzend dat hij blijkbaar liever een lakei van de koning dan een goed generaal-majoor is. Dit keer komt er wel een reactie van Johann August: \u201c<i>Ik ben geen luitenant-generaal, maar wel generaal-majoor, en wat vandaag niet is kan morgen zijn.<\/i>\u201d <span style=\"color: #0000ff;\"><a style=\"color: #0000ff;\" href=\"#voetnoot\">(8)<\/a><\/span> De zaak zou verder uit de hand zijn gelopen, doordat de opvliegerige Von Meijerfeldt in het zicht van zijn regiment Stenbock een vuistslag geeft ofwel zijn vuisten tegen hem opheft. <span style=\"color: #0000ff;\"><a style=\"color: #0000ff;\" href=\"#voetnoot\">(9) <\/a><\/span><\/span><span style=\"color: #000000;\">Stenbock brengt de zaak voor de Krijgsraad. Na het afnemen van de getuigenverhoren laat Stenbock\u00a0 overal horen dat Von Meijerfeldt een veroordeling gaat krijgen en verdere promotie kan vergeten. Tot zijn grote ongenoegen gelast de Krijgsraad het spektakel op instigatie van de koning af en hoort hij voor het eerst van de verheffing van zijn vijand tot baron. Karel XII acht zijn twee favoriete generaals te belangrijk om \u00e9\u00e9n van hen te moeten missen. Daarmee is ook deze kwestie be\u00ebindigd, hoewel bij Stenbock een doorn blijft steken. <a href=\"#voetnoot\"><span style=\"color: #0000ff;\">(10)<\/span><\/a><\/span><\/p>\n<p style=\"text-align: justify;\">Johann August moet de afrekening nog wel voltooien. In een brief van 23 maart 1706 vraagt hij aan het bestuur van Danzig om een berekening van wat hij uit de landerijen heeft gehaald. Daar is een jaar voor nodig, want hij ontvangt pas op 25 januari 1707 een <span class=\"s6\">\u201c<i>Attestation wegen der Meijerfeldtschen Contribution\u00a0(von 1705)\u201d<\/i>. De inwoners van de Danziger Werder betaalden 52.<\/span><span class=\"s6\">716 gulden (50 gulden per Hufe). De dorpen op de Nehrung en Scharpau die geen inkwartiering kregen \u00a0moesten zich met 72 gulden per Hufe vrijkopen<\/span><span class=\"s6\">\u00a0(Nehrung 19.430 gulden, Scharpau 16.317 gulden). Door nog enkele extra bedragen en de betalingen in natura kwam het bedrag boven 100.000 gulden. <span style=\"color: #0000ff;\"><a style=\"color: #0000ff;\" href=\"#voetnoot\">(11)<\/a><\/span><\/span><\/p>\n<p style=\"text-align: justify;\"><span style=\"color: #000000;\">Eind augustus 1705 marcheert Johann August met zijn regiment en die van Stenbock, D\u00fccker en Taube snel naar Warschau om de kroning van Stanislaus bij te wonen. Vooral door de Zweedse veldtocht door Polen was er geleidelijk een meerderheid voor hem ontstaan en de Paus had zijn dreigement om bisschoppen in de ban te doen ingetrokken. Onderweg terug naar Danzig om de kardinaal-primaat konvooi te geven hoort Johann August dat de uitnodiging weer afgeslagen is. Hij gaat naar Thorn, waar de bisschop van Lemberg zich op zijn landgoederen in het bos verborgen houdt, en vertelt hem dat de problemen tot het verleden behoren. Samen reizen zij naar Warschau, waar Stanislaus de bischop vraagt hem namens de kardinaal-primaat te kronen. <span style=\"color: #0000ff;\"><a style=\"color: #0000ff;\" href=\"https:\/\/meijenfeldt.nl\/?page_id=134#voetnoot\">(12)<\/a><\/span>\u00a0De schitterende kroningsplechtigheid vindt op 24 september 1705 plaats. Kort daarna wordt een vredesakkoord tussen Zweden en Polen gesloten.<\/span><\/p>\n<p style=\"text-align: justify;\"><span style=\"color: #000000;\">Johann August bevindt zich al die tijd met zijn 1000 man sterke regiment bij de koning in de stad Blonie, 35 km ten westen van Warschau. Net als het hele Zweedse leger en de koning brengt hij de winter op het open veld door. Waarschijnlijk heeft Karel XII dan al het idee om te breken met de code om in de zomer en de herfst oorlog te voeren en in de winter en het voorjaar rust te houden. Dat blijkt als hij op 29 december opdracht geeft in oostelijk richting naar Litouwen op te trekken. Direct blijkt het grote voordeel van een winterveldtocht, namelijk de snelheid van marcheren over bevroren moerassen en besneeuwde vlakten.<a id=\"voetnoot\"><\/a><\/span><\/p>\n<p style=\"text-align: center;\"><span style=\"font-size: 10pt; color: #000000;\"><span style=\"color: #0000ff;\"><a style=\"color: #0000ff;\" href=\"https:\/\/meijenfeldt.nl\/?page_id=21439\">Terug<\/a><\/span>\u00a0 \u00a0***\u00a0 \u00a0<span style=\"color: #0000ff;\"><a style=\"color: #0000ff;\" href=\"https:\/\/meijenfeldt.nl\/?page_id=134\">Verder<\/a><\/span><\/span><\/p>\n<p style=\"text-align: justify;\"><span style=\"color: #000000; font-size: 10pt;\">1. Post=Tijeder,<span style=\"color: #0000ff;\"> <a style=\"color: #0000ff;\" href=\"https:\/\/tidningar.kb.se\/2979645\/1705-02-07\/edition\/145134\/part\/1\/page\/6\/?q=%20meijerfelts\">27-02-1705<\/a><\/span>.<\/span><br \/>\n<span style=\"color: #000000; font-size: 10pt;\">2. A.J. <span style=\"color: #0000ff;\"><a style=\"color: #0000ff;\" href=\"https:\/\/meijenfeldt.nl\/?page_id=17286\">Veenendaal<\/a><\/span>, \u201cDe briefwisseling van Anthonie Heinsius 1702 \u2013 1720\u201d, Rijks Geschiedkundige Publicati\u00ebn\u201c, Den Haag 1981. Post=Tijeder, <a style=\"color: #000000;\" href=\"https:\/\/tidningar.kb.se\/2979645\/1705-08-08\/edition\/145134\/part\/1\/page\/4\/?q=%20meijerfelt\"><span style=\"color: #0000ff;\">08-08-1705<\/span>.<\/a><br \/>\n<\/span><span style=\"color: #000000; font-size: 10pt;\">3. I. Le Long,\u00a0<\/span><span style=\"color: #000000; font-size: 13.3333px;\">\u201cHet leven van den heldhaften Carel den XIIden, Koning der Sweden\u201d, Amsterdam 1721, deel 3,<\/span><span style=\"font-size: 10pt; color: #0000ff;\"> <a style=\"color: #0000ff;\" href=\"https:\/\/meijenfeldt.nl\/?page_id=9234\">pag. 422<\/a><\/span><span style=\"color: #000000; font-size: 10pt;\">.<br \/>\n<\/span><span style=\"color: #000000; font-size: 10pt;\">4. <a href=\"https:\/\/meijenfeldt.nl\/?page_id=54227\"><span style=\"color: #0000ff;\">Frijherre Bref <\/span><\/a>f\u00f6r General Major Johan August Mejerfeldt, Rawicz 12 juli 1705.<br \/>\n<\/span><span style=\"font-size: 10pt; color: #000000;\">5. Verslag in brief van de secretaris van Lewenhaupt aan Johann August in Dirschau, twee maanden na de veldslag afgedrukt in de Haagse krant &#8220;The Present State of Europe of the Historical and Political Monthly Mercury&#8221;,<span style=\"color: #0000ff;\"> <a style=\"color: #0000ff;\" href=\"https:\/\/babel.hathitrust.org\/cgi\/pt?id=inu.30000108650338&amp;view=1up&amp;seq=342&amp;q1=meyerfelt\">pag. 336<\/a><\/span>.<br \/>\n6. <span class=\"s2\">H. Saarinen,\u00a0<\/span><\/span><span class=\"s2\" style=\"color: #000000; font-size: 13.3333px;\">\u201cDanzig und Karl XII. im Nordischen Krieg\u201d, in \u201cB\u00fcrgerstadt und absoluter Kriegsherr\u201d,<\/span><span class=\"s2\" style=\"color: #000000; font-size: 13.3333px;\">\u00a0Helsinki 1996,<\/span><span class=\"s2\" style=\"color: #0000ff; font-size: 10pt;\"> <a style=\"color: #0000ff;\" href=\"https:\/\/meijenfeldt.nl\/?page_id=17324\">pag. 276-278<\/a><\/span><span class=\"s2\" style=\"color: #000000; font-size: 10pt;\">.<br \/>\n<\/span><span style=\"color: #000000; font-size: 10pt;\">7. E. Carlson, <\/span><span style=\"color: #000000; font-size: 13.3333px;\">\u201cDie eigenh\u00e4ndige briefe K\u00f6nig Karls XII.\u201d, Berlin 1894, <\/span><span style=\"font-size: 10pt; color: #0000ff;\"><a style=\"color: #0000ff;\" href=\"https:\/\/books.google.nl\/books?id=U4ddDwAAQBAJ&amp;printsec=frontcover&amp;dq=Carlson,+%E2%80%9CDie+eigenh%C3%A4ndige+briefe+K%C3%B6nig+Karls+XII&amp;hl=en&amp;sa=X&amp;ved=0ahUKEwjtlbDQg_zdAhVMKFAKHfemCGsQ6AEIDDAA#v=onepage&amp;q=Carlson%2C%20%E2%80%9CDie%20eigenh%C3%A4ndige%20briefe%20K%C3%B6nig%20Karls%20XII&amp;f=false\">pag. 331<\/a><\/span><span style=\"color: #000000; font-size: 10pt;\">. Brief van 28 juli 1705 van de secretaris van Lewenhaupt aan Johann August in &#8220;Europese Mercurius&#8221;, deel 16:2, <span style=\"color: #0000ff;\"><a style=\"color: #0000ff;\" href=\"https:\/\/books.google.nl\/books?id=4NE1AAAAMAAJ&amp;pg=PA336&amp;dq=meyerfelt&amp;hl=nl&amp;sa=X&amp;ved=2ahUKEwjq2_X6u5X1AhUAh_0HHa48B2YQ6AF6BAgKEAI#v=onepage&amp;q=meyerfelt&amp;f=false\">pag. 336-337<\/a><\/span>.<br \/>\n<\/span><span style=\"color: #000000;\"><span style=\"font-size: 10pt;\">8. <\/span><span class=\"s1\" style=\"font-size: 10pt;\">C. Annerstedt,\u00a0<\/span><span style=\"font-size: 13.3333px;\"> \u201cF\u00e4ltmarskalken grefve Magnus Stenbock minnesanteckningar\u201d, Svenska<\/span><span class=\"Apple-converted-space\" style=\"font-size: 13.3333px;\">\u00a0\u00a0<\/span><span style=\"font-size: 13.3333px;\">Akademiens Handlingar\u201d, deel 20, 1905, <\/span><\/span><span style=\"font-size: 10pt; color: #0000ff;\"><a style=\"color: #0000ff;\" href=\"https:\/\/meijenfeldt.nl\/?page_id=55907\">pag. 105<\/a>.<br \/>\n<\/span><span style=\"color: #000000;\"><span style=\"font-size: 10pt;\"><span style=\"color: #000000;\">9. C.G. Grimberg, &#8220;Svenska folkets underbara o\u0308den&#8221;, deel 5, Stockholm 1916,<\/span> <span style=\"color: #0000ff;\"><a style=\"color: #0000ff;\" href=\"https:\/\/archive.org\/details\/svenskafolketsu00grimgoog\/page\/n44\/mode\/2up?q=meijerfeldt\">pag. 38<\/a><\/span>.<br \/>\n10. Riksarkivet, 1112.1 <\/span><\/span><span style=\"color: #000000;\"><span style=\"font-size: 10pt;\"><span style=\"font-size: 10pt; color: #000000;\">Riksregistraturet<\/span><\/span><\/span><span style=\"color: #000000;\"><span style=\"font-size: 10pt;\"><span style=\"font-size: 10pt; color: #000000;\">, B\/639, <\/span><span style=\"color: #0000ff;\"><a style=\"color: #0000ff;\" href=\"https:\/\/sok.riksarkivet.se\/bildvisning\/A0039134_00028#?c=&amp;m=&amp;s=&amp;cv=27&amp;xywh=2164%2C371%2C3337%2C1722\">folio 610-610v<\/a><\/span>. M<b>. <\/b>Stenbock, <\/span><span style=\"font-size: 13.3333px;\">&#8220;Bilagor till Stenbocks journal&#8221;, Karolinska Krigares Dagb\u00f6cker j\u00e4mte andra samtidiga skrifter, deel 12, Lund 1918, <\/span><\/span><span style=\"font-size: 10pt; color: #0000ff;\"><a style=\"color: #0000ff;\" href=\"http:\/\/runeberg.org\/karolikrig\/12\/0350.html\">pag. 273-280<\/a><\/span><span style=\"color: #000000; font-size: 10pt;\">. A. <\/span><a style=\"font-size: 10pt; color: #000000;\" href=\"https:\/\/books.google.nl\/books?id=_n5uBgAAQBAJ&amp;pg=PT154&amp;dq=meijerfeldt&amp;hl=sv&amp;sa=X&amp;ved=0ahUKEwiRrZCTnNDhAhURfFAKHdjrB3cQ6AEIPTAE#v=onepage&amp;q=meijerfeldt&amp;f=false\"><span style=\"color: #0000ff;\">Marklund<\/span><\/a><span style=\"color: #000000; font-size: 10pt;\">, \u201cStenbock. \u00c4ra och ensamhet i Karl XII:s tid\u201d, Lund 2008.<br \/>\n<\/span><span style=\"font-size: 10pt;\"><span style=\"color: #000000;\">11. H. Saarinen<\/span>, <span style=\"color: #0000ff;\"><a style=\"color: #0000ff;\" href=\"https:\/\/meijenfeldt.nl\/?page_id=17324\">pag. 276 e.v., noot 154<\/a><\/span>.<br \/>\n12. Riksarkivet Sverige, 1112.1. Riksregistraturet 1523-1718, B\/671, <span style=\"color: #0000ff;\"><a style=\"color: #0000ff;\" href=\"https:\/\/sok.riksarkivet.se\/bildvisning\/A0039166_00156#?c=&amp;m=&amp;s=&amp;cv=155&amp;xywh=-843%2C-30%2C5998%2C3126\">folio 151<\/a><\/span>, \u201c<em>Grefwe Bref f\u00f6r K: R\u00e5det, Generalen och Gen: Gouverneuren, Johan August Meijerfeldt<\/em>. dat. Demotica d. 3 Martij 1714.<br \/>\n<\/span><\/p>\n","protected":false},"excerpt":{"rendered":"<p>Carl Friedrich von Meijerfeldt verliest op 28 februari 1705 zijn regimentschef Von Campenhausen, die op 65-jarige leeftijd in Riga overlijdt. Hij gaat een tijd lang zelf het commando voeren omdat generaal Lewenhaupt niet meteen een vervanger benoemt. Pas op 14 juni 1706 zal het bevel overgaan op kolonel Eric G\u00f6ran von Vitinghoff. Zijn broer Johann &hellip; <a href=\"https:\/\/meijenfeldt.nl\/?page_id=17374\" class=\"more-link\">Verder lezen <span class=\"screen-reader-text\">1.4.6. Danzig &#038; baron<\/span><\/a><\/p>\n","protected":false},"author":1,"featured_media":0,"parent":0,"menu_order":0,"comment_status":"closed","ping_status":"closed","template":"","meta":{"footnotes":""},"class_list":["post-17374","page","type-page","status-publish","hentry"],"_links":{"self":[{"href":"https:\/\/meijenfeldt.nl\/index.php?rest_route=\/wp\/v2\/pages\/17374","targetHints":{"allow":["GET"]}}],"collection":[{"href":"https:\/\/meijenfeldt.nl\/index.php?rest_route=\/wp\/v2\/pages"}],"about":[{"href":"https:\/\/meijenfeldt.nl\/index.php?rest_route=\/wp\/v2\/types\/page"}],"author":[{"embeddable":true,"href":"https:\/\/meijenfeldt.nl\/index.php?rest_route=\/wp\/v2\/users\/1"}],"replies":[{"embeddable":true,"href":"https:\/\/meijenfeldt.nl\/index.php?rest_route=%2Fwp%2Fv2%2Fcomments&post=17374"}],"version-history":[{"count":91,"href":"https:\/\/meijenfeldt.nl\/index.php?rest_route=\/wp\/v2\/pages\/17374\/revisions"}],"predecessor-version":[{"id":65783,"href":"https:\/\/meijenfeldt.nl\/index.php?rest_route=\/wp\/v2\/pages\/17374\/revisions\/65783"}],"wp:attachment":[{"href":"https:\/\/meijenfeldt.nl\/index.php?rest_route=%2Fwp%2Fv2%2Fmedia&parent=17374"}],"curies":[{"name":"wp","href":"https:\/\/api.w.org\/{rel}","templated":true}]}}