{"id":1420,"date":"2016-12-17T15:40:59","date_gmt":"2016-12-17T15:40:59","guid":{"rendered":"http:\/\/celinevonmeijenfeldt.nl\/?page_id=1420"},"modified":"2025-12-24T10:16:35","modified_gmt":"2025-12-24T10:16:35","slug":"2-3-1-een-eigen-huis","status":"publish","type":"page","link":"https:\/\/meijenfeldt.nl\/?page_id=1420","title":{"rendered":"2.3.3. Een eigen huis"},"content":{"rendered":"<p style=\"text-align: justify;\"><span style=\"color: #000000;\">Op 13 april 1815 &#8216;s-morgens om negen uur ziet <span style=\"color: #0000ff;\"><a style=\"color: #0000ff;\" href=\"https:\/\/meijenfeldt.nl\/?page_id=40418#documenten\">Carl<\/a><\/span> von Meijenfeldt het levenslicht. Het is het vijfde kind en de derde zoon van de stamvader. Bij de bevalling helpt vroedvrouw Cornelia de Bodt, die ook voor de aangifte op het stadhuis zorgt. Dat is wel zo gemakkelijk, maar doordat zij twee dagen later van een heleboel geboorten tegelijk aangifte doet sluipen er onnauwkeurigheden in. Zo noemt zij huis L 296 (drie huizen verderop in de Banketstraat) en sjouwer als beroep van de vader. <\/span><\/p>\n<p><img loading=\"lazy\" decoding=\"async\" class=\" wp-image-60843 aligncenter\" src=\"https:\/\/meijenfeldt.nl\/wp-content\/uploads\/2023\/11\/1815-Doopaangifte-Carl-300x237.jpg\" alt=\"\" width=\"458\" height=\"362\" srcset=\"https:\/\/meijenfeldt.nl\/wp-content\/uploads\/2023\/11\/1815-Doopaangifte-Carl-300x237.jpg 300w, https:\/\/meijenfeldt.nl\/wp-content\/uploads\/2023\/11\/1815-Doopaangifte-Carl-1024x810.jpg 1024w, https:\/\/meijenfeldt.nl\/wp-content\/uploads\/2023\/11\/1815-Doopaangifte-Carl-768x608.jpg 768w, https:\/\/meijenfeldt.nl\/wp-content\/uploads\/2023\/11\/1815-Doopaangifte-Carl-1536x1215.jpg 1536w, https:\/\/meijenfeldt.nl\/wp-content\/uploads\/2023\/11\/1815-Doopaangifte-Carl-2048x1620.jpg 2048w\" sizes=\"auto, (max-width: 458px) 100vw, 458px\" \/><\/p>\n<p style=\"text-align: justify;\"><span style=\"color: #000000;\">Op 17 april is de doop van Carl in de Lutherse kerk aan de Wolfshoek\u00a0<\/span><span style=\"color: #000000;\">door dominee Sander. De getuigen zijn Juliana von Meijenfeldt gehuwd Thielo en Friedrich Thielo<\/span><span style=\"color: #000000;\">. <\/span><span style=\"color: #0000ff;\"><a style=\"color: #0000ff;\" href=\"#voetnoot\">(1)<\/a><\/span><\/p>\n<p style=\"text-align: justify;\"><span style=\"color: #000000;\">Carl komt in een tijd van grote verandering ter wereld. Het Koninkrijk der Nederlanden bestaat feitelijk net een maand, maar Napoleon is uit zijn ballingschap op Elba ontsnapt. Het kost tienduizenden militaire levens om hem definitief te verslaan. Kroonprins Willem II vervult daarbij op 16 juni bij Quatre-Bas en 18 juni bij Waterloo \u00e9\u00e9n van de hoofdrollen en reist in 1816 naar de Russische <\/span><span style=\"color: #000000;\">tsaar Alexander I in<\/span><span style=\"color: #000000;\">\u00a0<\/span><span style=\"color: #000000;\">St. Petersburg om met diens jongste zus <\/span><span style=\"color: #000000;\">Anna Paulowna <\/span><span style=\"color: #000000;\">te trouwen<\/span><span style=\"color: #000000;\">. Veel koloni\u00ebn in Oost- en West-Indi\u00eb komen terug in Nederlandse handen. De koning brengt een bezoek aan Cura\u00e7ao in gezelschap van Kikkert, die zijn gezin eindelijk terugziet en tot gouverneur wordt benoemd. Hij is degene die een jaar later het decreet uitvaardigt alle huizen in pastelkleuren te schilderen, omdat een arts denkt dat de weerkaatsing van de felle zon tegen witte muren de oorzaak van de vele oogproblemen is.\u00a0 \u00a0\u00a0 <\/span><\/p>\n<p style=\"text-align: justify;\"><span style=\"color: #000000;\">Aan de binnenlandse revolutionaire geest en geweldloze staatsgrepen sinds 1795 komt een einde. Van een restauratie naar de situatie daarv\u00f3\u00f3r is zeker geen sprake. Koning Willem I handhaaft de <\/span><span style=\"color: #000000;\">centralistische en autocratische leiding van <\/span><span style=\"color: #000000;\">zijn Franse voorganger.\u00a0<\/span><span style=\"color: #000000;\">De Grondwet van 1814 en van 1815 bevestigen dat alle<\/span><span style=\"color: #000000;\"> persoon en goederen <\/span><span style=\"color: #000000;\">op het grondgebied van het Rijk nog steeds in gelijke mate worden beschermd. Ingezetenen krijgen wel meer rechten dan vreemdelingen. Een ingezetene is iemand die binnen het Rijk uit daarbinnen gevestigde ouders geboren is. De betekent dat Cato en haar <\/span><span style=\"color: #000000;\">kinderen <\/span><span style=\"color: #000000;\">Nederlands ingezetene worden en Johan August vreemdeling blijft, tenzij hij zich tot Nederlander laat naturaliseren. De kosten en moeite daarvan wegen niet op tegen het voor hem theoretische voordeel om te kunnen stemmen en gekozen te worden.<\/span><\/p>\n<p style=\"text-align: justify;\"><span style=\"color: #000000;\">Op 27 november 1816 koopt Johan August von Meijenfeldt een huis met schuur en erf. <\/span><span style=\"color: #000000;\">Het huis is &#8220;<em>hecht, sterk en welgelegen<\/em>&#8220;, zoals de beschrijving bij de latere verkoop luidt. Het vloeroppervlak van het huis is 38 m<\/span><sup><span style=\"color: #000000;\">2 <\/span><\/sup><span style=\"color: #000000;\">en van het\u00a0 totale perceel 150 m<\/span><sup><span style=\"color: #000000;\">2<\/span><\/sup><span style=\"color: #000000;\">. Het huis heeft nummer 66 aan de Oostsingel, het verlengde van de Goudsche Singel langs de stadsvest. Het ligt tegenover de Goudsche Poort in wijk N, formeel in het ambacht Rubroek.<\/span><\/p>\n<table style=\"border-collapse: collapse; width: 100%; height: 326px;\">\n<tbody>\n<tr style=\"height: 326px;\">\n<td style=\"width: 50%; vertical-align: top; text-align: center; height: 326px;\"><img loading=\"lazy\" decoding=\"async\" class=\"size-medium wp-image-68413 alignnone\" src=\"https:\/\/meijenfeldt.nl\/wp-content\/uploads\/2024\/12\/1800-Munro-300x300.png\" alt=\"\" width=\"300\" height=\"300\" srcset=\"https:\/\/meijenfeldt.nl\/wp-content\/uploads\/2024\/12\/1800-Munro-300x300.png 300w, https:\/\/meijenfeldt.nl\/wp-content\/uploads\/2024\/12\/1800-Munro-150x150.png 150w, https:\/\/meijenfeldt.nl\/wp-content\/uploads\/2024\/12\/1800-Munro.png 577w\" sizes=\"auto, (max-width: 300px) 100vw, 300px\" \/><span style=\"font-family: georgia, palatino, serif; font-size: 10pt; color: #000000;\"><em>Nieuwe platte grond der stad Rotterdam gelegen aan de rivieren Maas en Rotte<br \/>\n<\/em><span style=\"font-size: 8pt;\">A. Munro 1796-1797<\/span><\/span><\/td>\n<td style=\"width: 50%; height: 326px; text-align: center; vertical-align: top;\"><img loading=\"lazy\" decoding=\"async\" class=\"wp-image-68327 alignnone\" style=\"text-align: center;\" src=\"https:\/\/meijenfeldt.nl\/wp-content\/uploads\/2024\/11\/1839-Oostsingel-N-66g-300x300.jpg\" alt=\"\" width=\"282\" height=\"282\" srcset=\"https:\/\/meijenfeldt.nl\/wp-content\/uploads\/2024\/11\/1839-Oostsingel-N-66g-300x300.jpg 300w, https:\/\/meijenfeldt.nl\/wp-content\/uploads\/2024\/11\/1839-Oostsingel-N-66g-150x150.jpg 150w, https:\/\/meijenfeldt.nl\/wp-content\/uploads\/2024\/11\/1839-Oostsingel-N-66g.jpg 583w\" sizes=\"auto, (max-width: 282px) 100vw, 282px\" \/><span style=\"color: #000000;\"><i style=\"font-family: georgia, palatino, serif; font-size: 13.3333px; text-align: center;\">Platte grond der stad Rotterdam<br \/>\nvervaardigd volgens de kadastrale plans<br \/>\n<\/i><span style=\"font-size: 8pt;\">L.F. Temminck 1839<\/span><\/span><\/td>\n<\/tr>\n<\/tbody>\n<\/table>\n<p style=\"text-align: justify;\"><span style=\"color: #000000;\">Na zes jaar huren in de binnenstad en een dalend jaarinkomen is deze aankoop best verrassend. Het is goed verklaarbaar uit het <\/span><span style=\"color: #000000;\">bedrag dat h<\/span><span style=\"color: #000000;\">ij in 1806 uitleende aan <\/span><span style=\"color: #000000;\">het echtpaar <\/span><span style=\"color: #000000;\">Bosman-Brouwer. Omdat hun <\/span><span style=\"color: #000000;\">(<\/span><span style=\"color: #000000;\">schoon-)moeder Nieske van Dompselaar<\/span><span style=\"color: #000000;\"> o<\/span><span style=\"color: #000000;\">p 20 januari 1813 in Nijkerk stierf, betaalden zij hem de som van <em>f<\/em> 799 in twee helften i<\/span><span style=\"color: #000000;\">n 1814 en 1815 terug gekregen, vermeerderd met <\/span><span style=\"color: #000000;\">5% rente over de helft gedurende acht jaar is ongeveer <em>f<\/em> 140. In de notari\u00eble akte staat dat Johan August een <em>somma van twee honderd guldens hollandsch courant<\/em> betaalt. Dat lijkt erg weinig, zeker als bedacht wordt dat het huis twintig jaar later op het zesvoudige wordt getaxeerd en voor het tienvoudige verkocht.<\/span><\/p>\n<p style=\"text-align: justify;\"><span style=\"color: #000000;\">Johan August koopt het huis van Isaac Annokk\u00e9, die optreedt namens zijn vrouw Jacoba Wilhelmina Verdonk en schoonzuster Wilhelmina Petronella <\/span><span style=\"color: #000000;\">Verdonk<\/span><span style=\"color: #000000;\">. Zij hadden <\/span><span style=\"color: #000000;\">het<\/span> <span style=\"color: #000000;\">in 1808 ge\u00ebrfd<\/span><span style=\"color: #000000;\"> van hun moeder Geertruij Bakkers, die op haar beurt in 1800 de erfopvolger was van haar echtgenoot Willem Verdonk. De laatste had het op 23 juni 1779 gekocht uit de nalatenschap van Ary Danserweg. <\/span><span style=\"color: #0000ff;\"><a style=\"color: #0000ff;\" href=\"#voetnoot\">(2)<\/a><\/span><\/p>\n<p style=\"text-align: justify;\"><span style=\"color: #000000;\"><span data-olk-copy-source=\"MessageBody\">De notaris beschrijft deze rechtsverkrijging uitvoerig in de koopakte, teneinde vast te leggen dat de verkoper bevoegd is om te verkopen en dat de eigendom rechtsgeldig overgaat. Een kadaster waaruit de eigendom eenvoudig is af te lezen is nog niet ingevoerd. <\/span>N<\/span><span style=\"color: #000000;\">apoleon had daarmee wel een begin gemaakt en <\/span><span style=\"color: #000000;\">Willem I zet dat voort, maar allebei met een ander doel: grondbelasting heffen. Pas in 1832 wordt het Kadaster ingevoerd. De eigendom van Johan August blijkt dan <\/span><span style=\"color: #000000;\">in sectie E van d<\/span><span style=\"color: #000000;\">e gemeente Rotterdam te liggen en gaat uit twee percelen bestaan. Nummer 458 omvat huis, schuur en paden en nummer 457 het erf. <\/span><span style=\"color: #0000ff;\"><a style=\"color: #0000ff;\" href=\"#voetnoot\">(3)<\/a><\/span><\/p>\n<p style=\"text-align: center;\"><span style=\"font-family: georgia, palatino, serif; color: #000000;\"><em><span style=\"font-size: 10pt;\"><img loading=\"lazy\" decoding=\"async\" class=\"alignnone wp-image-68442\" src=\"https:\/\/meijenfeldt.nl\/wp-content\/uploads\/2024\/12\/1832-Kadaster-uitsnede-300x300.jpg\" alt=\"\" width=\"537\" height=\"537\" srcset=\"https:\/\/meijenfeldt.nl\/wp-content\/uploads\/2024\/12\/1832-Kadaster-uitsnede-300x300.jpg 300w, https:\/\/meijenfeldt.nl\/wp-content\/uploads\/2024\/12\/1832-Kadaster-uitsnede-150x150.jpg 150w, https:\/\/meijenfeldt.nl\/wp-content\/uploads\/2024\/12\/1832-Kadaster-uitsnede.jpg 625w\" sizes=\"auto, (max-width: 537px) 100vw, 537px\" \/><br \/>\nGoudschen of Oost Cingel N 66, geel omlijnd<br \/>\n<\/span><\/em><span style=\"font-size: 10pt;\"><span style=\"font-size: 8pt;\">Kadastrale kaart <\/span><\/span><span style=\"font-size: 8pt;\">Rotterdam 1830, Sectie E, nrs. 457 en 458<\/span><\/span><\/p>\n<p style=\"text-align: justify;\"><span style=\"color: #000000;\"><span style=\"color: #000000;\">Op de kaart staan de grenzen van de twee percelen precies ingetekend. Op perceel 458 zijn de twee opstallen ook getekend en rood gekleurd. Uit de bijbehorende tafels is de jaarlijkse \u00a0grondbelasting te herleiden tot <em style=\"color: #000000;\">f<\/em> 8. De percelen zijn alleen vanaf de Singel te bereiken via de <\/span><\/span><span style=\"color: #000000;\">Spinnekopsgang, <\/span><span style=\"color: #000000;\">een soort oprijlaan. Deze loopt over perceel 451 van<\/span><span style=\"color: #000000;\"> metselaar en pandjesbaas <\/span><span style=\"color: #000000;\">Johannes Thoolen <\/span><span style=\"color: #000000;\">en perceel 452 <\/span><span style=\"color: #000000;\">van <\/span><span style=\"color: #000000;\">schout te Nederweert A.W. Willers. Rondom de twee percelen liggen met de klok mee gerekend die van C. Welenhoek (later J. Heusdens), M. Verbrugge (later Ringlever-Lagemans en Blason), J. Wielander met tuinen aan de noordkant en <\/span><span style=\"color: #000000;\">Johanna Niessen, weduwe van P. Lovens, met uitgestrekte blekerijen over de sloot rechts. Het is zeer waarschijnlijk dat het gezin ter plaatse bijverdient met het bleken van wasgoed.<\/span><\/p>\n<p style=\"text-align: center;\"><span style=\"color: #000000; font-size: 10pt;\"><span style=\"color: #0000ff;\"><a id=\"voetnoot\"><\/a><a style=\"color: #0000ff;\" href=\"https:\/\/meijenfeldt.nl\/?page_id=68004\"><span style=\"font-size: 10pt;\">Terug<\/span><\/a><\/span><span style=\"font-size: 10pt;\">\u00a0\u00a0\u00a0***\u00a0 \u00a0<span style=\"color: #0000ff;\"><a style=\"color: #0000ff;\" href=\"https:\/\/meijenfeldt.nl\/?page_id=68028\">Verder<\/a><\/span><\/span><\/span><\/p>\n<p style=\"text-align: justify;\"><span style=\"font-size: 10pt;\"><span style=\"font-family: georgia, palatino, serif; color: #000000;\">1<\/span><span style=\"color: #000000;\"><span style=\"font-family: georgia, palatino, serif;\">. <span style=\"font-family: georgia, palatino, serif; font-size: 10pt;\">Geboorteakte 699, SR 999-01 <span style=\"color: #0000ff;\"><a style=\"color: #0000ff;\" href=\"https:\/\/stadsarchief.rotterdam.nl\/apps\/stadsarchief.nl\/_services\/ajax-proxy\/index.xml?mivast=184&amp;mizig=100&amp;miadt=184&amp;miaet=918&amp;micode=999-01-1815A&amp;minr=45321645&amp;milang=nl&amp;misort=last_mod|desc&amp;mip1=meijenfeldt&amp;mip3=carl&amp;miview=viewer2\">Fol A 141v<\/a><\/span>. Doopboek, SR 999-32, <span style=\"color: #0000ff;\"><a style=\"color: #0000ff;\" href=\"https:\/\/www.familysearch.org\/ark:\/61903\/3:1:3QS7-89QV-MWLQ?i=170&amp;wc=SMMP-MNR%3A345830301%2C345829402%2C345845201&amp;cc=2037907\">Ev-Luth 246<\/a><\/span>,\u00a0 <span style=\"color: #0000ff;\"><a style=\"color: #0000ff;\" href=\"https:\/\/www.familysearch.org\/ark:\/61903\/3:1:3QS7-L9QX-S9MT-W?i=20&amp;wc=SMMV-4WY%3A345830301%2C345829402%2C345830303&amp;cc=2037907\">Ev-Luth 238 index C<\/a><\/span>. Voor de doopgetuigen zie <span style=\"color: #0000ff;\"><a style=\"color: #0000ff;\" href=\"https:\/\/meijenfeldt.nl\/?page_id=30261\">Speurtocht<\/a><\/span>.<\/span><br \/>\n2. Koopcontract huis en erve aan de Goudschen Cingel even buiten Rotterdam N 66, Stadsarchief Rotterdam, Notarieel Archief 314, Inv 496, <span style=\"color: #0000ff;\"><a style=\"color: #0000ff;\" href=\"https:\/\/meijenfeldt.nl\/wp-content\/uploads\/2025\/08\/1816-11-27-Koopcontract.pdf\">fol 1224-1227<\/a><\/span>. Ari Danserweg is meester-metselaar,\u00a0 vanaf 1748 collecteur impost grove waren (ontvanger der indirecte belastingen op bouwmaterialen) en reetrekker (aanwijzer rooilijnen voor bouwwerken).<\/span><br \/>\n3. <\/span><\/span><span style=\"font-family: georgia, palatino, serif; font-size: 10pt;\"><span style=\"color: #000000;\">Kadastrale kaart 1811-1832, <span style=\"color: #000000;\">Rotterdam, Zuid-Holland, sectie E, <\/span>Minuutplan<\/span><span style=\"color: #0000ff;\"> <a style=\"color: #0000ff;\" href=\"https:\/\/beeldbank.cultureelerfgoed.nl\/rce-mediabank\/detail\/a772f5c4-94d7-11e5-b3d7-a310ca320046\/media\/d186b633-b424-8729-341d-6ae308c9e202?mode=detail&amp;view=horizontal&amp;q=min08176E*&amp;rows=1&amp;page=1&amp;sort=order_s_documentvolgorde%20asc\">blad 1<\/a><\/span><span style=\"color: #000000;\">, <\/span><span style=\"color: #000000;\">Oorspronkelijke Aanwijzende Tafel <\/span><span style=\"color: #0000ff;\"><a style=\"color: #0000ff;\" href=\"https:\/\/beeldbank.cultureelerfgoed.nl\/rce-mediabank\/detail\/ed31197e-94d7-11e5-b5ad-efab3a0fc8ae\/media\/8a32a3c1-22d4-aedc-0d8d-90ca27c5ad72?mode=detail&amp;view=horizontal&amp;q=oat08176E*&amp;rows=1&amp;page=15&amp;sort=order_s_documentvolgorde%20asc\">blad 14<\/a><\/span><span style=\"color: #000000;\">, zonder Suppletoire Aanwijzende Tafel nrs. 678 en 679, Kadastrale Legger en Bijbladen.<br \/>\n<\/span><\/span><\/p>\n","protected":false},"excerpt":{"rendered":"<p>Op 13 april 1815 &#8216;s-morgens om negen uur ziet Carl von Meijenfeldt het levenslicht. Het is het vijfde kind en de derde zoon van de stamvader. Bij de bevalling helpt vroedvrouw Cornelia de Bodt, die ook voor de aangifte op het stadhuis zorgt. Dat is wel zo gemakkelijk, maar doordat zij twee dagen later van &hellip; <a href=\"https:\/\/meijenfeldt.nl\/?page_id=1420\" class=\"more-link\">Verder lezen <span class=\"screen-reader-text\">2.3.3. Een eigen huis<\/span><\/a><\/p>\n","protected":false},"author":1,"featured_media":0,"parent":0,"menu_order":0,"comment_status":"closed","ping_status":"closed","template":"","meta":{"footnotes":""},"class_list":["post-1420","page","type-page","status-publish","hentry"],"_links":{"self":[{"href":"https:\/\/meijenfeldt.nl\/index.php?rest_route=\/wp\/v2\/pages\/1420","targetHints":{"allow":["GET"]}}],"collection":[{"href":"https:\/\/meijenfeldt.nl\/index.php?rest_route=\/wp\/v2\/pages"}],"about":[{"href":"https:\/\/meijenfeldt.nl\/index.php?rest_route=\/wp\/v2\/types\/page"}],"author":[{"embeddable":true,"href":"https:\/\/meijenfeldt.nl\/index.php?rest_route=\/wp\/v2\/users\/1"}],"replies":[{"embeddable":true,"href":"https:\/\/meijenfeldt.nl\/index.php?rest_route=%2Fwp%2Fv2%2Fcomments&post=1420"}],"version-history":[{"count":148,"href":"https:\/\/meijenfeldt.nl\/index.php?rest_route=\/wp\/v2\/pages\/1420\/revisions"}],"predecessor-version":[{"id":77237,"href":"https:\/\/meijenfeldt.nl\/index.php?rest_route=\/wp\/v2\/pages\/1420\/revisions\/77237"}],"wp:attachment":[{"href":"https:\/\/meijenfeldt.nl\/index.php?rest_route=%2Fwp%2Fv2%2Fmedia&parent=1420"}],"curies":[{"name":"wp","href":"https:\/\/api.w.org\/{rel}","templated":true}]}}